-- Table structure for table `zhy_content_frontpage`
--

CREATE TABLE `zhy_content_frontpage` (
  `content_id` int(11) NOT NULL DEFAULT 0,
  `ordering` int(11) NOT NULL DEFAULT 0,
  PRIMARY KEY (`content_id`)
) ENGINE=InnoDB DEFAULT CHARSET=utf8 COLLATE=utf8_general_ci;

--
-- Dumping data for table `zhy_content_frontpage`
--

INSERT INTO `zhy_content_frontpage` VALUES (1,3),(18,4),(52,5),(1094,1),(1164,2);

--
-- Table structure for table `zhy_content_rating`
--

CREATE TABLE `zhy_content_rating` (
  `content_id` int(11) NOT NULL DEFAULT 0,
  `rating_sum` int(10) unsigned NOT NULL DEFAULT 0,
  `rating_count` int(10) unsigned NOT NULL DEFAULT 0,
  `lastip` varchar(50) NOT NULL DEFAULT '',
  PRIMARY KEY (`content_id`)
) ENGINE=InnoDB DEFAULT CHARSET=utf8 COLLATE=utf8_general_ci;

--
-- Dumping data for table `zhy_content_rating`
--


--
-- Table structure for table `zhy_core_log_searches`
--

CREATE TABLE `zhy_core_log_searches` (
  `search_term` varchar(128) NOT NULL DEFAULT '',
  `hits` int(10) unsigned NOT NULL DEFAULT 0
) ENGINE=InnoDB DEFAULT CHARSET=utf8 COLLATE=utf8_general_ci;

--
-- Dumping data for table `zhy_core_log_searches`
--


--
-- Table structure for table `zhy_extensions`
--

CREATE TABLE `zhy_extensions` (
  `extension_id` int(11) NOT NULL AUTO_INCREMENT,
  `name` varchar(100) NOT NULL,
  `type` varchar(20) NOT NULL,
  `element` varchar(100) NOT NULL,
  `folder` varchar(100) NOT NULL,
  `client_id` tinyint(3) NOT NULL,
  `enabled` tinyint(3) NOT NULL DEFAULT 1,
  `access` int(10) unsigned NOT NULL DEFAULT 1,
  `protected` tinyint(3) NOT NULL DEFAULT 0,
  `manifest_cache` text NOT NULL,
  `params` text NOT NULL,
  `custom_data` text NOT NULL,
  `system_data` text NOT NULL,
  `checked_out` int(10) unsigned NOT NULL DEFAULT 0,
  `checked_out_time` datetime NOT NULL DEFAULT '0000-00-00 00:00:00',
  `ordering` int(11) DEFAULT 0,
  `state` int(11) DEFAULT 0,
  PRIMARY KEY (`extension_id`),
  KEY `element_clientid` (`element`,`client_id`),
  KEY `element_folder_clientid` (`element`,`folder`,`client_id`),
  KEY `extension` (`type`,`element`,`folder`,`client_id`)
) ENGINE=InnoDB AUTO_INCREMENT=10019 DEFAULT CHARSET=utf8 COLLATE=utf8_general_ci;

--
-- Dumping data for table `zhy_extensions`
--

INSERT INTO `zhy_extensions` VALUES (1,'com_mailto','component','com_mailto','',0,1,1,1,'{\"legacy\":false,\"name\":\"com_mailto\",\"type\":\"component\",\"creationDate\":\"April 2006\",\"author\":\"Joomla! Project\",\"copyright\":\"(C) 2005 - 2013 Open Source Matters. All rights reserved.\\t\",\"authorEmail\":\"admin@joomla.org\",\"authorUrl\":\"www.joomla.org\",\"version\":\"2.5.0\",\"description\":\"COM_MAILTO_XML_DESCRIPTION\",\"group\":\"\"}','','','',0,'0000-00-00 00:00:00',0,0),(2,'com_wrapper','component','com_wrapper','',0,1,1,1,'{\"legacy\":false,\"name\":\"com_wrapper\",\"type\":\"component\",\"creationDate\":\"April 2006\",\"author\":\"Joomla! Project\",\"copyright\":\"(C) 2005 - 2013 Open Source Matters. All rights reserved.\\n\\t\",\"authorEmail\":\"admin@joomla.org\",\"authorUrl\":\"www.joomla.org\",\"version\":\"2.5.0\",\"description\":\"COM_WRAPPER_XML_DESCRIPTION\",\"group\":\"\"}','','','',0,'0000-00-00 00:00:00',0,0),(3,'com_admin','component','com_admin','',1,1,1,1,'{\"legacy\":false,\"name\":\"com_admin\",\"type\":\"component\",\"creationDate\":\"April 2006\",\"author\":\"Joomla! Project\",\"copyright\":\"(C) 2005 - 2013 Open Source Matters. All rights reserved.\\n\\t\",\"authorEmail\":\"admin@joomla.org\",\"authorUrl\":\"www.joomla.org\",\"version\":\"2.5.0\",\"description\":\"COM_ADMIN_XML_DESCRIPTION\",\"group\":\"\"}','','','',0,'0000-00-00 00:00:00',0,0),(4,'com_banners','component','com_banners','',1,1,1,0,'{\"legacy\":false,\"name\":\"com_banners\",\"type\":\"component\",\"creationDate\":\"April 2006\",\"author\":\"Joomla! Project\",\"copyright\":\"(C) 2005 - 2013 Open Source Matters. All rights reserved.\\n\\t\",\"authorEmail\":\"admin@joomla.org\",\"authorUrl\":\"www.joomla.org\",\"version\":\"2.5.0\",\"description\":\"COM_BANNERS_XML_DESCRIPTION\",\"group\":\"\"}','{\"purchase_type\":\"3\",\"track_impressions\":\"0\",\"track_clicks\":\"0\",\"metakey_prefix\":\"\"}','','',0,'0000-00-00 00:00:00',0,0),(5,'com_cache','component','com_cache','',1,1,1,1,'{\"legacy\":false,\"name\":\"com_cache\",\"type\":\"component\",\"creationDate\":\"April 2006\",\"author\":\"Joomla! Project\",\"copyright\":\"(C) 2005 - 2013 Open Source Matters. All rights reserved.\\t\",\"authorEmail\":\"admin@joomla.org\",\"authorUrl\":\"www.joomla.org\",\"version\":\"2.5.0\",\"description\":\"COM_CACHE_XML_DESCRIPTION\",\"group\":\"\"}','','','',0,'0000-00-00 00:00:00',0,0),(6,'com_categories','component','com_categories','',1,1,1,1,'{\"legacy\":false,\"name\":\"com_categories\",\"type\":\"component\",\"creationDate\":\"December 2007\",\"author\":\"Joomla! Project\",\"copyright\":\"(C) 2005 - 2013 Open Source Matters. All rights reserved.\",\"authorEmail\":\"admin@joomla.org\",\"authorUrl\":\"www.joomla.org\",\"version\":\"2.5.0\",\"description\":\"COM_CATEGORIES_XML_DESCRIPTION\",\"group\":\"\"}','','','',0,'0000-00-00 00:00:00',0,0),(7,'com_checkin','component','com_checkin','',1,1,1,1,'{\"legacy\":false,\"name\":\"com_checkin\",\"type\":\"component\",\"creationDate\":\"Unknown\",\"author\":\"Joomla! Project\",\"copyright\":\"(C) 2005 - 2008 Open Source Matters. All rights reserved.\\n\\t\",\"authorEmail\":\"admin@joomla.org\",\"authorUrl\":\"www.joomla.org\",\"version\":\"2.5.0\",\"description\":\"COM_CHECKIN_XML_DESCRIPTION\",\"group\":\"\"}','','','',0,'0000-00-00 00:00:00',0,0),(8,'com_contact','component','com_contact','',1,1,1,0,'{\"legacy\":false,\"name\":\"com_contact\",\"type\":\"component\",\"creationDate\":\"April 2006\",\"author\":\"Joomla! Project\",\"copyright\":\"(C) 2005 - 2013 Open Source Matters. All rights reserved.\\n\\t\",\"authorEmail\":\"admin@joomla.org\",\"authorUrl\":\"www.joomla.org\",\"version\":\"2.5.0\",\"description\":\"COM_CONTACT_XML_DESCRIPTION\",\"group\":\"\"}','{\"show_contact_category\":\"hide\",\"show_contact_list\":\"0\",\"presentation_style\":\"sliders\",\"show_name\":\"1\",\"show_position\":\"1\",\"show_email\":\"0\",\"show_street_address\":\"1\",\"show_suburb\":\"1\",\"show_state\":\"1\",\"show_postcode\":\"1\",\"show_country\":\"1\",\"show_telephone\":\"1\",\"show_mobile\":\"1\",\"show_fax\":\"1\",\"show_webpage\":\"1\",\"show_misc\":\"1\",\"show_image\":\"1\",\"image\":\"\",\"allow_vcard\":\"0\",\"show_articles\":\"0\",\"show_profile\":\"0\",\"show_links\":\"0\",\"linka_name\":\"\",\"linkb_name\":\"\",\"linkc_name\":\"\",\"linkd_name\":\"\",\"linke_name\":\"\",\"contact_icons\":\"0\",\"icon_address\":\"\",\"icon_email\":\"\",\"icon_telephone\":\"\",\"icon_mobile\":\"\",\"icon_fax\":\"\",\"icon_misc\":\"\",\"show_headings\":\"1\",\"show_position_headings\":\"1\",\"show_email_headings\":\"0\",\"show_telephone_headings\":\"1\",\"show_mobile_headings\":\"0\",\"show_fax_headings\":\"0\",\"allow_vcard_headings\":\"0\",\"show_suburb_headings\":\"1\",\"show_state_headings\":\"1\",\"show_country_headings\":\"1\",\"show_email_form\":\"1\",\"show_email_copy\":\"1\",\"banned_email\":\"\",\"banned_subject\":\"\",\"banned_text\":\"\",\"validate_session\":\"1\",\"custom_reply\":\"0\",\"redirect\":\"\",\"show_category_crumb\":\"0\",\"metakey\":\"\",\"metadesc\":\"\",\"robots\":\"\",\"author\":\"\",\"rights\":\"\",\"xreference\":\"\"}','','',0,'0000-00-00 00:00:00',0,0),(9,'com_cpanel','component','com_cpanel','',1,1,1,1,'{\"legacy\":false,\"name\":\"com_cpanel\",\"type\":\"component\",\"creationDate\":\"April 2006\",\"author\":\"Joomla! Project\",\"copyright\":\"(C) 2005 - 2013 Open Source Matters. All rights reserved.\",\"authorEmail\":\"admin@joomla.org\",\"authorUrl\":\"www.joomla.org\",\"version\":\"2.5.0\",\"description\":\"COM_CPANEL_XML_DESCRIPTION\",\"group\":\"\"}','','','',0,'0000-00-00 00:00:00',0,0),(10,'com_installer','component','com_installer','',1,1,1,1,'{\"legacy\":false,\"name\":\"com_installer\",\"type\":\"component\",\"creationDate\":\"April 2006\",\"author\":\"Joomla! Project\",\"copyright\":\"(C) 2005 - 2013 Open Source Matters. All rights reserved.\\t\",\"authorEmail\":\"admin@joomla.org\",\"authorUrl\":\"www.joomla.org\",\"version\":\"2.5.0\",\"description\":\"COM_INSTALLER_XML_DESCRIPTION\",\"group\":\"\"}','{}','','',0,'0000-00-00 00:00:00',0,0),(11,'com_languages','component','com_languages','',1,1,1,1,'{\"legacy\":false,\"name\":\"com_languages\",\"type\":\"component\",\"creationDate\":\"2006\",\"author\":\"Joomla! Project\",\"copyright\":\"(C) 2005 - 2013 Open Source Matters. All rights reserved.\\n\\t\",\"authorEmail\":\"admin@joomla.org\",\"authorUrl\":\"www.joomla.org\",\"version\":\"2.5.0\",\"description\":\"COM_LANGUAGES_XML_DESCRIPTION\",\"group\":\"\"}','{\"administrator\":\"en-GB\",\"site\":\"en-GB\"}','','',0,'0000-00-00 00:00:00',0,0),(12,'com_login','component','com_login','',1,1,1,1,'{\"legacy\":false,\"name\":\"com_login\",\"type\":\"component\",\"creationDate\":\"April 2006\",\"author\":\"Joomla! Project\",\"copyright\":\"(C) 2005 - 2013 Open Source Matters. All rights reserved.\\t\",\"authorEmail\":\"admin@joomla.org\",\"authorUrl\":\"www.joomla.org\",\"version\":\"2.5.0\",\"description\":\"COM_LOGIN_XML_DESCRIPTION\",\"group\":\"\"}','','','',0,'0000-00-00 00:00:00',0,0),(13,'com_media','component','com_media','',1,1,0,1,'{\"legacy\":false,\"name\":\"com_media\",\"type\":\"component\",\"creationDate\":\"April 2006\",\"author\":\"Joomla! Project\",\"copyright\":\"(C) 2005 - 2013 Open Source Matters. All rights reserved.\\t\",\"authorEmail\":\"admin@joomla.org\",\"authorUrl\":\"www.joomla.org\",\"version\":\"2.5.0\",\"description\":\"COM_MEDIA_XML_DESCRIPTION\",\"group\":\"\"}','{\"upload_extensions\":\"bmp,csv,doc,gif,ico,jpg,jpeg,odg,odp,ods,odt,pdf,png,ppt,swf,txt,xcf,xls,BMP,CSV,DOC,GIF,ICO,JPG,JPEG,ODG,ODP,ODS,ODT,PDF,PNG,PPT,SWF,TXT,XCF,XLS\",\"upload_maxsize\":\"10\",\"file_path\":\"images\",\"image_path\":\"images\",\"restrict_uploads\":\"1\",\"allowed_media_usergroup\":\"3\",\"check_mime\":\"1\",\"image_extensions\":\"bmp,gif,jpg,png\",\"ignore_extensions\":\"\",\"upload_mime\":\"image\\/jpeg,image\\/gif,image\\/png,image\\/bmp,application\\/x-shockwave-flash,application\\/msword,application\\/excel,application\\/pdf,application\\/powerpoint,text\\/plain,application\\/x-zip\",\"upload_mime_illegal\":\"text\\/html\"}','','',0,'0000-00-00 00:00:00',0,0),(14,'com_menus','component','com_menus','',1,1,1,1,'{\"legacy\":false,\"name\":\"com_menus\",\"type\":\"component\",\"creationDate\":\"April 2006\",\"author\":\"Joomla! Project\",\"copyright\":\"(C) 2005 - 2013 Open Source Matters. All rights reserved.\\t\",\"authorEmail\":\"admin@joomla.org\",\"authorUrl\":\"www.joomla.org\",\"version\":\"2.5.0\",\"description\":\"COM_MENUS_XML_DESCRIPTION\",\"group\":\"\"}','{}','','',0,'0000-00-00 00:00:00',0,0),(15,'com_messages','component','com_messages','',1,1,1,1,'{\"legacy\":false,\"name\":\"com_messages\",\"type\":\"component\",\"creationDate\":\"April 2006\",\"author\":\"Joomla! Project\",\"copyright\":\"(C) 2005 - 2013 Open Source Matters. All rights reserved.\\t\",\"authorEmail\":\"admin@joomla.org\",\"authorUrl\":\"www.joomla.org\",\"version\":\"2.5.0\",\"description\":\"COM_MESSAGES_XML_DESCRIPTION\",\"group\":\"\"}','','','',0,'0000-00-00 00:00:00',0,0),(16,'com_modules','component','com_modules','',1,1,1,1,'{\"legacy\":false,\"name\":\"com_modules\",\"type\":\"component\",\"creationDate\":\"April 2006\",\"author\":\"Joomla! Project\",\"copyright\":\"(C) 2005 - 2013 Open Source Matters. All rights reserved.\\t\",\"authorEmail\":\"admin@joomla.org\",\"authorUrl\":\"www.joomla.org\",\"version\":\"2.5.0\",\"description\":\"COM_MODULES_XML_DESCRIPTION\",\"group\":\"\"}','{}','','',0,'0000-00-00 00:00:00',0,0),(17,'com_newsfeeds','component','com_newsfeeds','',1,1,1,0,'{\"legacy\":false,\"name\":\"com_newsfeeds\",\"type\":\"component\",\"creationDate\":\"April 2006\",\"author\":\"Joomla! Project\",\"copyright\":\"(C) 2005 - 2013 Open Source Matters. All rights reserved.\\t\",\"authorEmail\":\"admin@joomla.org\",\"authorUrl\":\"www.joomla.org\",\"version\":\"2.5.0\",\"description\":\"COM_NEWSFEEDS_XML_DESCRIPTION\",\"group\":\"\"}','{\"show_feed_image\":\"1\",\"show_feed_description\":\"1\",\"show_item_description\":\"1\",\"feed_word_count\":\"0\",\"show_headings\":\"1\",\"show_name\":\"1\",\"show_articles\":\"0\",\"show_link\":\"1\",\"show_description\":\"1\",\"show_description_image\":\"1\",\"display_num\":\"\",\"show_pagination_limit\":\"1\",\"show_pagination\":\"1\",\"show_pagination_results\":\"1\",\"show_cat_items\":\"1\"}','','',0,'0000-00-00 00:00:00',0,0),(18,'com_plugins','component','com_plugins','',1,1,1,1,'{\"legacy\":false,\"name\":\"com_plugins\",\"type\":\"component\",\"creationDate\":\"April 2006\",\"author\":\"Joomla! Project\",\"copyright\":\"(C) 2005 - 2013 Open Source Matters. All rights reserved.\\t\",\"authorEmail\":\"admin@joomla.org\",\"authorUrl\":\"www.joomla.org\",\"version\":\"2.5.0\",\"description\":\"COM_PLUGINS_XML_DESCRIPTION\",\"group\":\"\"}','{}','','',0,'0000-00-00 00:00:00',0,0),(19,'com_search','component','com_search','',1,1,1,1,'{\"legacy\":false,\"name\":\"com_search\",\"type\":\"component\",\"creationDate\":\"April 2006\",\"author\":\"Joomla! Project\",\"copyright\":\"(C) 2005 - 2013 Open Source Matters. All rights reserved.\\n\\t\",\"authorEmail\":\"admin@joomla.org\",\"authorUrl\":\"www.joomla.org\",\"version\":\"2.5.0\",\"description\":\"COM_SEARCH_XML_DESCRIPTION\",\"group\":\"\"}','{\"enabled\":\"0\",\"show_date\":\"1\"}','','',0,'0000-00-00 00:00:00',0,0),(20,'com_templates','component','com_templates','',1,1,1,1,'{\"legacy\":false,\"name\":\"com_templates\",\"type\":\"component\",\"creationDate\":\"April 2006\",\"author\":\"Joomla! Project\",\"copyright\":\"(C) 2005 - 2013 Open Source Matters. All rights reserved.\\t\",\"authorEmail\":\"admin@joomla.org\",\"authorUrl\":\"www.joomla.org\",\"version\":\"2.5.0\",\"description\":\"COM_TEMPLATES_XML_DESCRIPTION\",\"group\":\"\"}','{}','','',0,'0000-00-00 00:00:00',0,0),(21,'com_weblinks','component','com_weblinks','',1,1,1,0,'{\"legacy\":false,\"name\":\"com_weblinks\",\"type\":\"component\",\"creationDate\":\"April 2006\",\"author\":\"Joomla! Project\",\"copyright\":\"(C) 2005 - 2013 Open Source Matters. All rights reserved.\\n\\t\",\"authorEmail\":\"admin@joomla.org\",\"authorUrl\":\"www.joomla.org\",\"version\":\"2.5.0\",\"description\":\"COM_WEBLINKS_XML_DESCRIPTION\",\"group\":\"\"}','{\"show_comp_description\":\"1\",\"comp_description\":\"\",\"show_link_hits\":\"1\",\"show_link_description\":\"1\",\"show_other_cats\":\"0\",\"show_headings\":\"0\",\"show_numbers\":\"0\",\"show_report\":\"1\",\"count_clicks\":\"1\",\"target\":\"0\",\"link_icons\":\"\"}','','',0,'0000-00-00 00:00:00',0,0),(22,'com_content','component','com_content','',1,1,0,1,'{\"legacy\":false,\"name\":\"com_content\",\"type\":\"component\",\"creationDate\":\"April 2006\",\"author\":\"Joomla! Project\",\"copyright\":\"(C) 2005 - 2013 Open Source Matters. All rights reserved.\\t\",\"authorEmail\":\"admin@joomla.org\",\"authorUrl\":\"www.joomla.org\",\"version\":\"2.5.0\",\"description\":\"COM_CONTENT_XML_DESCRIPTION\",\"group\":\"\"}','{\"article_layout\":\"_:default\",\"show_title\":\"1\",\"link_titles\":\"1\",\"show_intro\":\"1\",\"show_category\":\"1\",\"link_category\":\"1\",\"show_parent_category\":\"0\",\"link_parent_category\":\"0\",\"show_author\":\"1\",\"link_author\":\"0\",\"show_create_date\":\"0\",\"show_modify_date\":\"0\",\"show_publish_date\":\"1\",\"show_item_navigation\":\"1\",\"show_vote\":\"0\",\"show_readmore\":\"1\",\"show_readmore_title\":\"1\",\"readmore_limit\":\"100\",\"show_icons\":\"1\",\"show_print_icon\":\"1\",\"show_email_icon\":\"1\",\"show_hits\":\"1\",\"show_noauth\":\"0\",\"show_publishing_options\":\"1\",\"show_article_options\":\"1\",\"show_urls_images_frontend\":\"0\",\"show_urls_images_backend\":\"1\",\"targeta\":0,\"targetb\":0,\"targetc\":0,\"float_intro\":\"left\",\"float_fulltext\":\"left\",\"category_layout\":\"_:blog\",\"show_category_title\":\"0\",\"show_description\":\"0\",\"show_description_image\":\"0\",\"maxLevel\":\"1\",\"show_empty_categories\":\"0\",\"show_no_articles\":\"1\",\"show_subcat_desc\":\"1\",\"show_cat_num_articles\":\"0\",\"show_base_description\":\"1\",\"maxLevelcat\":\"-1\",\"show_empty_categories_cat\":\"0\",\"show_subcat_desc_cat\":\"1\",\"show_cat_num_articles_cat\":\"1\",\"num_leading_articles\":\"1\",\"num_intro_articles\":\"4\",\"num_columns\":\"2\",\"num_links\":\"4\",\"multi_column_order\":\"0\",\"show_subcategory_content\":\"0\",\"show_pagination_limit\":\"1\",\"filter_field\":\"hide\",\"show_headings\":\"1\",\"list_show_date\":\"0\",\"date_format\":\"\",\"list_show_hits\":\"1\",\"list_show_author\":\"1\",\"orderby_pri\":\"order\",\"orderby_sec\":\"rdate\",\"order_date\":\"published\",\"show_pagination\":\"2\",\"show_pagination_results\":\"1\",\"show_feed_link\":\"1\",\"feed_summary\":\"0\"}','','',0,'0000-00-00 00:00:00',0,0),(23,'com_config','component','com_config','',1,1,0,1,'{\"legacy\":false,\"name\":\"com_config\",\"type\":\"component\",\"creationDate\":\"April 2006\",\"author\":\"Joomla! Project\",\"copyright\":\"(C) 2005 - 2013 Open Source Matters. All rights reserved.\\t\",\"authorEmail\":\"admin@joomla.org\",\"authorUrl\":\"www.joomla.org\",\"version\":\"2.5.0\",\"description\":\"COM_CONFIG_XML_DESCRIPTION\",\"group\":\"\"}','{\"filters\":{\"1\":{\"filter_type\":\"NH\",\"filter_tags\":\"\",\"filter_attributes\":\"\"},\"6\":{\"filter_type\":\"BL\",\"filter_tags\":\"\",\"filter_attributes\":\"\"},\"7\":{\"filter_type\":\"NONE\",\"filter_tags\":\"\",\"filter_attributes\":\"\"},\"2\":{\"filter_type\":\"NH\",\"filter_tags\":\"\",\"filter_attributes\":\"\"},\"3\":{\"filter_type\":\"BL\",\"filter_tags\":\"\",\"filter_attributes\":\"\"},\"4\":{\"filter_type\":\"BL\",\"filter_tags\":\"\",\"filter_attributes\":\"\"},\"5\":{\"filter_type\":\"BL\",\"filter_tags\":\"\",\"filter_attributes\":\"\"},\"10\":{\"filter_type\":\"BL\",\"filter_tags\":\"\",\"filter_attributes\":\"\"},\"12\":{\"filter_type\":\"BL\",\"filter_tags\":\"\",\"filter_attributes\":\"\"},\"8\":{\"filter_type\":\"NONE\",\"filter_tags\":\"\",\"filter_attributes\":\"\"}}}','','',0,'0000-00-00 00:00:00',0,0),(24,'com_redirect','component','com_redirect','',1,1,0,1,'{\"legacy\":false,\"name\":\"com_redirect\",\"type\":\"component\",\"creationDate\":\"April 2006\",\"author\":\"Joomla! Project\",\"copyright\":\"(C) 2005 - 2013 Open Source Matters. All rights reserved.\\t\",\"authorEmail\":\"admin@joomla.org\",\"authorUrl\":\"www.joomla.org\",\"version\":\"2.5.0\",\"description\":\"COM_REDIRECT_XML_DESCRIPTION\",\"group\":\"\"}','{}','','',0,'0000-00-00 00:00:00',0,0),(25,'com_users','component','com_users','',1,1,0,1,'{\"legacy\":false,\"name\":\"com_users\",\"type\":\"component\",\"creationDate\":\"April 2006\",\"author\":\"Joomla! Project\",\"copyright\":\"(C) 2005 - 2013 Open Source Matters. All rights reserved.\\t\",\"authorEmail\":\"admin@joomla.org\",\"authorUrl\":\"www.joomla.org\",\"version\":\"2.5.0\",\"description\":\"COM_USERS_XML_DESCRIPTION\",\"group\":\"\"}','{\"allowUserRegistration\":\"1\",\"new_usertype\":\"2\",\"guest_usergroup\":\"1\",\"sendpassword\":\"1\",\"useractivation\":\"2\",\"mail_to_admin\":\"1\",\"captcha\":\"\",\"frontend_userparams\":\"1\",\"site_language\":\"0\",\"change_login_name\":\"0\",\"reset_count\":\"10\",\"reset_time\":\"1\",\"mailSubjectPrefix\":\"\",\"mailBodySuffix\":\"\"}','','',0,'0000-00-00 00:00:00',0,0),(27,'com_finder','component','com_finder','',1,1,0,0,'{\"legacy\":false,\"name\":\"com_finder\",\"type\":\"component\",\"creationDate\":\"August 2011\",\"author\":\"Joomla! Project\",\"copyright\":\"(C) 2005 - 2013 Open Source Matters. All rights reserved.\",\"authorEmail\":\"admin@joomla.org\",\"authorUrl\":\"www.joomla.org\",\"version\":\"2.5.0\",\"description\":\"COM_FINDER_XML_DESCRIPTION\",\"group\":\"\"}','{\"show_description\":\"1\",\"description_length\":255,\"allow_empty_query\":\"0\",\"show_url\":\"1\",\"show_advanced\":\"1\",\"expand_advanced\":\"0\",\"show_date_filters\":\"0\",\"highlight_terms\":\"1\",\"opensearch_name\":\"\",\"opensearch_description\":\"\",\"batch_size\":\"50\",\"memory_table_limit\":30000,\"title_multiplier\":\"1.7\",\"text_multiplier\":\"0.7\",\"meta_multiplier\":\"1.2\",\"path_multiplier\":\"2.0\",\"misc_multiplier\":\"0.3\",\"stemmer\":\"snowball\"}','','',0,'0000-00-00 00:00:00',0,0),(28,'com_joomlaupdate','component','com_joomlaupdate','',1,1,0,1,'{\"legacy\":false,\"name\":\"com_joomlaupdate\",\"type\":\"component\",\"creationDate\":\"February 2012\",\"author\":\"Joomla! Project\",\"copyright\":\"(C) 2005 - 2013 Open Source Matters. All rights reserved.\\t\",\"authorEmail\":\"admin@joomla.org\",\"authorUrl\":\"www.joomla.org\",\"version\":\"2.5.0\",\"description\":\"COM_JOOMLAUPDATE_XML_DESCRIPTION\",\"group\":\"\"}','{}','','',0,'0000-00-00 00:00:00',0,0),(100,'PHPMailer','library','phpmailer','',0,1,1,1,'{\"legacy\":false,\"name\":\"PHPMailer\",\"type\":\"library\",\"creationDate\":\"2001\",\"author\":\"PHPMailer\",\"copyright\":\"(c) 2001-2003, Brent R. Matzelle, (c) 2004-2009, Andy Prevost. All Rights Reserved., (c) 2010-2011, Jim Jagielski. All Rights Reserved.\",\"authorEmail\":\"jimjag@gmail.com\",\"authorUrl\":\"https:\\/\\/code.google.com\\/a\\/apache-extras.org\\/p\\/phpmailer\\/\",\"version\":\"5.2\",\"description\":\"LIB_PHPMAILER_XML_DESCRIPTION\",\"group\":\"\"}','','','',0,'0000-00-00 00:00:00',0,0),(101,'SimplePie','library','simplepie','',0,1,1,1,'{\"legacy\":false,\"name\":\"SimplePie\",\"type\":\"library\",\"creationDate\":\"2004\",\"author\":\"SimplePie\",\"copyright\":\"Copyright (c) 2004-2009, Ryan Parman and Geoffrey Sneddon\",\"authorEmail\":\"\",\"authorUrl\":\"http:\\/\\/simplepie.org\\/\",\"version\":\"1.2\",\"description\":\"LIB_SIMPLEPIE_XML_DESCRIPTION\",\"group\":\"\"}','','','',0,'0000-00-00 00:00:00',0,0),(102,'phputf8','library','phputf8','',0,1,1,1,'{\"legacy\":false,\"name\":\"phputf8\",\"type\":\"library\",\"creationDate\":\"2006\",\"author\":\"Harry Fuecks\",\"copyright\":\"Copyright various authors\",\"authorEmail\":\"hfuecks@gmail.com\",\"authorUrl\":\"http:\\/\\/sourceforge.net\\/projects\\/phputf8\",\"version\":\"0.5\",\"description\":\"LIB_PHPUTF8_XML_DESCRIPTION\",\"group\":\"\"}','','','',0,'0000-00-00 00:00:00',0,0),(103,'Joomla! Platform','library','joomla','',0,1,1,1,'{\"legacy\":false,\"name\":\"Joomla! Platform\",\"type\":\"library\",\"creationDate\":\"2008\",\"author\":\"Joomla! Project\",\"copyright\":\"Copyright (C) 2005 - 2013 Open Source Matters. All rights reserved.\",\"authorEmail\":\"admin@joomla.org\",\"authorUrl\":\"http:\\/\\/www.joomla.org\",\"version\":\"11.4\",\"description\":\"LIB_JOOMLA_XML_DESCRIPTION\",\"group\":\"\"}','{}','','',0,'0000-00-00 00:00:00',0,0),(200,'mod_articles_archive','module','mod_articles_archive','',0,1,1,1,'{\"legacy\":false,\"name\":\"mod_articles_archive\",\"type\":\"module\",\"creationDate\":\"July 2006\",\"author\":\"Joomla! Project\",\"copyright\":\"Copyright (C) 2005 - 2013 Open Source Matters.\\n\\t\\tAll rights reserved.\",\"authorEmail\":\"admin@joomla.org\",\"authorUrl\":\"www.joomla.org\",\"version\":\"2.5.0\",\"description\":\"MOD_ARTICLES_ARCHIVE_XML_DESCRIPTION\",\"group\":\"\"}','','','',0,'0000-00-00 00:00:00',0,0),(201,'mod_articles_latest','module','mod_articles_latest','',0,1,1,1,'{\"legacy\":false,\"name\":\"mod_articles_latest\",\"type\":\"module\",\"creationDate\":\"July 2004\",\"author\":\"Joomla! Project\",\"copyright\":\"Copyright (C) 2005 - 2013 Open Source Matters. All rights reserved.\",\"authorEmail\":\"admin@joomla.org\",\"authorUrl\":\"www.joomla.org\",\"version\":\"2.5.0\",\"description\":\"MOD_LATEST_NEWS_XML_DESCRIPTION\",\"group\":\"\"}','','','',0,'0000-00-00 00:00:00',0,0),(202,'mod_articles_popular','module','mod_articles_popular','',0,1,1,0,'{\"legacy\":false,\"name\":\"mod_articles_popular\",\"type\":\"module\",\"creationDate\":\"July 2006\",\"author\":\"Joomla! Project\",\"copyright\":\"Copyright (C) 2005 - 2013 Open Source Matters. All rights reserved.\",\"authorEmail\":\"admin@joomla.org\",\"authorUrl\":\"www.joomla.org\",\"version\":\"2.5.0\",\"description\":\"MOD_POPULAR_XML_DESCRIPTION\",\"group\":\"\"}','','','',0,'0000-00-00 00:00:00',0,0),(203,'mod_banners','module','mod_banners','',0,1,1,0,'{\"legacy\":false,\"name\":\"mod_banners\",\"type\":\"module\",\"creationDate\":\"July 2006\",\"author\":\"Joomla! Project\",\"copyright\":\"Copyright (C) 2005 - 2013 Open Source Matters. All rights reserved.\",\"authorEmail\":\"admin@joomla.org\",\"authorUrl\":\"www.joomla.org\",\"version\":\"2.5.0\",\"description\":\"MOD_BANNERS_XML_DESCRIPTION\",\"group\":\"\"}','','','',0,'0000-00-00 00:00:00',0,0),(204,'mod_breadcrumbs','module','mod_breadcrumbs','',0,1,1,1,'{\"legacy\":false,\"name\":\"mod_breadcrumbs\",\"type\":\"module\",\"creationDate\":\"July 2006\",\"author\":\"Joomla! Project\",\"copyright\":\"Copyright (C) 2005 - 2013 Open Source Matters. All rights reserved.\",\"authorEmail\":\"admin@joomla.org\",\"authorUrl\":\"www.joomla.org\",\"version\":\"2.5.0\",\"description\":\"MOD_BREADCRUMBS_XML_DESCRIPTION\",\"group\":\"\"}','','','',0,'0000-00-00 00:00:00',0,0),(205,'mod_custom','module','mod_custom','',0,1,1,1,'{\"legacy\":false,\"name\":\"mod_custom\",\"type\":\"module\",\"creationDate\":\"July 2004\",\"author\":\"Joomla! Project\",\"copyright\":\"Copyright (C) 2005 - 2013 Open Source Matters. All rights reserved.\",\"authorEmail\":\"admin@joomla.org\",\"authorUrl\":\"www.joomla.org\",\"version\":\"2.5.0\",\"description\":\"MOD_CUSTOM_XML_DESCRIPTION\",\"group\":\"\"}','','','',0,'0000-00-00 00:00:00',0,0),(206,'mod_feed','module','mod_feed','',0,1,1,1,'{\"legacy\":false,\"name\":\"mod_feed\",\"type\":\"module\",\"creationDate\":\"July 2005\",\"author\":\"Joomla! Project\",\"copyright\":\"Copyright (C) 2005 - 2013 Open Source Matters. All rights reserved.\",\"authorEmail\":\"admin@joomla.org\",\"authorUrl\":\"www.joomla.org\",\"version\":\"2.5.0\",\"description\":\"MOD_FEED_XML_DESCRIPTION\",\"group\":\"\"}','','','',0,'0000-00-00 00:00:00',0,0),(207,'mod_footer','module','mod_footer','',0,1,1,1,'{\"legacy\":false,\"name\":\"mod_footer\",\"type\":\"module\",\"creationDate\":\"July 2006\",\"author\":\"Joomla! Project\",\"copyright\":\"Copyright (C) 2005 - 2013 Open Source Matters. All rights reserved.\",\"authorEmail\":\"admin@joomla.org\",\"authorUrl\":\"www.joomla.org\",\"version\":\"2.5.0\",\"description\":\"MOD_FOOTER_XML_DESCRIPTION\",\"group\":\"\"}','','','',0,'0000-00-00 00:00:00',0,0),(208,'mod_login','module','mod_login','',0,1,1,1,'{\"legacy\":false,\"name\":\"mod_login\",\"type\":\"module\",\"creationDate\":\"July 2006\",\"author\":\"Joomla! Project\",\"copyright\":\"Copyright (C) 2005 - 2013 Open Source Matters. All rights reserved.\",\"authorEmail\":\"admin@joomla.org\",\"authorUrl\":\"www.joomla.org\",\"version\":\"2.5.0\",\"description\":\"MOD_LOGIN_XML_DESCRIPTION\",\"group\":\"\"}','','','',0,'0000-00-00 00:00:00',0,0),(209,'mod_menu','module','mod_menu','',0,1,1,1,'{\"legacy\":false,\"name\":\"mod_menu\",\"type\":\"module\",\"creationDate\":\"July 2004\",\"author\":\"Joomla! Project\",\"copyright\":\"Copyright (C) 2005 - 2013 Open Source Matters. All rights reserved.\",\"authorEmail\":\"admin@joomla.org\",\"authorUrl\":\"www.joomla.org\",\"version\":\"2.5.0\",\"description\":\"MOD_MENU_XML_DESCRIPTION\",\"group\":\"\"}','','','',0,'0000-00-00 00:00:00',0,0),(210,'mod_articles_news','module','mod_articles_news','',0,1,1,0,'{\"legacy\":false,\"name\":\"mod_articles_news\",\"type\":\"module\",\"creationDate\":\"July 2006\",\"author\":\"Joomla! Project\",\"copyright\":\"Copyright (C) 2005 - 2013 Open Source Matters. All rights reserved.\",\"authorEmail\":\"admin@joomla.org\",\"authorUrl\":\"www.joomla.org\",\"version\":\"2.5.0\",\"description\":\"MOD_ARTICLES_NEWS_XML_DESCRIPTION\",\"group\":\"\"}','','','',0,'0000-00-00 00:00:00',0,0),(211,'mod_random_image','module','mod_random_image','',0,1,1,0,'{\"legacy\":false,\"name\":\"mod_random_image\",\"type\":\"module\",\"creationDate\":\"July 2006\",\"author\":\"Joomla! Project\",\"copyright\":\"Copyright (C) 2005 - 2013 Open Source Matters. All rights reserved.\",\"authorEmail\":\"admin@joomla.org\",\"authorUrl\":\"www.joomla.org\",\"version\":\"2.5.0\",\"description\":\"MOD_RANDOM_IMAGE_XML_DESCRIPTION\",\"group\":\"\"}','','','',0,'0000-00-00 00:00:00',0,0),(212,'mod_related_items','module','mod_related_items','',0,1,1,0,'{\"legacy\":false,\"name\":\"mod_related_items\",\"type\":\"module\",\"creationDate\":\"July 2004\",\"author\":\"Joomla! Project\",\"copyright\":\"Copyright (C) 2005 - 2013 Open Source Matters. All rights reserved.\",\"authorEmail\":\"admin@joomla.org\",\"authorUrl\":\"www.joomla.org\",\"version\":\"2.5.0\",\"description\":\"MOD_RELATED_XML_DESCRIPTION\",\"group\":\"\"}','','','',0,'0000-00-00 00:00:00',0,0),(213,'mod_search','module','mod_search','',0,1,1,0,'{\"legacy\":false,\"name\":\"mod_search\",\"type\":\"module\",\"creationDate\":\"July 2004\",\"author\":\"Joomla! Project\",\"copyright\":\"Copyright (C) 2005 - 2013 Open Source Matters. All rights reserved.\",\"authorEmail\":\"admin@joomla.org\",\"authorUrl\":\"www.joomla.org\",\"version\":\"2.5.0\",\"description\":\"MOD_SEARCH_XML_DESCRIPTION\",\"group\":\"\"}','','','',0,'0000-00-00 00:00:00',0,0),(214,'mod_stats','module','mod_stats','',0,1,1,0,'{\"legacy\":false,\"name\":\"mod_stats\",\"type\":\"module\",\"creationDate\":\"July 2004\",\"author\":\"Joomla! Project\",\"copyright\":\"Copyright (C) 2005 - 2013 Open Source Matters. All rights reserved.\",\"authorEmail\":\"admin@joomla.org\",\"authorUrl\":\"www.joomla.org\",\"version\":\"2.5.0\",\"description\":\"MOD_STATS_XML_DESCRIPTION\",\"group\":\"\"}','','','',0,'0000-00-00 00:00:00',0,0),(215,'mod_syndicate','module','mod_syndicate','',0,1,1,1,'{\"legacy\":false,\"name\":\"mod_syndicate\",\"type\":\"module\",\"creationDate\":\"May 2006\",\"author\":\"Joomla! Project\",\"copyright\":\"Copyright (C) 2005 - 2013 Open Source Matters. All rights reserved.\",\"authorEmail\":\"admin@joomla.org\",\"authorUrl\":\"www.joomla.org\",\"version\":\"2.5.0\",\"description\":\"MOD_SYNDICATE_XML_DESCRIPTION\",\"group\":\"\"}','','','',0,'0000-00-00 00:00:00',0,0),(216,'mod_users_latest','module','mod_users_latest','',0,1,1,1,'{\"legacy\":false,\"name\":\"mod_users_latest\",\"type\":\"module\",\"creationDate\":\"December 2009\",\"author\":\"Joomla! Project\",\"copyright\":\"Copyright (C) 2005 - 2013 Open Source Matters. All rights reserved.\",\"authorEmail\":\"admin@joomla.org\",\"authorUrl\":\"www.joomla.org\",\"version\":\"2.5.0\",\"description\":\"MOD_USERS_LATEST_XML_DESCRIPTION\",\"group\":\"\"}','','','',0,'0000-00-00 00:00:00',0,0),(217,'mod_weblinks','module','mod_weblinks','',0,1,1,0,'{\"legacy\":false,\"name\":\"mod_weblinks\",\"type\":\"module\",\"creationDate\":\"July 2009\",\"author\":\"Joomla! Project\",\"copyright\":\"Copyright (C) 2005 - 2013 Open Source Matters. All rights reserved.\",\"authorEmail\":\"admin@joomla.org\",\"authorUrl\":\"www.joomla.org\",\"version\":\"2.5.0\",\"description\":\"MOD_WEBLINKS_XML_DESCRIPTION\",\"group\":\"\"}','','','',0,'0000-00-00 00:00:00',0,0),(218,'mod_whosonline','module','mod_whosonline','',0,1,1,0,'{\"legacy\":false,\"name\":\"mod_whosonline\",\"type\":\"module\",\"creationDate\":\"July 2004\",\"author\":\"Joomla! Project\",\"copyright\":\"Copyright (C) 2005 - 2013 Open Source Matters. All rights reserved.\",\"authorEmail\":\"admin@joomla.org\",\"authorUrl\":\"www.joomla.org\",\"version\":\"2.5.0\",\"description\":\"MOD_WHOSONLINE_XML_DESCRIPTION\",\"group\":\"\"}','','','',0,'0000-00-00 00:00:00',0,0),(219,'mod_wrapper','module','mod_wrapper','',0,1,1,0,'{\"legacy\":false,\"name\":\"mod_wrapper\",\"type\":\"module\",\"creationDate\":\"October 2004\",\"author\":\"Joomla! Project\",\"copyright\":\"Copyright (C) 2005 - 2013 Open Source Matters. All rights reserved.\",\"authorEmail\":\"admin@joomla.org\",\"authorUrl\":\"www.joomla.org\",\"version\":\"2.5.0\",\"description\":\"MOD_WRAPPER_XML_DESCRIPTION\",\"group\":\"\"}','','','',0,'0000-00-00 00:00:00',0,0),(220,'mod_articles_category','module','mod_articles_category','',0,1,1,1,'{\"legacy\":false,\"name\":\"mod_articles_category\",\"type\":\"module\",\"creationDate\":\"February 2010\",\"author\":\"Joomla! Project\",\"copyright\":\"Copyright (C) 2005 - 2013 Open Source Matters. All rights reserved.\",\"authorEmail\":\"admin@joomla.org\",\"authorUrl\":\"www.joomla.org\",\"version\":\"2.5.0\",\"description\":\"MOD_ARTICLES_CATEGORY_XML_DESCRIPTION\",\"group\":\"\"}','','','',0,'0000-00-00 00:00:00',0,0),(221,'mod_articles_categories','module','mod_articles_categories','',0,1,1,1,'{\"legacy\":false,\"name\":\"mod_articles_categories\",\"type\":\"module\",\"creationDate\":\"February 2010\",\"author\":\"Joomla! Project\",\"copyright\":\"Copyright (C) 2005 - 2013 Open Source Matters. All rights reserved.\",\"authorEmail\":\"admin@joomla.org\",\"authorUrl\":\"www.joomla.org\",\"version\":\"2.5.0\",\"description\":\"MOD_ARTICLES_CATEGORIES_XML_DESCRIPTION\",\"group\":\"\"}','','','',0,'0000-00-00 00:00:00',0,0),(222,'mod_languages','module','mod_languages','',0,1,1,1,'{\"legacy\":false,\"name\":\"mod_languages\",\"type\":\"module\",\"creationDate\":\"February 2010\",\"author\":\"Joomla! Project\",\"copyright\":\"Copyright (C) 2005 - 2013 Open Source Matters. All rights reserved.\",\"authorEmail\":\"admin@joomla.org\",\"authorUrl\":\"www.joomla.org\",\"version\":\"2.5.0\",\"description\":\"MOD_LANGUAGES_XML_DESCRIPTION\",\"group\":\"\"}','','','',0,'0000-00-00 00:00:00',0,0),(223,'mod_finder','module','mod_finder','',0,1,0,0,'{\"legacy\":false,\"name\":\"mod_finder\",\"type\":\"module\",\"creationDate\":\"August 2011\",\"author\":\"Joomla! Project\",\"copyright\":\"(C) 2005 - 2013 Open Source Matters. All rights reserved.\",\"authorEmail\":\"admin@joomla.org\",\"authorUrl\":\"www.joomla.org\",\"version\":\"2.5.0\",\"description\":\"MOD_FINDER_XML_DESCRIPTION\",\"group\":\"\"}','','','',0,'0000-00-00 00:00:00',0,0),(300,'mod_custom','module','mod_custom','',1,1,1,1,'{\"legacy\":false,\"name\":\"mod_custom\",\"type\":\"module\",\"creationDate\":\"July 2004\",\"author\":\"Joomla! Project\",\"copyright\":\"Copyright (C) 2005 - 2013 Open Source Matters. All rights reserved.\",\"authorEmail\":\"admin@joomla.org\",\"authorUrl\":\"www.joomla.org\",\"version\":\"2.5.0\",\"description\":\"MOD_CUSTOM_XML_DESCRIPTION\",\"group\":\"\"}','','','',0,'0000-00-00 00:00:00',0,0),(301,'mod_feed','module','mod_feed','',1,1,1,0,'{\"legacy\":false,\"name\":\"mod_feed\",\"type\":\"module\",\"creationDate\":\"July 2005\",\"author\":\"Joomla! Project\",\"copyright\":\"Copyright (C) 2005 - 2013 Open Source Matters. All rights reserved.\",\"authorEmail\":\"admin@joomla.org\",\"authorUrl\":\"www.joomla.org\",\"version\":\"2.5.0\",\"description\":\"MOD_FEED_XML_DESCRIPTION\",\"group\":\"\"}','','','',0,'0000-00-00 00:00:00',0,0),(302,'mod_latest','module','mod_latest','',1,1,1,0,'{\"legacy\":false,\"name\":\"mod_latest\",\"type\":\"module\",\"creationDate\":\"July 2004\",\"author\":\"Joomla! Project\",\"copyright\":\"Copyright (C) 2005 - 2013 Open Source Matters. All rights reserved.\",\"authorEmail\":\"admin@joomla.org\",\"authorUrl\":\"www.joomla.org\",\"version\":\"2.5.0\",\"description\":\"MOD_LATEST_XML_DESCRIPTION\",\"group\":\"\"}','','','',0,'0000-00-00 00:00:00',0,0),(303,'mod_logged','module','mod_logged','',1,1,1,0,'{\"legacy\":false,\"name\":\"mod_logged\",\"type\":\"module\",\"creationDate\":\"January 2005\",\"author\":\"Joomla! Project\",\"copyright\":\"Copyright (C) 2005 - 2013 Open Source Matters. All rights reserved.\",\"authorEmail\":\"admin@joomla.org\",\"authorUrl\":\"www.joomla.org\",\"version\":\"2.5.0\",\"description\":\"MOD_LOGGED_XML_DESCRIPTION\",\"group\":\"\"}','','','',0,'0000-00-00 00:00:00',0,0),(304,'mod_login','module','mod_login','',1,1,1,1,'{\"legacy\":false,\"name\":\"mod_login\",\"type\":\"module\",\"creationDate\":\"March 2005\",\"author\":\"Joomla! Project\",\"copyright\":\"Copyright (C) 2005 - 2013 Open Source Matters. All rights reserved.\",\"authorEmail\":\"admin@joomla.org\",\"authorUrl\":\"www.joomla.org\",\"version\":\"2.5.0\",\"description\":\"MOD_LOGIN_XML_DESCRIPTION\",\"group\":\"\"}','','','',0,'0000-00-00 00:00:00',0,0),(305,'mod_menu','module','mod_menu','',1,1,1,0,'{\"legacy\":false,\"name\":\"mod_menu\",\"type\":\"module\",\"creationDate\":\"March 2006\",\"author\":\"Joomla! Project\",\"copyright\":\"Copyright (C) 2005 - 2013 Open Source Matters. All rights reserved.\",\"authorEmail\":\"admin@joomla.org\",\"authorUrl\":\"www.joomla.org\",\"version\":\"2.5.0\",\"description\":\"MOD_MENU_XML_DESCRIPTION\",\"group\":\"\"}','','','',0,'0000-00-00 00:00:00',0,0),(307,'mod_popular','module','mod_popular','',1,1,1,0,'{\"legacy\":false,\"name\":\"mod_popular\",\"type\":\"module\",\"creationDate\":\"July 2004\",\"author\":\"Joomla! Project\",\"copyright\":\"Copyright (C) 2005 - 2013 Open Source Matters. All rights reserved.\",\"authorEmail\":\"admin@joomla.org\",\"authorUrl\":\"www.joomla.org\",\"version\":\"2.5.0\",\"description\":\"MOD_POPULAR_XML_DESCRIPTION\",\"group\":\"\"}','','','',0,'0000-00-00 00:00:00',0,0),(308,'mod_quickicon','module','mod_quickicon','',1,1,1,1,'{\"legacy\":false,\"name\":\"mod_quickicon\",\"type\":\"module\",\"creationDate\":\"Nov 2005\",\"author\":\"Joomla! Project\",\"copyright\":\"Copyright (C) 2005 - 2013 Open Source Matters. All rights reserved.\",\"authorEmail\":\"admin@joomla.org\",\"authorUrl\":\"www.joomla.org\",\"version\":\"2.5.0\",\"description\":\"MOD_QUICKICON_XML_DESCRIPTION\",\"group\":\"\"}','','','',0,'0000-00-00 00:00:00',0,0),(309,'mod_status','module','mod_status','',1,1,1,0,'{\"legacy\":false,\"name\":\"mod_status\",\"type\":\"module\",\"creationDate\":\"Feb 2006\",\"author\":\"Joomla! Project\",\"copyright\":\"(C) 2005 - 2013 Open Source Matters. All rights reserved.\",\"authorEmail\":\"admin@joomla.org\",\"authorUrl\":\"www.joomla.org\",\"version\":\"2.5.0\",\"description\":\"MOD_STATUS_XML_DESCRIPTION\",\"group\":\"\"}','','','',0,'0000-00-00 00:00:00',0,0),(310,'mod_submenu','module','mod_submenu','',1,1,1,0,'{\"legacy\":false,\"name\":\"mod_submenu\",\"type\":\"module\",\"creationDate\":\"Feb 2006\",\"author\":\"Joomla! Project\",\"copyright\":\"Copyright (C) 2005 - 2013 Open Source Matters. All rights reserved.\",\"authorEmail\":\"admin@joomla.org\",\"authorUrl\":\"www.joomla.org\",\"version\":\"2.5.0\",\"description\":\"MOD_SUBMENU_XML_DESCRIPTION\",\"group\":\"\"}','','','',0,'0000-00-00 00:00:00',0,0),(311,'mod_title','module','mod_title','',1,1,1,0,'{\"legacy\":false,\"name\":\"mod_title\",\"type\":\"module\",\"creationDate\":\"Nov 2005\",\"author\":\"Joomla! Project\",\"copyright\":\"Copyright (C) 2005 - 2013 Open Source Matters. All rights reserved.\",\"authorEmail\":\"admin@joomla.org\",\"authorUrl\":\"www.joomla.org\",\"version\":\"2.5.0\",\"description\":\"MOD_TITLE_XML_DESCRIPTION\",\"group\":\"\"}','','','',0,'0000-00-00 00:00:00',0,0),(312,'mod_toolbar','module','mod_toolbar','',1,1,1,1,'{\"legacy\":false,\"name\":\"mod_toolbar\",\"type\":\"module\",\"creationDate\":\"Nov 2005\",\"author\":\"Joomla! Project\",\"copyright\":\"Copyright (C) 2005 - 2013 Open Source Matters. All rights reserved.\",\"authorEmail\":\"admin@joomla.org\",\"authorUrl\":\"www.joomla.org\",\"version\":\"2.5.0\",\"description\":\"MOD_TOOLBAR_XML_DESCRIPTION\",\"group\":\"\"}','','','',0,'0000-00-00 00:00:00',0,0),(313,'mod_multilangstatus','module','mod_multilangstatus','',1,1,1,0,'{\"legacy\":false,\"name\":\"mod_multilangstatus\",\"type\":\"module\",\"creationDate\":\"September 2011\",\"author\":\"Joomla! Project\",\"copyright\":\"Copyright (C) 2005 - 2013 Open Source Matters. All rights reserved.\",\"authorEmail\":\"admin@joomla.org\",\"authorUrl\":\"www.joomla.org\",\"version\":\"2.5.0\",\"description\":\"MOD_MULTILANGSTATUS_XML_DESCRIPTION\",\"group\":\"\"}','{\"cache\":\"0\"}','','',0,'0000-00-00 00:00:00',0,0),(314,'mod_version','module','mod_version','',1,1,1,0,'{\"legacy\":false,\"name\":\"mod_version\",\"type\":\"module\",\"creationDate\":\"January 2012\",\"author\":\"Joomla! Project\",\"copyright\":\"Copyright (C) 2005 - 2013 Open Source Matters. All rights reserved.\",\"authorEmail\":\"admin@joomla.org\",\"authorUrl\":\"www.joomla.org\",\"version\":\"2.5.0\",\"description\":\"MOD_VERSION_XML_DESCRIPTION\",\"group\":\"\"}','{\"format\":\"short\",\"product\":\"1\",\"cache\":\"0\"}','','',0,'0000-00-00 00:00:00',0,0),(400,'plg_authentication_gmail','plugin','gmail','authentication',0,0,1,0,'{\"legacy\":false,\"name\":\"plg_authentication_gmail\",\"type\":\"plugin\",\"creationDate\":\"February 2006\",\"author\":\"Joomla! Project\",\"copyright\":\"Copyright (C) 2005 - 2013 Open Source Matters. All rights reserved.\",\"authorEmail\":\"admin@joomla.org\",\"authorUrl\":\"www.joomla.org\",\"version\":\"2.5.0\",\"description\":\"PLG_GMAIL_XML_DESCRIPTION\",\"group\":\"\"}','{\"applysuffix\":\"0\",\"suffix\":\"\",\"verifypeer\":\"1\",\"user_blacklist\":\"\"}','','',0,'0000-00-00 00:00:00',1,0),(401,'plg_authentication_joomla','plugin','joomla','authentication',0,1,1,1,'{\"legacy\":false,\"name\":\"plg_authentication_joomla\",\"type\":\"plugin\",\"creationDate\":\"November 2005\",\"author\":\"Joomla! Project\",\"copyright\":\"Copyright (C) 2005 - 2013 Open Source Matters. All rights reserved.\",\"authorEmail\":\"admin@joomla.org\",\"authorUrl\":\"www.joomla.org\",\"version\":\"2.5.0\",\"description\":\"PLG_AUTH_JOOMLA_XML_DESCRIPTION\",\"group\":\"\"}','{}','','',0,'0000-00-00 00:00:00',0,0),(402,'plg_authentication_ldap','plugin','ldap','authentication',0,0,1,0,'{\"legacy\":false,\"name\":\"plg_authentication_ldap\",\"type\":\"plugin\",\"creationDate\":\"November 2005\",\"author\":\"Joomla! Project\",\"copyright\":\"Copyright (C) 2005 - 2013 Open Source Matters. All rights reserved.\",\"authorEmail\":\"admin@joomla.org\",\"authorUrl\":\"www.joomla.org\",\"version\":\"2.5.0\",\"description\":\"PLG_LDAP_XML_DESCRIPTION\",\"group\":\"\"}','{\"host\":\"\",\"port\":\"389\",\"use_ldapV3\":\"0\",\"negotiate_tls\":\"0\",\"no_referrals\":\"0\",\"auth_method\":\"bind\",\"base_dn\":\"\",\"search_string\":\"\",\"users_dn\":\"\",\"username\":\"admin\",\"password\":\"bobby7\",\"ldap_fullname\":\"fullName\",\"ldap_email\":\"mail\",\"ldap_uid\":\"uid\"}','','',0,'0000-00-00 00:00:00',3,0),(404,'plg_content_emailcloak','plugin','emailcloak','content',0,1,1,0,'{\"legacy\":false,\"name\":\"plg_content_emailcloak\",\"type\":\"plugin\",\"creationDate\":\"November 2005\",\"author\":\"Joomla! Project\",\"copyright\":\"Copyright (C) 2005 - 2013 Open Source Matters. All rights reserved.\",\"authorEmail\":\"admin@joomla.org\",\"authorUrl\":\"www.joomla.org\",\"version\":\"2.5.0\",\"description\":\"PLG_CONTENT_EMAILCLOAK_XML_DESCRIPTION\",\"group\":\"\"}','{\"mode\":\"1\"}','','',0,'0000-00-00 00:00:00',1,0),(405,'plg_content_geshi','plugin','geshi','content',0,0,1,0,'{\"legacy\":false,\"name\":\"plg_content_geshi\",\"type\":\"plugin\",\"creationDate\":\"November 2005\",\"author\":\"Joomla! Project\",\"copyright\":\"Copyright (C) 2005 - 2013 Open Source Matters. All rights reserved.\",\"authorEmail\":\"\",\"authorUrl\":\"qbnz.com\\/highlighter\",\"version\":\"2.5.0\",\"description\":\"PLG_CONTENT_GESHI_XML_DESCRIPTION\",\"group\":\"\"}','{}','','',0,'0000-00-00 00:00:00',2,0),(406,'plg_content_loadmodule','plugin','loadmodule','content',0,1,1,0,'{\"legacy\":false,\"name\":\"plg_content_loadmodule\",\"type\":\"plugin\",\"creationDate\":\"November 2005\",\"author\":\"Joomla! Project\",\"copyright\":\"Copyright (C) 2005 - 2013 Open Source Matters. All rights reserved.\",\"authorEmail\":\"admin@joomla.org\",\"authorUrl\":\"www.joomla.org\",\"version\":\"2.5.0\",\"description\":\"PLG_LOADMODULE_XML_DESCRIPTION\",\"group\":\"\"}','{\"style\":\"xhtml\"}','','',0,'2011-09-18 15:22:50',0,0),(407,'plg_content_pagebreak','plugin','pagebreak','content',0,1,1,1,'{\"legacy\":false,\"name\":\"plg_content_pagebreak\",\"type\":\"plugin\",\"creationDate\":\"November 2005\",\"author\":\"Joomla! Project\",\"copyright\":\"Copyright (C) 2005 - 2013 Open Source Matters. All rights reserved.\",\"authorEmail\":\"admin@joomla.org\",\"authorUrl\":\"www.joomla.org\",\"version\":\"2.5.0\",\"description\":\"PLG_CONTENT_PAGEBREAK_XML_DESCRIPTION\",\"group\":\"\"}','{\"title\":\"1\",\"multipage_toc\":\"1\",\"showall\":\"1\"}','','',0,'0000-00-00 00:00:00',4,0),(408,'plg_content_pagenavigation','plugin','pagenavigation','content',0,1,1,1,'{\"legacy\":false,\"name\":\"plg_content_pagenavigation\",\"type\":\"plugin\",\"creationDate\":\"January 2006\",\"author\":\"Joomla! Project\",\"copyright\":\"Copyright (C) 2005 - 2013 Open Source Matters. All rights reserved.\",\"authorEmail\":\"admin@joomla.org\",\"authorUrl\":\"www.joomla.org\",\"version\":\"2.5.0\",\"description\":\"PLG_PAGENAVIGATION_XML_DESCRIPTION\",\"group\":\"\"}','{\"position\":\"1\"}','','',0,'0000-00-00 00:00:00',5,0),(409,'plg_content_vote','plugin','vote','content',0,1,1,1,'{\"legacy\":false,\"name\":\"plg_content_vote\",\"type\":\"plugin\",\"creationDate\":\"November 2005\",\"author\":\"Joomla! Project\",\"copyright\":\"Copyright (C) 2005 - 2013 Open Source Matters. All rights reserved.\",\"authorEmail\":\"admin@joomla.org\",\"authorUrl\":\"www.joomla.org\",\"version\":\"2.5.0\",\"description\":\"PLG_VOTE_XML_DESCRIPTION\",\"group\":\"\"}','{}','','',0,'0000-00-00 00:00:00',6,0),(410,'plg_editors_codemirror','plugin','codemirror','editors',0,1,1,1,'{\"legacy\":false,\"name\":\"plg_editors_codemirror\",\"type\":\"plugin\",\"creationDate\":\"28 March 2011\",\"author\":\"Marijn Haverbeke\",\"copyright\":\"\",\"authorEmail\":\"N\\/A\",\"authorUrl\":\"\",\"version\":\"1.0\",\"description\":\"PLG_CODEMIRROR_XML_DESCRIPTION\",\"group\":\"\"}','{\"linenumbers\":\"0\",\"tabmode\":\"indent\"}','','',0,'0000-00-00 00:00:00',1,0),(411,'plg_editors_none','plugin','none','editors',0,1,1,1,'{\"legacy\":false,\"name\":\"plg_editors_none\",\"type\":\"plugin\",\"creationDate\":\"August 2004\",\"author\":\"Unknown\",\"copyright\":\"\",\"authorEmail\":\"N\\/A\",\"authorUrl\":\"\",\"version\":\"2.5.0\",\"description\":\"PLG_NONE_XML_DESCRIPTION\",\"group\":\"\"}','{}','','',0,'0000-00-00 00:00:00',2,0),(412,'plg_editors_tinymce','plugin','tinymce','editors',0,1,1,1,'{\"legacy\":false,\"name\":\"plg_editors_tinymce\",\"type\":\"plugin\",\"creationDate\":\"2005-2013\",\"author\":\"Moxiecode Systems AB\",\"copyright\":\"Moxiecode Systems AB\",\"authorEmail\":\"N\\/A\",\"authorUrl\":\"tinymce.moxiecode.com\\/\",\"version\":\"3.5.4.1\",\"description\":\"PLG_TINY_XML_DESCRIPTION\",\"group\":\"\"}','{\"mode\":\"1\",\"skin\":\"0\",\"entity_encoding\":\"raw\",\"lang_mode\":\"0\",\"lang_code\":\"en\",\"text_direction\":\"ltr\",\"content_css\":\"1\",\"content_css_custom\":\"\",\"relative_urls\":\"1\",\"newlines\":\"0\",\"invalid_elements\":\"script,applet,iframe\",\"extended_elements\":\"\",\"toolbar\":\"top\",\"toolbar_align\":\"left\",\"html_height\":\"550\",\"html_width\":\"750\",\"resizing\":\"true\",\"resize_horizontal\":\"false\",\"element_path\":\"1\",\"fonts\":\"1\",\"paste\":\"1\",\"searchreplace\":\"1\",\"insertdate\":\"1\",\"format_date\":\"%Y-%m-%d\",\"inserttime\":\"1\",\"format_time\":\"%H:%M:%S\",\"colors\":\"1\",\"table\":\"1\",\"smilies\":\"1\",\"media\":\"1\",\"hr\":\"1\",\"directionality\":\"1\",\"fullscreen\":\"1\",\"style\":\"1\",\"layer\":\"1\",\"xhtmlxtras\":\"1\",\"visualchars\":\"1\",\"nonbreaking\":\"1\",\"template\":\"1\",\"blockquote\":\"1\",\"wordcount\":\"1\",\"advimage\":\"1\",\"advlink\":\"1\",\"advlist\":\"1\",\"autosave\":\"1\",\"contextmenu\":\"1\",\"inlinepopups\":\"1\",\"custom_plugin\":\"\",\"custom_button\":\"\"}','','',0,'0000-00-00 00:00:00',3,0),(413,'plg_editors-xtd_article','plugin','article','editors-xtd',0,1,1,1,'{\"legacy\":false,\"name\":\"plg_editors-xtd_article\",\"type\":\"plugin\",\"creationDate\":\"October 2009\",\"author\":\"Joomla! Project\",\"copyright\":\"Copyright (C) 2005 - 2013 Open Source Matters. All rights reserved.\",\"authorEmail\":\"admin@joomla.org\",\"authorUrl\":\"www.joomla.org\",\"version\":\"2.5.0\",\"description\":\"PLG_ARTICLE_XML_DESCRIPTION\",\"group\":\"\"}','{}','','',0,'0000-00-00 00:00:00',1,0),(414,'plg_editors-xtd_image','plugin','image','editors-xtd',0,1,1,0,'{\"legacy\":false,\"name\":\"plg_editors-xtd_image\",\"type\":\"plugin\",\"creationDate\":\"August 2004\",\"author\":\"Joomla! Project\",\"copyright\":\"Copyright (C) 2005 - 2013 Open Source Matters. All rights reserved.\",\"authorEmail\":\"admin@joomla.org\",\"authorUrl\":\"www.joomla.org\",\"version\":\"2.5.0\",\"description\":\"PLG_IMAGE_XML_DESCRIPTION\",\"group\":\"\"}','{}','','',0,'0000-00-00 00:00:00',2,0),(415,'plg_editors-xtd_pagebreak','plugin','pagebreak','editors-xtd',0,1,1,0,'{\"legacy\":false,\"name\":\"plg_editors-xtd_pagebreak\",\"type\":\"plugin\",\"creationDate\":\"August 2004\",\"author\":\"Joomla! Project\",\"copyright\":\"Copyright (C) 2005 - 2013 Open Source Matters. All rights reserved.\",\"authorEmail\":\"admin@joomla.org\",\"authorUrl\":\"www.joomla.org\",\"version\":\"2.5.0\",\"description\":\"PLG_EDITORSXTD_PAGEBREAK_XML_DESCRIPTION\",\"group\":\"\"}','{}','','',0,'0000-00-00 00:00:00',3,0),(416,'plg_editors-xtd_readmore','plugin','readmore','editors-xtd',0,1,1,0,'{\"legacy\":false,\"name\":\"plg_editors-xtd_readmore\",\"type\":\"plugin\",\"creationDate\":\"March 2006\",\"author\":\"Joomla! Project\",\"copyright\":\"Copyright (C) 2005 - 2013 Open Source Matters. All rights reserved.\",\"authorEmail\":\"admin@joomla.org\",\"authorUrl\":\"www.joomla.org\",\"version\":\"2.5.0\",\"description\":\"PLG_READMORE_XML_DESCRIPTION\",\"group\":\"\"}','{}','','',0,'0000-00-00 00:00:00',4,0),(417,'plg_search_categories','plugin','categories','search',0,1,1,0,'{\"legacy\":false,\"name\":\"plg_search_categories\",\"type\":\"plugin\",\"creationDate\":\"November 2005\",\"author\":\"Joomla! Project\",\"copyright\":\"Copyright (C) 2005 - 2013 Open Source Matters. All rights reserved.\",\"authorEmail\":\"admin@joomla.org\",\"authorUrl\":\"www.joomla.org\",\"version\":\"2.5.0\",\"description\":\"PLG_SEARCH_CATEGORIES_XML_DESCRIPTION\",\"group\":\"\"}','{\"search_limit\":\"50\",\"search_content\":\"1\",\"search_archived\":\"1\"}','','',0,'0000-00-00 00:00:00',0,0),(418,'plg_search_contacts','plugin','contacts','search',0,1,1,0,'{\"legacy\":false,\"name\":\"plg_search_contacts\",\"type\":\"plugin\",\"creationDate\":\"November 2005\",\"author\":\"Joomla! Project\",\"copyright\":\"Copyright (C) 2005 - 2013 Open Source Matters. All rights reserved.\",\"authorEmail\":\"admin@joomla.org\",\"authorUrl\":\"www.joomla.org\",\"version\":\"2.5.0\",\"description\":\"PLG_SEARCH_CONTACTS_XML_DESCRIPTION\",\"group\":\"\"}','{\"search_limit\":\"50\",\"search_content\":\"1\",\"search_archived\":\"1\"}','','',0,'0000-00-00 00:00:00',0,0),(419,'plg_search_content','plugin','content','search',0,1,1,0,'{\"legacy\":false,\"name\":\"plg_search_content\",\"type\":\"plugin\",\"creationDate\":\"November 2005\",\"author\":\"Joomla! Project\",\"copyright\":\"Copyright (C) 2005 - 2013 Open Source Matters. All rights reserved.\",\"authorEmail\":\"admin@joomla.org\",\"authorUrl\":\"www.joomla.org\",\"version\":\"2.5.0\",\"description\":\"PLG_SEARCH_CONTENT_XML_DESCRIPTION\",\"group\":\"\"}','{\"search_limit\":\"50\",\"search_content\":\"1\",\"search_archived\":\"1\"}','','',0,'0000-00-00 00:00:00',0,0),(420,'plg_search_newsfeeds','plugin','newsfeeds','search',0,1,1,0,'{\"legacy\":false,\"name\":\"plg_search_newsfeeds\",\"type\":\"plugin\",\"creationDate\":\"November 2005\",\"author\":\"Joomla! Project\",\"copyright\":\"Copyright (C) 2005 - 2013 Open Source Matters. All rights reserved.\",\"authorEmail\":\"admin@joomla.org\",\"authorUrl\":\"www.joomla.org\",\"version\":\"2.5.0\",\"description\":\"PLG_SEARCH_NEWSFEEDS_XML_DESCRIPTION\",\"group\":\"\"}','{\"search_limit\":\"50\",\"search_content\":\"1\",\"search_archived\":\"1\"}','','',0,'0000-00-00 00:00:00',0,0),(421,'plg_search_weblinks','plugin','weblinks','search',0,1,1,0,'{\"legacy\":false,\"name\":\"plg_search_weblinks\",\"type\":\"plugin\",\"creationDate\":\"November 2005\",\"author\":\"Joomla! Project\",\"copyright\":\"Copyright (C) 2005 - 2013 Open Source Matters. All rights reserved.\",\"authorEmail\":\"admin@joomla.org\",\"authorUrl\":\"www.joomla.org\",\"version\":\"2.5.0\",\"description\":\"PLG_SEARCH_WEBLINKS_XML_DESCRIPTION\",\"group\":\"\"}','{\"search_limit\":\"50\",\"search_content\":\"1\",\"search_archived\":\"1\"}','','',0,'0000-00-00 00:00:00',0,0),(422,'plg_system_languagefilter','plugin','languagefilter','system',0,0,1,1,'{\"legacy\":false,\"name\":\"plg_system_languagefilter\",\"type\":\"plugin\",\"creationDate\":\"July 2010\",\"author\":\"Joomla! Project\",\"copyright\":\"Copyright (C) 2005 - 2013 Open Source Matters. All rights reserved.\",\"authorEmail\":\"admin@joomla.org\",\"authorUrl\":\"www.joomla.org\",\"version\":\"2.5.0\",\"description\":\"PLG_SYSTEM_LANGUAGEFILTER_XML_DESCRIPTION\",\"group\":\"\"}','{}','','',0,'0000-00-00 00:00:00',1,0),(423,'plg_system_p3p','plugin','p3p','system',0,1,1,1,'{\"legacy\":false,\"name\":\"plg_system_p3p\",\"type\":\"plugin\",\"creationDate\":\"September 2010\",\"author\":\"Joomla! Project\",\"copyright\":\"Copyright (C) 2005 - 2013 Open Source Matters. All rights reserved.\",\"authorEmail\":\"admin@joomla.org\",\"authorUrl\":\"www.joomla.org\",\"version\":\"2.5.0\",\"description\":\"PLG_P3P_XML_DESCRIPTION\",\"group\":\"\"}','{\"headers\":\"NOI ADM DEV PSAi COM NAV OUR OTRo STP IND DEM\"}','','',0,'0000-00-00 00:00:00',2,0),(424,'plg_system_cache','plugin','cache','system',0,0,1,1,'{\"legacy\":false,\"name\":\"plg_system_cache\",\"type\":\"plugin\",\"creationDate\":\"February 2007\",\"author\":\"Joomla! Project\",\"copyright\":\"Copyright (C) 2005 - 2013 Open Source Matters. All rights reserved.\",\"authorEmail\":\"admin@joomla.org\",\"authorUrl\":\"www.joomla.org\",\"version\":\"2.5.0\",\"description\":\"PLG_CACHE_XML_DESCRIPTION\",\"group\":\"\"}','{\"browsercache\":\"0\",\"cachetime\":\"15\"}','','',0,'0000-00-00 00:00:00',9,0),(425,'plg_system_debug','plugin','debug','system',0,1,1,0,'{\"legacy\":false,\"name\":\"plg_system_debug\",\"type\":\"plugin\",\"creationDate\":\"December 2006\",\"author\":\"Joomla! Project\",\"copyright\":\"Copyright (C) 2005 - 2013 Open Source Matters. All rights reserved.\",\"authorEmail\":\"admin@joomla.org\",\"authorUrl\":\"www.joomla.org\",\"version\":\"2.5.0\",\"description\":\"PLG_DEBUG_XML_DESCRIPTION\",\"group\":\"\"}','{\"profile\":\"1\",\"queries\":\"1\",\"memory\":\"1\",\"language_files\":\"1\",\"language_strings\":\"1\",\"strip-first\":\"1\",\"strip-prefix\":\"\",\"strip-suffix\":\"\"}','','',0,'0000-00-00 00:00:00',4,0),(426,'plg_system_log','plugin','log','system',0,1,1,1,'{\"legacy\":false,\"name\":\"plg_system_log\",\"type\":\"plugin\",\"creationDate\":\"April 2007\",\"author\":\"Joomla! Project\",\"copyright\":\"Copyright (C) 2005 - 2013 Open Source Matters. All rights reserved.\",\"authorEmail\":\"admin@joomla.org\",\"authorUrl\":\"www.joomla.org\",\"version\":\"2.5.0\",\"description\":\"PLG_LOG_XML_DESCRIPTION\",\"group\":\"\"}','{}','','',0,'0000-00-00 00:00:00',5,0),(427,'plg_system_redirect','plugin','redirect','system',0,1,1,1,'{\"legacy\":false,\"name\":\"plg_system_redirect\",\"type\":\"plugin\",\"creationDate\":\"April 2009\",\"author\":\"Joomla! Project\",\"copyright\":\"Copyright (C) 2005 - 2013 Open Source Matters. All rights reserved.\",\"authorEmail\":\"admin@joomla.org\",\"authorUrl\":\"www.joomla.org\",\"version\":\"2.5.0\",\"description\":\"PLG_REDIRECT_XML_DESCRIPTION\",\"group\":\"\"}','{}','','',0,'0000-00-00 00:00:00',6,0),(428,'plg_system_remember','plugin','remember','system',0,1,1,1,'{\"legacy\":false,\"name\":\"plg_system_remember\",\"type\":\"plugin\",\"creationDate\":\"April 2007\",\"author\":\"Joomla! Project\",\"copyright\":\"Copyright (C) 2005 - 2013 Open Source Matters. All rights reserved.\",\"authorEmail\":\"admin@joomla.org\",\"authorUrl\":\"www.joomla.org\",\"version\":\"2.5.0\",\"description\":\"PLG_REMEMBER_XML_DESCRIPTION\",\"group\":\"\"}','{}','','',0,'0000-00-00 00:00:00',7,0),(429,'plg_system_sef','plugin','sef','system',0,1,1,0,'{\"legacy\":false,\"name\":\"plg_system_sef\",\"type\":\"plugin\",\"creationDate\":\"December 2007\",\"author\":\"Joomla! Project\",\"copyright\":\"Copyright (C) 2005 - 2013 Open Source Matters. All rights reserved.\",\"authorEmail\":\"admin@joomla.org\",\"authorUrl\":\"www.joomla.org\",\"version\":\"2.5.0\",\"description\":\"PLG_SEF_XML_DESCRIPTION\",\"group\":\"\"}','{}','','',0,'0000-00-00 00:00:00',8,0),(430,'plg_system_logout','plugin','logout','system',0,1,1,1,'{\"legacy\":false,\"name\":\"plg_system_logout\",\"type\":\"plugin\",\"creationDate\":\"April 2009\",\"author\":\"Joomla! Project\",\"copyright\":\"Copyright (C) 2005 - 2013 Open Source Matters. All rights reserved.\",\"authorEmail\":\"admin@joomla.org\",\"authorUrl\":\"www.joomla.org\",\"version\":\"2.5.0\",\"description\":\"PLG_SYSTEM_LOGOUT_XML_DESCRIPTION\",\"group\":\"\"}','{}','','',0,'0000-00-00 00:00:00',3,0),(431,'plg_user_contactcreator','plugin','contactcreator','user',0,0,1,1,'{\"legacy\":false,\"name\":\"plg_user_contactcreator\",\"type\":\"plugin\",\"creationDate\":\"August 2009\",\"author\":\"Joomla! Project\",\"copyright\":\"(C) 2005 - 2013 Open Source Matters. All rights reserved.\",\"authorEmail\":\"admin@joomla.org\",\"authorUrl\":\"www.joomla.org\",\"version\":\"2.5.0\",\"description\":\"PLG_CONTACTCREATOR_XML_DESCRIPTION\",\"group\":\"\"}','{\"autowebpage\":\"\",\"category\":\"34\",\"autopublish\":\"0\"}','','',0,'0000-00-00 00:00:00',1,0),(432,'plg_user_joomla','plugin','joomla','user',0,1,1,0,'{\"legacy\":false,\"name\":\"plg_user_joomla\",\"type\":\"plugin\",\"creationDate\":\"December 2006\",\"author\":\"Joomla! Project\",\"copyright\":\"(C) 2005 - 2009 Open Source Matters. All rights reserved.\",\"authorEmail\":\"admin@joomla.org\",\"authorUrl\":\"www.joomla.org\",\"version\":\"2.5.0\",\"description\":\"PLG_USER_JOOMLA_XML_DESCRIPTION\",\"group\":\"\"}','{\"autoregister\":\"1\"}','','',0,'0000-00-00 00:00:00',2,0),(433,'plg_user_profile','plugin','profile','user',0,0,1,1,'{\"legacy\":false,\"name\":\"plg_user_profile\",\"type\":\"plugin\",\"creationDate\":\"January 2008\",\"author\":\"Joomla! Project\",\"copyright\":\"(C) 2005 - 2013 Open Source Matters. All rights reserved.\",\"authorEmail\":\"admin@joomla.org\",\"authorUrl\":\"www.joomla.org\",\"version\":\"2.5.0\",\"description\":\"PLG_USER_PROFILE_XML_DESCRIPTION\",\"group\":\"\"}','{\"register-require_address1\":\"1\",\"register-require_address2\":\"1\",\"register-require_city\":\"1\",\"register-require_region\":\"1\",\"register-require_country\":\"1\",\"register-require_postal_code\":\"1\",\"register-require_phone\":\"1\",\"register-require_website\":\"1\",\"register-require_favoritebook\":\"1\",\"register-require_aboutme\":\"1\",\"register-require_tos\":\"1\",\"register-require_dob\":\"1\",\"profile-require_address1\":\"1\",\"profile-require_address2\":\"1\",\"profile-require_city\":\"1\",\"profile-require_region\":\"1\",\"profile-require_country\":\"1\",\"profile-require_postal_code\":\"1\",\"profile-require_phone\":\"1\",\"profile-require_website\":\"1\",\"profile-require_favoritebook\":\"1\",\"profile-require_aboutme\":\"1\",\"profile-require_tos\":\"1\",\"profile-require_dob\":\"1\"}','','',0,'0000-00-00 00:00:00',0,0),(434,'plg_extension_joomla','plugin','joomla','extension',0,1,1,1,'{\"legacy\":false,\"name\":\"plg_extension_joomla\",\"type\":\"plugin\",\"creationDate\":\"May 2010\",\"author\":\"Joomla! Project\",\"copyright\":\"Copyright (C) 2005 - 2013 Open Source Matters. All rights reserved.\",\"authorEmail\":\"admin@joomla.org\",\"authorUrl\":\"www.joomla.org\",\"version\":\"2.5.0\",\"description\":\"PLG_EXTENSION_JOOMLA_XML_DESCRIPTION\",\"group\":\"\"}','{}','','',0,'0000-00-00 00:00:00',1,0),(435,'plg_content_joomla','plugin','joomla','content',0,1,1,0,'{\"legacy\":false,\"name\":\"plg_content_joomla\",\"type\":\"plugin\",\"creationDate\":\"November 2010\",\"author\":\"Joomla! Project\",\"copyright\":\"Copyright (C) 2005 - 2013 Open Source Matters. All rights reserved.\",\"authorEmail\":\"admin@joomla.org\",\"authorUrl\":\"www.joomla.org\",\"version\":\"2.5.0\",\"description\":\"PLG_CONTENT_JOOMLA_XML_DESCRIPTION\",\"group\":\"\"}','{}','','',0,'0000-00-00 00:00:00',0,0),(436,'plg_system_languagecode','plugin','languagecode','system',0,0,1,0,'{\"legacy\":false,\"name\":\"plg_system_languagecode\",\"type\":\"plugin\",\"creationDate\":\"November 2011\",\"author\":\"Joomla! Project\",\"copyright\":\"Copyright (C) 2005 - 2013 Open Source Matters. All rights reserved.\",\"authorEmail\":\"admin@joomla.org\",\"authorUrl\":\"www.joomla.org\",\"version\":\"2.5.0\",\"description\":\"PLG_SYSTEM_LANGUAGECODE_XML_DESCRIPTION\",\"group\":\"\"}','{}','','',0,'0000-00-00 00:00:00',10,0),(437,'plg_quickicon_joomlaupdate','plugin','joomlaupdate','quickicon',0,1,1,1,'{\"legacy\":false,\"name\":\"plg_quickicon_joomlaupdate\",\"type\":\"plugin\",\"creationDate\":\"August 2011\",\"author\":\"Joomla! Project\",\"copyright\":\"Copyright (C) 2005 - 2013 Open Source Matters. All rights reserved.\",\"authorEmail\":\"admin@joomla.org\",\"authorUrl\":\"www.joomla.org\",\"version\":\"2.5.0\",\"description\":\"PLG_QUICKICON_JOOMLAUPDATE_XML_DESCRIPTION\",\"group\":\"\"}','{}','','',0,'0000-00-00 00:00:00',0,0),(438,'plg_quickicon_extensionupdate','plugin','extensionupdate','quickicon',0,1,1,1,'{\"legacy\":false,\"name\":\"plg_quickicon_extensionupdate\",\"type\":\"plugin\",\"creationDate\":\"August 2011\",\"author\":\"Joomla! Project\",\"copyright\":\"Copyright (C) 2005 - 2013 Open Source Matters. All rights reserved.\",\"authorEmail\":\"admin@joomla.org\",\"authorUrl\":\"www.joomla.org\",\"version\":\"2.5.0\",\"description\":\"PLG_QUICKICON_EXTENSIONUPDATE_XML_DESCRIPTION\",\"group\":\"\"}','{}','','',0,'0000-00-00 00:00:00',0,0),(439,'plg_captcha_recaptcha','plugin','recaptcha','captcha',0,0,1,0,'{\"legacy\":false,\"name\":\"plg_captcha_recaptcha\",\"type\":\"plugin\",\"creationDate\":\"December 2011\",\"author\":\"Joomla! Project\",\"copyright\":\"Copyright (C) 2005 - 2013 Open Source Matters. All rights reserved.\",\"authorEmail\":\"admin@joomla.org\",\"authorUrl\":\"www.joomla.org\",\"version\":\"2.5.0\",\"description\":\"PLG_CAPTCHA_RECAPTCHA_XML_DESCRIPTION\",\"group\":\"\"}','{\"public_key\":\"\",\"private_key\":\"\",\"theme\":\"clean\"}','','',0,'0000-00-00 00:00:00',0,0),(440,'plg_system_highlight','plugin','highlight','system',0,1,1,0,'{\"legacy\":false,\"name\":\"plg_system_highlight\",\"type\":\"plugin\",\"creationDate\":\"August 2011\",\"author\":\"Joomla! Project\",\"copyright\":\"(C) 2005 - 2013 Open Source Matters. All rights reserved.\",\"authorEmail\":\"admin@joomla.org\",\"authorUrl\":\"www.joomla.org\",\"version\":\"2.5.0\",\"description\":\"PLG_SYSTEM_HIGHLIGHT_XML_DESCRIPTION\",\"group\":\"\"}','{}','','',0,'0000-00-00 00:00:00',7,0),(441,'plg_content_finder','plugin','finder','content',0,0,1,0,'{\"legacy\":false,\"name\":\"plg_content_finder\",\"type\":\"plugin\",\"creationDate\":\"December 2011\",\"author\":\"Joomla! Project\",\"copyright\":\"Copyright (C) 2005 - 2013 Open Source Matters. All rights reserved.\",\"authorEmail\":\"admin@joomla.org\",\"authorUrl\":\"www.joomla.org\",\"version\":\"2.5.0\",\"description\":\"PLG_CONTENT_FINDER_XML_DESCRIPTION\",\"group\":\"\"}','{}','','',0,'0000-00-00 00:00:00',0,0),(442,'plg_finder_categories','plugin','categories','finder',0,1,1,0,'{\"legacy\":false,\"name\":\"plg_finder_categories\",\"type\":\"plugin\",\"creationDate\":\"August 2011\",\"author\":\"Joomla! Project\",\"copyright\":\"(C) 2005 - 2013 Open Source Matters. All rights reserved.\",\"authorEmail\":\"admin@joomla.org\",\"authorUrl\":\"www.joomla.org\",\"version\":\"2.5.0\",\"description\":\"PLG_FINDER_CATEGORIES_XML_DESCRIPTION\",\"group\":\"\"}','{}','','',0,'0000-00-00 00:00:00',1,0),(443,'plg_finder_contacts','plugin','contacts','finder',0,1,1,0,'{\"legacy\":false,\"name\":\"plg_finder_contacts\",\"type\":\"plugin\",\"creationDate\":\"August 2011\",\"author\":\"Joomla! Project\",\"copyright\":\"(C) 2005 - 2013 Open Source Matters. All rights reserved.\",\"authorEmail\":\"admin@joomla.org\",\"authorUrl\":\"www.joomla.org\",\"version\":\"2.5.0\",\"description\":\"PLG_FINDER_CONTACTS_XML_DESCRIPTION\",\"group\":\"\"}','{}','','',0,'0000-00-00 00:00:00',2,0),(444,'plg_finder_content','plugin','content','finder',0,1,1,0,'{\"legacy\":false,\"name\":\"plg_finder_content\",\"type\":\"plugin\",\"creationDate\":\"August 2011\",\"author\":\"Joomla! Project\",\"copyright\":\"(C) 2005 - 2013 Open Source Matters. All rights reserved.\",\"authorEmail\":\"admin@joomla.org\",\"authorUrl\":\"www.joomla.org\",\"version\":\"2.5.0\",\"description\":\"PLG_FINDER_CONTENT_XML_DESCRIPTION\",\"group\":\"\"}','{}','','',0,'0000-00-00 00:00:00',3,0),(445,'plg_finder_newsfeeds','plugin','newsfeeds','finder',0,1,1,0,'{\"legacy\":false,\"name\":\"plg_finder_newsfeeds\",\"type\":\"plugin\",\"creationDate\":\"August 2011\",\"author\":\"Joomla! Project\",\"copyright\":\"(C) 2005 - 2013 Open Source Matters. All rights reserved.\",\"authorEmail\":\"admin@joomla.org\",\"authorUrl\":\"www.joomla.org\",\"version\":\"2.5.0\",\"description\":\"PLG_FINDER_NEWSFEEDS_XML_DESCRIPTION\",\"group\":\"\"}','{}','','',0,'0000-00-00 00:00:00',4,0),(446,'plg_finder_weblinks','plugin','weblinks','finder',0,1,1,0,'{\"legacy\":false,\"name\":\"plg_finder_weblinks\",\"type\":\"plugin\",\"creationDate\":\"August 2011\",\"author\":\"Joomla! Project\",\"copyright\":\"(C) 2005 - 2013 Open Source Matters. All rights reserved.\",\"authorEmail\":\"admin@joomla.org\",\"authorUrl\":\"www.joomla.org\",\"version\":\"2.5.0\",\"description\":\"PLG_FINDER_WEBLINKS_XML_DESCRIPTION\",\"group\":\"\"}','{}','','',0,'0000-00-00 00:00:00',5,0),(500,'atomic','template','atomic','',0,1,1,0,'{\"legacy\":false,\"name\":\"atomic\",\"type\":\"template\",\"creationDate\":\"10\\/10\\/09\",\"author\":\"Ron Severdia\",\"copyright\":\"Copyright (C) 2005 - 2013 Open Source Matters, Inc. All rights reserved.\",\"authorEmail\":\"contact@kontentdesign.com\",\"authorUrl\":\"http:\\/\\/www.kontentdesign.com\",\"version\":\"2.5.0\",\"description\":\"TPL_ATOMIC_XML_DESCRIPTION\",\"group\":\"\"}','{}','','',0,'0000-00-00 00:00:00',0,0),(502,'bluestork','template','bluestork','',1,1,1,0,'{\"legacy\":false,\"name\":\"bluestork\",\"type\":\"template\",\"creationDate\":\"07\\/02\\/09\",\"author\":\"Joomla! Project\",\"copyright\":\"Copyright (C) 2005 - 2013 Open Source Matters, Inc. All rights reserved.\",\"authorEmail\":\"admin@joomla.org\",\"authorUrl\":\"www.joomla.org\",\"version\":\"2.5.0\",\"description\":\"TPL_BLUESTORK_XML_DESCRIPTION\",\"group\":\"\"}','{\"useRoundedCorners\":\"1\",\"showSiteName\":\"0\",\"textBig\":\"0\",\"highContrast\":\"0\"}','','',0,'0000-00-00 00:00:00',0,0),(503,'beez_20','template','beez_20','',0,1,1,0,'{\"legacy\":false,\"name\":\"beez_20\",\"type\":\"template\",\"creationDate\":\"25 November 2009\",\"author\":\"Angie Radtke\",\"copyright\":\"Copyright (C) 2005 - 2013 Open Source Matters, Inc. All rights reserved.\",\"authorEmail\":\"a.radtke@derauftritt.de\",\"authorUrl\":\"http:\\/\\/www.der-auftritt.de\",\"version\":\"2.5.0\",\"description\":\"TPL_BEEZ2_XML_DESCRIPTION\",\"group\":\"\"}','{\"wrapperSmall\":\"53\",\"wrapperLarge\":\"72\",\"sitetitle\":\"\",\"sitedescription\":\"\",\"navposition\":\"center\",\"templatecolor\":\"nature\"}','','',0,'0000-00-00 00:00:00',0,0),(504,'hathor','template','hathor','',1,1,1,0,'{\"legacy\":false,\"name\":\"hathor\",\"type\":\"template\",\"creationDate\":\"May 2010\",\"author\":\"Andrea Tarr\",\"copyright\":\"Copyright (C) 2005 - 2013 Open Source Matters, Inc. All rights reserved.\",\"authorEmail\":\"hathor@tarrconsulting.com\",\"authorUrl\":\"http:\\/\\/www.tarrconsulting.com\",\"version\":\"2.5.0\",\"description\":\"TPL_HATHOR_XML_DESCRIPTION\",\"group\":\"\"}','{\"showSiteName\":\"0\",\"colourChoice\":\"0\",\"boldText\":\"0\"}','','',0,'0000-00-00 00:00:00',0,0),(505,'beez5','template','beez5','',0,1,1,0,'{\"legacy\":false,\"name\":\"beez5\",\"type\":\"template\",\"creationDate\":\"21 May 2010\",\"author\":\"Angie Radtke\",\"copyright\":\"Copyright (C) 2005 - 2013 Open Source Matters, Inc. All rights reserved.\",\"authorEmail\":\"a.radtke@derauftritt.de\",\"authorUrl\":\"http:\\/\\/www.der-auftritt.de\",\"version\":\"2.5.0\",\"description\":\"TPL_BEEZ5_XML_DESCRIPTION\",\"group\":\"\"}','{\"wrapperSmall\":\"53\",\"wrapperLarge\":\"72\",\"sitetitle\":\"\",\"sitedescription\":\"\",\"navposition\":\"center\",\"html5\":\"0\"}','','',0,'0000-00-00 00:00:00',0,0),(600,'English (United Kingdom)','language','en-GB','',0,1,1,1,'{\"legacy\":false,\"name\":\"English (United Kingdom)\",\"type\":\"language\",\"creationDate\":\"2008-03-15\",\"author\":\"Joomla! Project\",\"copyright\":\"Copyright (C) 2005 - 2013 Open Source Matters. All rights reserved.\",\"authorEmail\":\"admin@joomla.org\",\"authorUrl\":\"www.joomla.org\",\"version\":\"2.5.10\",\"description\":\"en-GB site language\",\"group\":\"\"}','','','',0,'0000-00-00 00:00:00',0,0),(601,'English (United Kingdom)','language','en-GB','',1,1,1,1,'{\"legacy\":false,\"name\":\"English (United Kingdom)\",\"type\":\"language\",\"creationDate\":\"2008-03-15\",\"author\":\"Joomla! Project\",\"copyright\":\"Copyright (C) 2005 - 2013 Open Source Matters. All rights reserved.\",\"authorEmail\":\"admin@joomla.org\",\"authorUrl\":\"www.joomla.org\",\"version\":\"2.5.10\",\"description\":\"en-GB administrator language\",\"group\":\"\"}','','','',0,'0000-00-00 00:00:00',0,0),(700,'files_joomla','file','joomla','',0,1,1,1,'{\"legacy\":false,\"name\":\"files_joomla\",\"type\":\"file\",\"creationDate\":\"July 2013\",\"author\":\"Joomla! Project\",\"copyright\":\"(C) 2005 - 2013 Open Source Matters. All rights reserved\",\"authorEmail\":\"admin@joomla.org\",\"authorUrl\":\"www.joomla.org\",\"version\":\"2.5.13\",\"description\":\"FILES_JOOMLA_XML_DESCRIPTION\",\"group\":\"\"}','','','',0,'0000-00-00 00:00:00',0,0),(800,'PKG_JOOMLA','package','pkg_joomla','',0,1,1,1,'{\"legacy\":false,\"name\":\"PKG_JOOMLA\",\"type\":\"package\",\"creationDate\":\"2006\",\"author\":\"Joomla! Project\",\"copyright\":\"Copyright (C) 2005 - 2013 Open Source Matters. All rights reserved.\",\"authorEmail\":\"admin@joomla.org\",\"authorUrl\":\"http:\\/\\/www.joomla.org\",\"version\":\"2.5.0\",\"description\":\"PKG_JOOMLA_XML_DESCRIPTION\",\"group\":\"\"}','','','',0,'0000-00-00 00:00:00',0,0),(10000,'PLG_J2XML_IMPORTER15','plugin','importer15','j2xml',0,0,1,0,'{\"legacy\":false,\"name\":\"PLG_J2XML_IMPORTER15\",\"type\":\"plugin\",\"creationDate\":\"April 2013\",\"author\":\"Helios Ciancio\",\"copyright\":\"(C) 2013, Helios Ciancio. All rights reserved.\",\"authorEmail\":\"info@eshiol.it\",\"authorUrl\":\"www.eshiol.it\",\"version\":\"3.0.8\",\"description\":\"PLG_J2XML_IMPORTER15_XML_DESCRIPTION\",\"group\":\"\"}','{}','','',0,'0000-00-00 00:00:00',0,0),(10001,'eshiol','library','eshiol','',0,1,1,0,'{\"legacy\":false,\"name\":\"eshiol\",\"type\":\"library\",\"creationDate\":\"March 2013\",\"author\":\"Helios Ciancio\",\"copyright\":\"(C) 2012-2013, Helios Ciancio. All rights reserved.\",\"authorEmail\":\"info@eshiol.it\",\"authorUrl\":\"www.eshiol.it\",\"version\":\"13.3.6\",\"description\":\"LIB_ESHIOL_XML_DESCRIPTION\",\"group\":\"\"}','{}','','',0,'0000-00-00 00:00:00',0,0),(10002,'J2XML','library','j2xml','',0,1,1,0,'{\"legacy\":false,\"name\":\"J2XML\",\"type\":\"library\",\"creationDate\":\"May 2013\",\"author\":\"Helios Ciancio\",\"copyright\":\"(C) 2010-2013, Helios Ciancio. All rights reserved.\",\"authorEmail\":\"info@eshiol.it\",\"authorUrl\":\"www.eshiol.it\",\"version\":\"13.5.109\",\"description\":\"LIB_J2XML_XML_DESCRIPTION\",\"group\":\"\"}','{}','','',0,'0000-00-00 00:00:00',0,0),(10003,'com_j2xml','component','com_j2xml','',1,1,0,0,'{\"legacy\":false,\"name\":\"COM_J2XML\",\"type\":\"component\",\"creationDate\":\"April 2013\",\"author\":\"Helios Ciancio\",\"copyright\":\"(C) 2010-2013, Helios Ciancio. All rights reserved.\",\"authorEmail\":\"info@eshiol.it\",\"authorUrl\":\"www.eshiol.it\",\"version\":\"3.1.98\",\"description\":\"COM_J2XML_XML_DESCRIPTION\",\"group\":\"\"}','{}','','',0,'0000-00-00 00:00:00',0,0),(10004,'PLG_SYSTEM_J2XML','plugin','j2xml','system',0,0,1,0,'{\"legacy\":false,\"name\":\"PLG_SYSTEM_J2XML\",\"type\":\"plugin\",\"creationDate\":\"April 2013\",\"author\":\"Helios Ciancio\",\"copyright\":\"(C) 2010-2013, Helios Ciancio. All rights reserved.\",\"authorEmail\":\"info@eshiol.it\",\"authorUrl\":\"www.eshiol.it\",\"version\":\"3.1.26\",\"description\":\"PLG_SYSTEM_J2XML_XML_DESCRIPTION\",\"group\":\"\"}','{}','','',0,'0000-00-00 00:00:00',0,0),(10005,'j2xml','package','pkg_j2xml','',0,1,1,0,'{\"legacy\":false,\"name\":\"J2XML\",\"type\":\"package\",\"creationDate\":\"May 2013\",\"author\":\"Helios Ciancio\",\"copyright\":\"\",\"authorEmail\":\"\",\"authorUrl\":\"\",\"version\":\"3.1.a3\",\"description\":\"Package installer for J2XML\",\"group\":\"\"}','{}','','',0,'0000-00-00 00:00:00',0,0),(10006,'akeeba','component','com_akeeba','',1,1,0,0,'{\"legacy\":false,\"name\":\"Akeeba\",\"type\":\"component\",\"creationDate\":\"2013-06-29\",\"author\":\"Nicholas K. Dionysopoulos\",\"copyright\":\"Copyright (c)2006-2012 Nicholas K. Dionysopoulos\",\"authorEmail\":\"nicholas@dionysopoulos.me\",\"authorUrl\":\"http:\\/\\/www.akeebabackup.com\",\"version\":\"3.7.10\",\"description\":\"Akeeba Backup Core - Full Joomla! site backup solution, Core Edition.\",\"group\":\"\"}','{\"siteurl\":\"http:\\/\\/mission.ccreadbible.org\\/\",\"jlibrariesdir\":\"C:\\/xampp\\/htdocs\\/zhyesu\\/libraries\",\"jversion\":\"1.6\",\"liveupdate\":\"stuck=0\\nlastcheck=1376501902\\nupdatedata=\\\"Tzo4OiJzdGRDbGFzcyI6ODp7czo5OiJzdXBwb3J0ZWQiO2I6MTtzOjU6InN0dWNrIjtiOjA7czo3OiJ2ZXJzaW9uIjtzOjY6IjMuNy4xMCI7czo0OiJkYXRlIjtzOjEwOiIyMDEzLTA2LTI5IjtzOjk6InN0YWJpbGl0eSI7czo2OiJzdGFibGUiO3M6MTE6ImRvd25sb2FkVVJMIjtzOjg0OiJodHRwOi8vY2RuLmFrZWViYWJhY2t1cC5jb20vZG93bmxvYWRzL2FrZWViYWJhY2t1cC8zLjcuMTAvY29tX2FrZWViYS0zLjcuMTAtY29yZS56aXAiO3M6NzoiaW5mb1VSTCI7czo2NDoiaHR0cHM6Ly93d3cuYWtlZWJhYmFja3VwLmNvbS9kb3dubG9hZHMvYWtlZWJhLWJhY2t1cC8zLTctMTAuaHRtbCI7czoxMjoicmVsZWFzZW5vdGVzIjtzOjE1Mjg6IjxoMz5XaHkgYSBuZXcgcmVsZWFzZSBhZ2Fpbj88L2gzPjxwPiBUaGUgcGFja2FnZSBmb3IgQWtlZWJhIEJhY2t1cCAzLjcuOSB3YXMgYnVpbHQgYW5kIHVwbG9hZGVkIHRvIG91ciBzZXJ2ZXIgdHdpY2UuIFRoZSBmaXJzdCB0aW1lIGl0IHdhcyBhIGJyb2tlbiBwYWNrYWdlLCBpZGVudGljYWwgdG8gMy43LjgsIHdpdGggYSBkaWZmZXJlbnQgdmVyc2lvbiBudW1iZXIuIFdlIGltbWVkaWF0ZWx5IHJlcGxhY2VkIHRoYXQgd2l0aCB0aGUgY29ycmVjdCBwYWNrYWdlLiBJdCBzZWVtcyB0aGF0IGZvciByZWFzb25zIGJleW9uZCB1cyBzb21lIG9mIG91ciB1c2VycyDigJNtYWlubHkgdGhvc2UgaW4gdGhlIFVTIHVzaW5nIHRoZSBDb3JlIHZlcnNpb24sIG1vc3QgbGlrZWx5IGR1ZSB0byBDRE4gY2FjaGluZyBpc3N1ZXPigJMgZG8gc2VlIGFuZCBkb3dubG9hZCB0aGUgYnJva2VuIHBhY2thZ2UuIFRoZSBwYWNrYWdlIGRvZXMgaW5zdGFsbCwgYnV0IHRoZSByZXN1bHRpbmcgYmFja3VwIHRocm93cyBhIGJsYW5rIHBhZ2UgaW4gdGhlIHNpdGUgc2V0dXAgc3RhZ2UuIEFzIGEgcmVzdWx0IHdlIGhhdmUgdG8gY29uc2lkZXIgdmVyc2lvbiAzLjcuOSBhcyBicm9rZW4gYW5kIHJlbGVhc2UgeWV0IGFub3RoZXIgbmV3IHZlcnNpb24uPC9wPjxoMz5HZW5lcmFsIGluZm9ybWF0aW9uPC9oMz48cD4gSWYgeW91IGhhdmUgYSBwcm9ibGVtIGFmdGVyIG9yIGJlZm9yZSBpbnN0YWxsaW5nIHRoZSBjb21wb25lbnQgcGxlYXNlIHJlYWQgb3VyIDxhIGhyZWY9Imh0dHBzOi8vd3d3LmFrZWViYWJhY2t1cC5jb20vaG9tZS9uZXdzLzU1LWdlbmVyYWwvMTUwMi10cm91Ymxlc2hvb3RpbmctaW5zdHJ1Y3Rpb25zLWZvci1mZWItMjAxMy1yZWxlYXNlcy5odG1sIj4gdHJvdWJsZXNob290aW5nIHBhZ2U8L2E+LiBUaGVzZSBpc3N1ZXMgYXJlIG1vcmUgbGlrZWx5IHRvIG9jY3VyIGlmIHlvdSB0cnkgdG8gdXBncmFkZSB0aGlzIGNvbXBvbmVudCB3aGlsZSB5b3UgaGF2ZSBhbiBvbGRlciB2ZXJzaW9uIG9mIGFub3RoZXIgY29tcG9uZW50IG9mIG91cnMgc3RpbGwgaW5zdGFsbGVkIG9uIHlvdXIgc2l0ZS48L3A+PGgzPlJlbGVhc2UgaGlnaGxpZ2h0czwvaDM+PHA+IDxiPk1pY3Jvc29mdCBTUUwgU2VydmVyIGNvbXBhdGliaWxpdHkgKEJFVEEpPC9iPi4gVGhpcyB2ZXJzaW9uIGludHJvZHVjZXMgbGltaXRlZCBjb21wYXRpYmlsaXR5IHdpdGggTWljcm9zb2Z0IFNRTCBTZXJ2ZXIgYW5kIE1pY3Jvc29mdCBXaW5kb3dzIEF6dXJlIFNRTCBkYXRhYmFzZXMgb24gV2luZG93cyBob3N0cyB3aXRoIHRoZSBwcm9wcmlldGFyeSBzcWxzZXJ2ZXIgUEhQIGV4dGVuc2lvbiBmcm9tIE1pY3Jvc29mdC4gWW91IGNhbiBpbnN0YWxsIEFrZWViYSBCYWNrdXAgb24gc2VydmVycyB1c2luZyBvbmUgb2YgdGhvc2UgZGF0YWJhc2VzLiBQbGVhc2UgcmVtZW1iZXIgdG8gZ28gdG8gdGhlIENvbmZpZ3VyYXRpb24gcGFnZSBhbmQgY2hhbmdlIHRoZSBkYXRhYmFzZSBkdW1wIGVuZ2luZSBvcHRpb24gdG8gIlJldmVyc2UgZW5naW5lZXJpbmciO30=\\\"\",\"lastversion\":\"3.7.10\",\"minstability\":\"stable\",\"acceptlicense\":true,\"acceptsupport\":true,\"acceptbackuptest\":true,\"angieupgrade\":1}','','',0,'0000-00-00 00:00:00',0,0),(10007,'PLG_JMONITORING_AKEEBABACKUP_TITLE','plugin','akeebabackup','jmonitoring',0,1,1,0,'{\"legacy\":false,\"name\":\"PLG_JMONITORING_AKEEBABACKUP_TITLE\",\"type\":\"plugin\",\"creationDate\":\"May 2012\",\"author\":\"Nicholas K. Dionysopoulos \\/ AkeebaBackup.com\",\"copyright\":\"\",\"authorEmail\":\"nicholas@dionysopoulos.me\",\"authorUrl\":\"http:\\/\\/www.akeebabackup.com\",\"version\":\"1.0\",\"description\":\"PLG_JMONITORING_AKEEBABACKUP_DESCRIPTION\",\"group\":\"\"}','{\"maxbackupperiod\":\"24\"}','','',0,'0000-00-00 00:00:00',0,0),(10008,'FOF','library','lib_fof','',0,1,1,0,'{\"legacy\":false,\"name\":\"FOF\",\"type\":\"library\",\"creationDate\":\"2013-06-26\",\"author\":\"Nicholas K. Dionysopoulos \\/ Akeeba Ltd\",\"copyright\":\"(C)2011-2013 Nicholas K. Dionysopoulos\",\"authorEmail\":\"nicholas@akeebabackup.com\",\"authorUrl\":\"https:\\/\\/www.akeebabackup.com\",\"version\":\"2.1.b2\",\"description\":\"Framework-on-Framework (FOF) - A rapid component development framework for Joomla!\",\"group\":\"\"}','{}','','',0,'0000-00-00 00:00:00',0,0),(10009,'AkeebaStrapper','file','files_strapper','',0,1,0,0,'{\"legacy\":false,\"name\":\"AkeebaStrapper\",\"type\":\"file\",\"creationDate\":\"July 2012\",\"author\":\"Nicholas K. Dionysopoulos\",\"copyright\":\"(C) 2012-2013 Akeeba Ltd.\",\"authorEmail\":\"nicholas@dionysopoulos.me\",\"authorUrl\":\"https:\\/\\/www.akeebabackup.com\",\"version\":\"1.0.0\",\"description\":\"Namespaced jQuery, jQuery UI and Bootstrap for Akeeba products.\",\"group\":\"\"}','','','',0,'0000-00-00 00:00:00',0,0),(10010,'','language','zh-CN','',0,1,0,0,'{\"legacy\":true,\"name\":\"\\u7b80\\u4f53\\u4e2d\\u6587\",\"type\":\"language\",\"creationDate\":\"2013-04-15\",\"author\":\"CHN Translation Team\",\"copyright\":\"Copyright (C) 2010 CHN Joomla Translation Team  (http:\\/\\/joomlacode.org\\/gf\\/project\\/choice\\/). All rights reserved.\",\"authorEmail\":\"zhous1998@sohu.com\",\"authorUrl\":\"www.joomla.cn\",\"version\":\"2.5.14.1\",\"description\":\"\\n    \\n<div align=\\\"center\\\">\\n <table border=\\\"0\\\" width=\\\"90%\\\">\\n  <table width=\\\"100%\\\" border=\\\"0\\\">\\n  <tr>\\n    <td colspan=\\\"2\\\">Chinese language for Joomla 1.6 back-end. Translated by CHN Joomla Translation Team, one of Joomla Accredited Translations.<\\/td>\\n  <\\/tr>\\n  <tr>\\n    <td colspan=\\\"2\\\">Joomla 2.5 \\u7b80\\u4f53\\u4e2d\\u6587\\u8bed\\u8a00\\u662f\\u7531Joomla\\u6388\\u6743\\u7ffb\\u8bd1\\u7ec4\\u7684Derek Joe\\u5728Joomla 1.6\\u7ffb\\u8bd1\\u5de5\\u4f5c\\u7684\\u57fa\\u7840\\u4e0a\\u8865\\u5145\\u7ffb\\u8bd1\\u3002<\\/td>\\n  <\\/tr>\\n  <tr>\\n    <td colspan=\\\"2\\\">Joomla 2.5\\u7b80\\u4f53\\u4e2d\\u6587\\u8bed\\u8a00\\u5305\\u7684\\u4e3b\\u8981\\u8d21\\u732e\\u4eba\\uff1a<\\/td>\\n  <\\/tr>\\n  <tr>\\n    <td colspan=\\\"2\\\">\\u524d\\u53f0\\uff1a <a href=\\\"http:\\/\\/joomlacode.org\\/gf\\/user\\/wuyujie\\/\\\" target=\\\"_blank\\\">\\u6b66\\u7389\\u6770<\\/a>(wuyujie)\\u3001 <a href=\\\"http:\\/\\/joomlacode.org\\/gf\\/user\\/gzpan123\\/\\\" target=\\\"_blank\\\">\\u90ed\\u5fd7\\u6500<\\/a><\\/td>\\n  <\\/tr>\\n  <tr>\\n    <td colspan=\\\"2\\\">\\u540e\\u53f0\\uff1a <a href=\\\"http:\\/\\/joomlacode.org\\/gf\\/user\\/keydiagram\\/\\\" target=\\\"_blank\\\">Key Diagram<\\/a>\\u3001<a href=\\\"http:\\/\\/joomlacode.org\\/gf\\/user\\/tchyusuf\\/\\\">Yusuf  Wang<\\/a><\\/td>\\n  <\\/tr>\\n  <tr>\\n    <td colspan=\\\"2\\\">\\u5b89\\u88c5\\uff1a <a href=\\\"http:\\/\\/joomlacode.org\\/gf\\/user\\/freechoice\\/\\\" target=\\\"_blank\\\">Johnathan Cheun<\\/a>\\u3001<a href=\\\"http:\\/\\/joomlacode.org\\/gf\\/user\\/tchyusuf\\/\\\">Yusuf  Wang<\\/a>\\u3001 <a href=\\\"http:\\/\\/joomlacode.org\\/gf\\/user\\/zhous\\/\\\" target=\\\"_blank\\\">Derek Joe<\\/a><\\/td>\\n  <\\/tr>\\n  <tr>\\n    <td colspan=\\\"2\\\">\\u793a\\u8303\\u5185\\u5bb9\\u53ca\\u7f16\\u8f91\\u5668\\uff1a <a href=\\\"http:\\/\\/joomlacode.org\\/gf\\/user\\/zhous\\/\\\" target=\\\"_blank\\\">Derek Joe<\\/a><\\/td>\\n  <\\/tr>\\n  <tr>\\n    <td colspan=\\\"2\\\">\\u591a\\u8c22\\u5927\\u5bb6\\u7684\\u8f9b\\u52e4\\u52b3\\u52a8\\uff01\\u8c22\\u8c22wayne82\\u7684\\u53cd\\u9988\\u4e0e\\u5efa\\u8bae\\uff01<\\/td>\\n  <\\/tr>\\n  <tr>\\n    <td width=\\\"132\\\"><p><a href=\\\"http:\\/\\/www.joomla.cn\\/index.php?option=com_kunena&func=showcat&catid=34&Itemid=46&lang=zh\\\" target=\\\"_blank\\\"><img src=\\\"http:\\/\\/www.joomla.cn\\/images\\/aboutjoomlacn.png\\\" alt=\\\"\\u56e7\\u5566!\\u4e2d\\u56fd\\\" width=\\\"130\\\" height=\\\"70\\\" align=\\\"left\\\" longdesc=\\\"http:\\/\\/www.joomla.cn\\\"><br \\/>\\n    <\\/a><\\/p><\\/td>\\n    <td valign=\\\"middle\\\"><a href=\\\"http:\\/\\/www.joomla.cn\\/index.php?option=com_kunena&func=showcat&catid=34&Itemid=46&lang=zh\\\" target=\\\"_blank\\\">Joomla\\u53ca\\u5176\\u6269\\u5c55\\u6c49\\u5316\\u7684\\u5206\\u4eab\\u4e0e\\u8ba8\\u8bba\\u8bf7\\u8bbf\\u95ee\\\"\\u56e7\\u5566!\\u4e2d\\u56fd\\\"<\\/a><br \\/>\\n      <b>\\u6b22\\u8fce\\u559c\\u6b22\\u7ffb\\u8bd1\\u4e14\\u61c2\\u5f97\\u4f7f\\u7528SVN\\u7684\\u670b\\u53cb<\\/b><br \\/>\\n    <a href=\\\"http:\\/\\/www.joomla.cn\\/index.php?option=com_kunena&func=view&catid=34&id=9537&Itemid=46\\\" target=\\\"_blank\\\"><b>\\u52a0\\u5165\\u6211\\u4eec\\u7684\\u7ffb\\u8bd1\\u7ec4\\uff08\\u771f\\u6b63\\u81ea\\u4e3b\\u7684\\u534f\\u4f5c\\u65b9\\u5f0f\\uff09<\\/b><\\/a><\\/td>\\n  <\\/tr>\\n  <tr>\\n    <td colspan=\\\"2\\\">&nbsp;<\\/td>\\n  <\\/tr>\\n<\\/table>\\n <\\/div>\\n  \\n\\t\",\"group\":\"\"}','{}','','',0,'0000-00-00 00:00:00',0,0),(10011,'','language','zh-CN','',1,1,0,0,'{\"legacy\":true,\"name\":\"\\u7b80\\u4f53\\u4e2d\\u6587\",\"type\":\"language\",\"creationDate\":\"2013-04-15\",\"author\":\"Derek Joe(zhous)\",\"copyright\":\"Copyright (C) 2010 CHN Joomla Translation (http:\\/\\/joomlacode.org\\/gf\\/project\\/choice\\/). All rights reserved.\",\"authorEmail\":\"zhous1998@sohu.com\",\"authorUrl\":\"\",\"version\":\"2.5.14.1\",\"description\":\"\\n\\t    \\n<div align=\\\"center\\\">\\n <table border=\\\"0\\\" width=\\\"90%\\\">\\n  <table width=\\\"100%\\\" border=\\\"0\\\">\\n  <tr>\\n    <td colspan=\\\"2\\\">Chinese language for Joomla 2.5 back-end. Translated by CHN Joomla Translation Team, one of Joomla Accredited Translations.<\\/td>\\n  <\\/tr>\\n  <tr>\\n    <td colspan=\\\"2\\\">Joomla 2.5 \\u7b80\\u4f53\\u4e2d\\u6587\\u8bed\\u8a00\\u662f\\u7531Joomla\\u6388\\u6743\\u7ffb\\u8bd1\\u7ec4\\u7684Derek Joe\\u5728Joomla 1.6\\u7ffb\\u8bd1\\u5de5\\u4f5c\\u7684\\u57fa\\u7840\\u4e0a\\u8865\\u5145\\u7ffb\\u8bd1\\u3002<\\/td>\\n  <\\/tr>\\n  <tr>\\n    <td colspan=\\\"2\\\">Joomla 2.5\\u7b80\\u4f53\\u4e2d\\u6587\\u8bed\\u8a00\\u5305\\u7684\\u4e3b\\u8981\\u8d21\\u732e\\u4eba\\uff1a<\\/td>\\n  <\\/tr>\\n  <tr>\\n    <td colspan=\\\"2\\\">\\u524d\\u53f0\\uff1a <a href=\\\"http:\\/\\/joomlacode.org\\/gf\\/user\\/wuyujie\\/\\\" target=\\\"_blank\\\">\\u6b66\\u7389\\u6770<\\/a>(wuyujie)\\u3001 <a href=\\\"http:\\/\\/joomlacode.org\\/gf\\/user\\/gzpan123\\/\\\" target=\\\"_blank\\\">\\u90ed\\u5fd7\\u6500<\\/a><\\/td>\\n  <\\/tr>\\n  <tr>\\n    <td colspan=\\\"2\\\">\\u540e\\u53f0\\uff1a <a href=\\\"http:\\/\\/joomlacode.org\\/gf\\/user\\/keydiagram\\/\\\" target=\\\"_blank\\\">Key Diagram<\\/a>\\u3001<a href=\\\"http:\\/\\/joomlacode.org\\/gf\\/user\\/tchyusuf\\/\\\">Yusuf  Wang<\\/a><\\/td>\\n  <\\/tr>\\n  <tr>\\n    <td colspan=\\\"2\\\">\\u5b89\\u88c5\\uff1a <a href=\\\"http:\\/\\/joomlacode.org\\/gf\\/user\\/freechoice\\/\\\" target=\\\"_blank\\\">Johnathan Cheun<\\/a>\\u3001<a href=\\\"http:\\/\\/joomlacode.org\\/gf\\/user\\/tchyusuf\\/\\\">Yusuf  Wang<\\/a>\\u3001 <a href=\\\"http:\\/\\/joomlacode.org\\/gf\\/user\\/zhous\\/\\\" target=\\\"_blank\\\">Derek Joe<\\/a><\\/td>\\n  <\\/tr>\\n  <tr>\\n    <td colspan=\\\"2\\\">\\u793a\\u8303\\u5185\\u5bb9\\u53ca\\u7f16\\u8f91\\u5668\\uff1a <a href=\\\"http:\\/\\/joomlacode.org\\/gf\\/user\\/zhous\\/\\\" target=\\\"_blank\\\">Derek Joe<\\/a><\\/td>\\n  <\\/tr>\\n  <tr>\\n    <td colspan=\\\"2\\\">\\u591a\\u8c22\\u5927\\u5bb6\\u7684\\u8f9b\\u52e4\\u52b3\\u52a8\\uff01\\u8c22\\u8c22wayne82\\u7684\\u53cd\\u9988\\u4e0e\\u5efa\\u8bae\\uff01<\\/td>\\n  <\\/tr>\\n  <tr>\\n    <td width=\\\"132\\\"><p><a href=\\\"http:\\/\\/www.joomla.cn\\/index.php?option=com_kunena&func=showcat&catid=34&Itemid=46&lang=zh\\\" target=\\\"_blank\\\"><img src=\\\"http:\\/\\/www.joomla.cn\\/images\\/aboutjoomlacn.png\\\" alt=\\\"\\u56e7\\u5566!\\u4e2d\\u56fd\\\" width=\\\"130\\\" height=\\\"70\\\" align=\\\"left\\\" longdesc=\\\"http:\\/\\/www.joomla.cn\\\"><br \\/>\\n    <\\/a><\\/p><\\/td>\\n    <td valign=\\\"middle\\\"><a href=\\\"http:\\/\\/www.joomla.cn\\/index.php?option=com_kunena&func=showcat&catid=34&Itemid=46&lang=zh\\\" target=\\\"_blank\\\">Joomla\\u53ca\\u5176\\u6269\\u5c55\\u6c49\\u5316\\u7684\\u5206\\u4eab\\u4e0e\\u8ba8\\u8bba\\u8bf7\\u8bbf\\u95ee\\\"\\u56e7\\u5566!\\u4e2d\\u56fd\\\"<\\/a><br \\/>\\n      <b>\\u6b22\\u8fce\\u559c\\u6b22\\u7ffb\\u8bd1\\u4e14\\u61c2\\u5f97\\u4f7f\\u7528SVN\\u7684\\u670b\\u53cb<\\/b><br \\/>\\n    <a href=\\\"http:\\/\\/www.joomla.cn\\/index.php?option=com_kunena&func=view&catid=34&id=9537&Itemid=46\\\" target=\\\"_blank\\\"><b>\\u52a0\\u5165\\u6211\\u4eec\\u7684\\u7ffb\\u8bd1\\u7ec4\\uff08\\u771f\\u6b63\\u81ea\\u4e3b\\u7684\\u534f\\u4f5c\\u65b9\\u5f0f\\uff09<\\/b><\\/a><\\/td>\\n  <\\/tr>\\n  <tr>\\n    <td colspan=\\\"2\\\">&nbsp;<\\/td>\\n  <\\/tr>\\n<\\/table>\\n <\\/div>\\n  \\n\\t\",\"group\":\"\"}','{}','','',0,'0000-00-00 00:00:00',0,0),(10012,'zh-CN','package','pkg_zh-CN','',0,1,1,0,'{\"legacy\":false,\"name\":\"\\u7b80\\u4f53\\u4e2d\\u6587Simplified Chinese\",\"type\":\"package\",\"creationDate\":\"2013-04-15\",\"author\":\"CHN Translation Team\",\"copyright\":\"Copyright (C) 2010 CHN Joomla Translation Team  (http:\\/\\/joomlacode.org\\/gf\\/project\\/choice\\/). All rights reserved.\",\"authorEmail\":\"zhous1998@sohu.com\",\"authorUrl\":\"www.joomla.cn\",\"version\":\"2.5.14.1\",\"description\":\"\\n\\t\\n\\t<h3>Joomla! 2.5.14\\u7b80\\u4f53\\u4e2d\\u6587\\u8bed\\u8a00\\u5305\\u7b2c\\u4e00\\u7248<\\/h3>\\n    <h3>Joomla! 2.5.14 Full Simplified Chinese (zh-CN) Language Package version 1<\\/h3>\\n    <h3>\\u672c\\u5b89\\u88c5\\u5305\\u5df2\\u5305\\u542bJoomla\\u6838\\u5fc3\\u7f16\\u8f91\\u5668TinyMCE 3.4.9\\u7684\\u4e2d\\u6587\\u8bed\\u8a00<\\/h3>\\n\\t<div>\\n\\tJoomla 2.5.14\\u8bed\\u8a00\\u662f\\u7531Joomla\\u5b98\\u65b9\\u7ffb\\u8bd1\\u7ec4\\u7684Derek Joe\\u7ec4\\u7ec7\\u7ffb\\u8bd1\\u3002\\u5de5\\u4f5c\\u662f\\u5728Joomla1.6\\u7684\\u57fa\\u7840\\u4e0a\\u8fdb\\u884c\\u7684\\u3002Joomla 2.5.14\\u8bed\\u8a00\\u7684\\u8865\\u5145\\u7531Derek Joe\\u5b8c\\u6210\\u3002\\u611f\\u8c22Joomla\\u7b80\\u4f53\\u4e2d\\u6587\\u7ffb\\u8bd1\\u7ec4\\u7684\\u6240\\u6709\\u5fd7\\u613f\\u8005\\uff1a\\u6b66\\u7389\\u6770\\u3001Key Diagram\\u3001Yusuf  Wang\\u3001\\u90ed\\u5fd7\\u6500\\u3001Eric Wong\\uff08http:\\/\\/berocks2.com\\/\\uff09\\u3001wayne82\\uff01\\u7ffb\\u8bd1\\u57fa\\u5730\\uff1a<a href=\\\"http:\\/\\/www.joomla.cn\\\" target=\\\"_blank\\\">\\u56e7\\u5566!\\u4e2d\\u56fd\\uff08Joomla.cn\\uff09<\\/a>\\u3002\\u7ffb\\u8bd1\\u4e0e\\u4f7f\\u7528\\u4ea4\\u6d41\\uff1a\\uff1a<a href=\\\"http:\\/\\/weibo.com\\/joomlacn\\\" target=\\\"_blank\\\">\\u56e7\\u5566\\u4e2d\\u56fd\\uff08\\u65b0\\u6d6a\\u5fae\\u535a\\uff09<\\/a>\\u3002\\u6b22\\u8fce\\u559c\\u6b22\\u7ffb\\u8bd1\\u7684\\u670b\\u53cb\\u52a0\\u5165\\u6211\\u4eec\\u3002<br><br>\\n\\t\\u6b22\\u8fce\\u52a0\\u5165\\u201cJoomla\\u4f7f\\u7528\\u4ea4\\u6d41\\u201dQ\\u7fa4\\uff1a154673214\\u300172746093\\u3002<br> <br>\\n\\t<\\/div>\\n\\t\\n\\t\",\"group\":\"\"}','{}','','',0,'0000-00-00 00:00:00',0,0),(10013,'AllVideos (by JoomlaWorks)','plugin','jw_allvideos','content',0,1,1,0,'{\"legacy\":false,\"name\":\"AllVideos (by JoomlaWorks)\",\"type\":\"plugin\",\"creationDate\":\"February 27th, 2013\",\"author\":\"JoomlaWorks\",\"copyright\":\"Copyright (c) 2006 - 2013 JoomlaWorks Ltd. All rights reserved.\",\"authorEmail\":\"contact@joomlaworks.net\",\"authorUrl\":\"www.joomlaworks.net\",\"version\":\"4.5.0\",\"description\":\"JW_PLG_AV_XML_DESC\",\"group\":\"\"}','{\"\":\"JW_PLG_AV_PERFORMANCE_PARAMETERS\",\"playerTemplate\":\"Classic\",\"vfolder\":\"images\\/videos\",\"vwidth\":\"400\",\"vheight\":\"300\",\"transparency\":\"transparent\",\"background\":\"#010101\",\"controlBarLocation\":\"bottom\",\"backgroundQT\":\"black\",\"afolder\":\"images\\/audio\",\"awidth\":\"480\",\"aheight\":\"24\",\"abackground\":\"#010101\",\"afrontcolor\":\"#FFFFFF\",\"alightcolor\":\"#00ADE3\",\"allowAudioDownloading\":\"0\",\"autoplay\":\"0\",\"gzipScripts\":\"0\"}','','',0,'0000-00-00 00:00:00',0,0),(10014,'TinyMCE zh-CN','file','tinymce_zh-CN','',0,1,0,0,'{\"legacy\":false,\"name\":\"TinyMCE zh-CN\",\"type\":\"file\",\"creationDate\":\"2012.05.23\",\"author\":\"Joomla! China\",\"copyright\":\"Copyright (C) 2005 - 2012 Open Source Matters. All rights reserved\",\"authorEmail\":\"zhous1998@gmail.com\",\"authorUrl\":\"www.joomla.cn\",\"version\":\"3.4.9\",\"description\":\"Joomla\\u6838\\u5fc3\\u7f16\\u8f91\\u5668TinyMCE 3.4.9\\u7684\\u7b80\\u4f53\\u4e2d\\u6587\\u8bed\\u8a00\\u5305\\u3002Simplified Chinese Language Package for TinyMCE 3.4.9 in Joomla 2.5.\",\"group\":\"\"}','','','',0,'0000-00-00 00:00:00',0,0),(10015,'','language','zh-TW','',0,1,0,0,'{\"legacy\":false,\"name\":\"\\u4e2d\\u6587(\\u7e41\\u9ad4\\uff0e\\u53f0\\u7063)\",\"type\":\"language\",\"creationDate\":\"2013-07-29\",\"author\":\"Traditional Chinese translation team : Joomla! Taiwan\",\"copyright\":\"Copyright (C) 2005 - 2012 Open Source Matters & Joomla! Taiwan All rights reserved.\",\"authorEmail\":\"joomlaorg@joomla.org.tw\",\"authorUrl\":\"www.joomla.org.tw\",\"version\":\"2.5.13.1\",\"description\":\"zh-TW site language\",\"group\":\"\"}','{}','','',0,'0000-00-00 00:00:00',0,0),(10016,'','language','zh-TW','',1,1,0,0,'{\"legacy\":false,\"name\":\"\\u4e2d\\u6587(\\u7e41\\u9ad4\\uff0e\\u53f0\\u7063)\",\"type\":\"language\",\"creationDate\":\"2013-07-29\",\"author\":\"Traditional Chinese translation team : Joomla! Taiwan\",\"copyright\":\"Copyright (C) 2005 - 2012 Open Source Matters & Joomla! Taiwan All rights reserved.\",\"authorEmail\":\"joomlaorg@joomla.org.tw\",\"authorUrl\":\"www.joomla.org.tw\",\"version\":\"2.5.13.1\",\"description\":\"zh-TW administrator language\",\"group\":\"\"}','{}','','',0,'0000-00-00 00:00:00',0,0),(10017,'zh-TW','package','pkg_zh-TW','',0,1,1,0,'{\"legacy\":false,\"name\":\"\\u4e2d\\u6587(\\u7e41\\u9ad4\\uff0e\\u53f0\\u7063)\\u5b8c\\u6574\\u8a9e\\u8a00\\u5305\",\"type\":\"package\",\"creationDate\":\"2013-07-29\",\"author\":\"Traditional Chinese translation team\",\"copyright\":\"Copyright (C) 2005 - 2012 Copyright (C) 2005 - 2012 Open Source Matters & Taiwan Joomla! Community All rights reserved.\",\"authorEmail\":\"eddy@joomla.org.tw\",\"authorUrl\":\"www.joomla.org.tw\",\"version\":\"2.5.13.1\",\"description\":\"\\n      \\n      <h3>Joomla! 2.5.13 \\u7e41\\u9ad4\\u4e2d\\u6587(zh-TW)\\u5b8c\\u6574\\u8a9e\\u8a00\\u5305\\uff0c\\u7248\\u672c1<\\/h3>\\n      <h3>Joomla! 2.5.13 Traditional Chinese (zh-TW) Language Package version 1<\\/h3>\\n      \\n   \",\"group\":\"\"}','{}','','',0,'0000-00-00 00:00:00',0,0),(10018,'_jw_allvideos','plugin','_jw_allvideos','content',0,0,1,0,'false','{}','','',0,'0000-00-00 00:00:00',0,0);

--
-- Table structure for table `zhy_finder_filters`
--

CREATE TABLE `zhy_finder_filters` (
  `filter_id` int(10) unsigned NOT NULL AUTO_INCREMENT,
  `title` varchar(255) NOT NULL,
  `alias` varchar(255) NOT NULL,
  `state` tinyint(1) NOT NULL DEFAULT 1,
  `created` datetime NOT NULL DEFAULT '0000-00-00 00:00:00',
  `created_by` int(10) unsigned NOT NULL,
  `created_by_alias` varchar(255) NOT NULL,
  `modified` datetime NOT NULL DEFAULT '0000-00-00 00:00:00',
  `modified_by` int(10) unsigned NOT NULL DEFAULT 0,
  `checked_out` int(10) unsigned NOT NULL DEFAULT 0,
  `checked_out_time` datetime NOT NULL DEFAULT '0000-00-00 00:00:00',
  `map_count` int(10) unsigned NOT NULL DEFAULT 0,
  `data` text NOT NULL,
  `params` mediumtext DEFAULT NULL,
  PRIMARY KEY (`filter_id`)
) ENGINE=InnoDB DEFAULT CHARSET=utf8 COLLATE=utf8_general_ci;

--
-- Dumping data for table `zhy_finder_filters`
--


--
-- Table structure for table `zhy_finder_links`
--

CREATE TABLE `zhy_finder_links` (
  `link_id` int(10) unsigned NOT NULL AUTO_INCREMENT,
  `url` varchar(255) NOT NULL,
  `route` varchar(255) NOT NULL,
  `title` varchar(255) DEFAULT NULL,
  `description` varchar(255) DEFAULT NULL,
  `indexdate` datetime NOT NULL DEFAULT '0000-00-00 00:00:00',
  `md5sum` varchar(32) DEFAULT NULL,
  `published` tinyint(1) NOT NULL DEFAULT 1,
  `state` int(5) DEFAULT 1,
  `access` int(5) DEFAULT 0,
  `language` varchar(8) NOT NULL,
  `publish_start_date` datetime NOT NULL DEFAULT '0000-00-00 00:00:00',
  `publish_end_date` datetime NOT NULL DEFAULT '0000-00-00 00:00:00',
  `start_date` datetime NOT NULL DEFAULT '0000-00-00 00:00:00',
  `end_date` datetime NOT NULL DEFAULT '0000-00-00 00:00:00',
  `list_price` double unsigned NOT NULL DEFAULT 0,
  `sale_price` double unsigned NOT NULL DEFAULT 0,
  `type_id` int(11) NOT NULL,
  `object` mediumblob NOT NULL,
  PRIMARY KEY (`link_id`),
  KEY `idx_type` (`type_id`),
  KEY `idx_title` (`title`),
  KEY `idx_md5` (`md5sum`),
  KEY `idx_url` (`url`(75)),
  KEY `idx_published_list` (`published`,`state`,`access`,`publish_start_date`,`publish_end_date`,`list_price`),
  KEY `idx_published_sale` (`published`,`state`,`access`,`publish_start_date`,`publish_end_date`,`sale_price`)
) ENGINE=InnoDB DEFAULT CHARSET=utf8 COLLATE=utf8_general_ci;

--
-- Dumping data for table `zhy_finder_links`
--


--
-- Table structure for table `zhy_finder_links_terms0`
--

CREATE TABLE `zhy_finder_links_terms0` (
  `link_id` int(10) unsigned NOT NULL,
  `term_id` int(10) unsigned NOT NULL,
  `weight` float unsigned NOT NULL,
  PRIMARY KEY (`link_id`,`term_id`),
  KEY `idx_term_weight` (`term_id`,`weight`),
  KEY `idx_link_term_weight` (`link_id`,`term_id`,`weight`)
) ENGINE=InnoDB DEFAULT CHARSET=utf8 COLLATE=utf8_general_ci;

--
-- Dumping data for table `zhy_finder_links_terms0`
--


--
-- Table structure for table `zhy_finder_links_terms1`
--

CREATE TABLE `zhy_finder_links_terms1` (
  `link_id` int(10) unsigned NOT NULL,
  `term_id` int(10) unsigned NOT NULL,
  `weight` float unsigned NOT NULL,
  PRIMARY KEY (`link_id`,`term_id`),
  KEY `idx_term_weight` (`term_id`,`weight`),
  KEY `idx_link_term_weight` (`link_id`,`term_id`,`weight`)
) ENGINE=InnoDB DEFAULT CHARSET=utf8 COLLATE=utf8_general_ci;

--
-- Dumping data for table `zhy_finder_links_terms1`
--


--
-- Table structure for table `zhy_finder_links_terms2`
--

CREATE TABLE `zhy_finder_links_terms2` (
  `link_id` int(10) unsigned NOT NULL,
  `term_id` int(10) unsigned NOT NULL,
  `weight` float unsigned NOT NULL,
  PRIMARY KEY (`link_id`,`term_id`),
  KEY `idx_term_weight` (`term_id`,`weight`),
  KEY `idx_link_term_weight` (`link_id`,`term_id`,`weight`)
) ENGINE=InnoDB DEFAULT CHARSET=utf8 COLLATE=utf8_general_ci;

--
-- Dumping data for table `zhy_finder_links_terms2`
--


--
-- Table structure for table `zhy_finder_links_terms3`
--

CREATE TABLE `zhy_finder_links_terms3` (
  `link_id` int(10) unsigned NOT NULL,
  `term_id` int(10) unsigned NOT NULL,
  `weight` float unsigned NOT NULL,
  PRIMARY KEY (`link_id`,`term_id`),
  KEY `idx_term_weight` (`term_id`,`weight`),
  KEY `idx_link_term_weight` (`link_id`,`term_id`,`weight`)
) ENGINE=InnoDB DEFAULT CHARSET=utf8 COLLATE=utf8_general_ci;

--
-- Dumping data for table `zhy_finder_links_terms3`
--


--
-- Table structure for table `zhy_finder_links_terms4`
--

CREATE TABLE `zhy_finder_links_terms4` (
  `link_id` int(10) unsigned NOT NULL,
  `term_id` int(10) unsigned NOT NULL,
  `weight` float unsigned NOT NULL,
  PRIMARY KEY (`link_id`,`term_id`),
  KEY `idx_term_weight` (`term_id`,`weight`),
  KEY `idx_link_term_weight` (`link_id`,`term_id`,`weight`)
) ENGINE=InnoDB DEFAULT CHARSET=utf8 COLLATE=utf8_general_ci;

--
-- Dumping data for table `zhy_finder_links_terms4`
--


--
-- Table structure for table `zhy_finder_links_terms5`
--

CREATE TABLE `zhy_finder_links_terms5` (
  `link_id` int(10) unsigned NOT NULL,
  `term_id` int(10) unsigned NOT NULL,
  `weight` float unsigned NOT NULL,
  PRIMARY KEY (`link_id`,`term_id`),
  KEY `idx_term_weight` (`term_id`,`weight`),
  KEY `idx_link_term_weight` (`link_id`,`term_id`,`weight`)
) ENGINE=InnoDB DEFAULT CHARSET=utf8 COLLATE=utf8_general_ci;

--
-- Dumping data for table `zhy_finder_links_terms5`
--


--
-- Table structure for table `zhy_finder_links_terms6`
--

CREATE TABLE `zhy_finder_links_terms6` (
  `link_id` int(10) unsigned NOT NULL,
  `term_id` int(10) unsigned NOT NULL,
  `weight` float unsigned NOT NULL,
  PRIMARY KEY (`link_id`,`term_id`),
  KEY `idx_term_weight` (`term_id`,`weight`),
  KEY `idx_link_term_weight` (`link_id`,`term_id`,`weight`)
) ENGINE=InnoDB DEFAULT CHARSET=utf8 COLLATE=utf8_general_ci;

--
-- Dumping data for table `zhy_finder_links_terms6`
--


--
-- Table structure for table `zhy_finder_links_terms7`
--

CREATE TABLE `zhy_finder_links_terms7` (
  `link_id` int(10) unsigned NOT NULL,
  `term_id` int(10) unsigned NOT NULL,
  `weight` float unsigned NOT NULL,
  PRIMARY KEY (`link_id`,`term_id`),
  KEY `idx_term_weight` (`term_id`,`weight`),
  KEY `idx_link_term_weight` (`link_id`,`term_id`,`weight`)
) ENGINE=InnoDB DEFAULT CHARSET=utf8 COLLATE=utf8_general_ci;

--
-- Dumping data for table `zhy_finder_links_terms7`
--


--
-- Table structure for table `zhy_finder_links_terms8`
--

CREATE TABLE `zhy_finder_links_terms8` (
  `link_id` int(10) unsigned NOT NULL,
  `term_id` int(10) unsigned NOT NULL,
  `weight` float unsigned NOT NULL,
  PRIMARY KEY (`link_id`,`term_id`),
  KEY `idx_term_weight` (`term_id`,`weight`),
  KEY `idx_link_term_weight` (`link_id`,`term_id`,`weight`)
) ENGINE=InnoDB DEFAULT CHARSET=utf8 COLLATE=utf8_general_ci;

--
-- Dumping data for table `zhy_finder_links_terms8`
--


--
-- Table structure for table `zhy_finder_links_terms9`
--

CREATE TABLE `zhy_finder_links_terms9` (
  `link_id` int(10) unsigned NOT NULL,
  `term_id` int(10) unsigned NOT NULL,
  `weight` float unsigned NOT NULL,
  PRIMARY KEY (`link_id`,`term_id`),
  KEY `idx_term_weight` (`term_id`,`weight`),
  KEY `idx_link_term_weight` (`link_id`,`term_id`,`weight`)
) ENGINE=InnoDB DEFAULT CHARSET=utf8 COLLATE=utf8_general_ci;

--
-- Dumping data for table `zhy_finder_links_terms9`
--


--
-- Table structure for table `zhy_finder_links_termsa`
--

CREATE TABLE `zhy_finder_links_termsa` (
  `link_id` int(10) unsigned NOT NULL,
  `term_id` int(10) unsigned NOT NULL,
  `weight` float unsigned NOT NULL,
  PRIMARY KEY (`link_id`,`term_id`),
  KEY `idx_term_weight` (`term_id`,`weight`),
  KEY `idx_link_term_weight` (`link_id`,`term_id`,`weight`)
) ENGINE=InnoDB DEFAULT CHARSET=utf8 COLLATE=utf8_general_ci;

--
-- Dumping data for table `zhy_finder_links_termsa`
--


--
-- Table structure for table `zhy_finder_links_termsb`
--

CREATE TABLE `zhy_finder_links_termsb` (
  `link_id` int(10) unsigned NOT NULL,
  `term_id` int(10) unsigned NOT NULL,
  `weight` float unsigned NOT NULL,
  PRIMARY KEY (`link_id`,`term_id`),
  KEY `idx_term_weight` (`term_id`,`weight`),
  KEY `idx_link_term_weight` (`link_id`,`term_id`,`weight`)
) ENGINE=InnoDB DEFAULT CHARSET=utf8 COLLATE=utf8_general_ci;

--
-- Dumping data for table `zhy_finder_links_termsb`
--


--
-- Table structure for table `zhy_finder_links_termsc`
--

CREATE TABLE `zhy_finder_links_termsc` (
  `link_id` int(10) unsigned NOT NULL,
  `term_id` int(10) unsigned NOT NULL,
  `weight` float unsigned NOT NULL,
  PRIMARY KEY (`link_id`,`term_id`),
  KEY `idx_term_weight` (`term_id`,`weight`),
  KEY `idx_link_term_weight` (`link_id`,`term_id`,`weight`)
) ENGINE=InnoDB DEFAULT CHARSET=utf8 COLLATE=utf8_general_ci;

--
-- Dumping data for table `zhy_finder_links_termsc`
--


--
-- Table structure for table `zhy_finder_links_termsd`
--

CREATE TABLE `zhy_finder_links_termsd` (
  `link_id` int(10) unsigned NOT NULL,
  `term_id` int(10) unsigned NOT NULL,
  `weight` float unsigned NOT NULL,
  PRIMARY KEY (`link_id`,`term_id`),
  KEY `idx_term_weight` (`term_id`,`weight`),
  KEY `idx_link_term_weight` (`link_id`,`term_id`,`weight`)
) ENGINE=InnoDB DEFAULT CHARSET=utf8 COLLATE=utf8_general_ci;

--
-- Dumping data for table `zhy_finder_links_termsd`
--


--
-- Table structure for table `zhy_finder_links_termse`
--

CREATE TABLE `zhy_finder_links_termse` (
  `link_id` int(10) unsigned NOT NULL,
  `term_id` int(10) unsigned NOT NULL,
  `weight` float unsigned NOT NULL,
  PRIMARY KEY (`link_id`,`term_id`),
  KEY `idx_term_weight` (`term_id`,`weight`),
  KEY `idx_link_term_weight` (`link_id`,`term_id`,`weight`)
) ENGINE=InnoDB DEFAULT CHARSET=utf8 COLLATE=utf8_general_ci;

--
-- Dumping data for table `zhy_finder_links_termse`
--


--
-- Table structure for table `zhy_finder_links_termsf`
--

CREATE TABLE `zhy_finder_links_termsf` (
  `link_id` int(10) unsigned NOT NULL,
  `term_id` int(10) unsigned NOT NULL,
  `weight` float unsigned NOT NULL,
  PRIMARY KEY (`link_id`,`term_id`),
  KEY `idx_term_weight` (`term_id`,`weight`),
  KEY `idx_link_term_weight` (`link_id`,`term_id`,`weight`)
) ENGINE=InnoDB DEFAULT CHARSET=utf8 COLLATE=utf8_general_ci;

--
-- Dumping data for table `zhy_finder_links_termsf`
--


--
-- Table structure for table `zhy_finder_taxonomy`
--

CREATE TABLE `zhy_finder_taxonomy` (
  `id` int(10) unsigned NOT NULL AUTO_INCREMENT,
  `parent_id` int(10) unsigned NOT NULL DEFAULT 0,
  `title` varchar(255) NOT NULL,
  `state` tinyint(1) unsigned NOT NULL DEFAULT 1,
  `access` tinyint(1) unsigned NOT NULL DEFAULT 0,
  `ordering` tinyint(1) unsigned NOT NULL DEFAULT 0,
  PRIMARY KEY (`id`),
  KEY `parent_id` (`parent_id`),
  KEY `state` (`state`),
  KEY `ordering` (`ordering`),
  KEY `access` (`access`),
  KEY `idx_parent_published` (`parent_id`,`state`,`access`)
) ENGINE=InnoDB AUTO_INCREMENT=2 DEFAULT CHARSET=utf8 COLLATE=utf8_general_ci;

--
-- Dumping data for table `zhy_finder_taxonomy`
--

INSERT INTO `zhy_finder_taxonomy` VALUES (1,0,'ROOT',0,0,0);

--
-- Table structure for table `zhy_finder_taxonomy_map`
--

CREATE TABLE `zhy_finder_taxonomy_map` (
  `link_id` int(10) unsigned NOT NULL,
  `node_id` int(10) unsigned NOT NULL,
  PRIMARY KEY (`link_id`,`node_id`),
  KEY `link_id` (`link_id`),
  KEY `node_id` (`node_id`)
) ENGINE=InnoDB DEFAULT CHARSET=utf8 COLLATE=utf8_general_ci;

--
-- Dumping data for table `zhy_finder_taxonomy_map`
--


--
-- Table structure for table `zhy_finder_terms`
--

CREATE TABLE `zhy_finder_terms` (
  `term_id` int(10) unsigned NOT NULL AUTO_INCREMENT,
  `term` varchar(75) NOT NULL,
  `stem` varchar(75) NOT NULL,
  `common` tinyint(1) unsigned NOT NULL DEFAULT 0,
  `phrase` tinyint(1) unsigned NOT NULL DEFAULT 0,
  `weight` float unsigned NOT NULL DEFAULT 0,
  `soundex` varchar(75) NOT NULL,
  `links` int(10) NOT NULL DEFAULT 0,
  PRIMARY KEY (`term_id`),
  UNIQUE KEY `idx_term` (`term`),
  KEY `idx_term_phrase` (`term`,`phrase`),
  KEY `idx_stem_phrase` (`stem`,`phrase`),
  KEY `idx_soundex_phrase` (`soundex`,`phrase`)
) ENGINE=InnoDB DEFAULT CHARSET=utf8 COLLATE=utf8_general_ci;

--
-- Dumping data for table `zhy_finder_terms`
--


--
-- Table structure for table `zhy_finder_terms_common`
--

CREATE TABLE `zhy_finder_terms_common` (
  `term` varchar(75) NOT NULL,
  `language` varchar(3) NOT NULL,
  KEY `idx_word_lang` (`term`,`language`),
  KEY `idx_lang` (`language`)
) ENGINE=InnoDB DEFAULT CHARSET=utf8 COLLATE=utf8_general_ci;

--
-- Dumping data for table `zhy_finder_terms_common`
--

INSERT INTO `zhy_finder_terms_common` VALUES ('a','en'),('about','en'),('after','en'),('ago','en'),('all','en'),('am','en'),('an','en'),('and','en'),('ani','en'),('any','en'),('are','en'),('aren\'t','en'),('as','en'),('at','en'),('be','en'),('but','en'),('by','en'),('for','en'),('from','en'),('get','en'),('go','en'),('how','en'),('if','en'),('in','en'),('into','en'),('is','en'),('isn\'t','en'),('it','en'),('its','en'),('me','en'),('more','en'),('most','en'),('must','en'),('my','en'),('new','en'),('no','en'),('none','en'),('not','en'),('noth','en'),('nothing','en'),('of','en'),('off','en'),('often','en'),('old','en'),('on','en'),('onc','en'),('once','en'),('onli','en'),('only','en'),('or','en'),('other','en'),('our','en'),('ours','en'),('out','en'),('over','en'),('page','en'),('she','en'),('should','en'),('small','en'),('so','en'),('some','en'),('than','en'),('thank','en'),('that','en'),('the','en'),('their','en'),('theirs','en'),('them','en'),('then','en'),('there','en'),('these','en'),('they','en'),('this','en'),('those','en'),('thus','en'),('time','en'),('times','en'),('to','en'),('too','en'),('true','en'),('under','en'),('until','en'),('up','en'),('upon','en'),('use','en'),('user','en'),('users','en'),('veri','en'),('version','en'),('very','en'),('via','en'),('want','en'),('was','en'),('way','en'),('were','en'),('what','en'),('when','en'),('where','en'),('whi','en'),('which','en'),('who','en'),('whom','en'),('whose','en'),('why','en'),('wide','en'),('will','en'),('with','en'),('within','en'),('without','en'),('would','en'),('yes','en'),('yet','en'),('you','en'),('your','en'),('yours','en');

--
-- Table structure for table `zhy_finder_tokens`
--

CREATE TABLE `zhy_finder_tokens` (
  `term` varchar(75) NOT NULL,
  `stem` varchar(75) NOT NULL,
  `common` tinyint(1) unsigned NOT NULL DEFAULT 0,
  `phrase` tinyint(1) unsigned NOT NULL DEFAULT 0,
  `weight` float unsigned NOT NULL DEFAULT 1,
  `context` tinyint(1) unsigned NOT NULL DEFAULT 2,
  KEY `idx_word` (`term`),
  KEY `idx_context` (`context`)
) ENGINE=MEMORY DEFAULT CHARSET=utf8 COLLATE=utf8_general_ci;

--
-- Dumping data for table `zhy_finder_tokens`
--


--
-- Table structure for table `zhy_finder_tokens_aggregate`
--

CREATE TABLE `zhy_finder_tokens_aggregate` (
  `term_id` int(10) unsigned NOT NULL,
  `map_suffix` char(1) NOT NULL,
  `term` varchar(75) NOT NULL,
  `stem` varchar(75) NOT NULL,
  `common` tinyint(1) unsigned NOT NULL DEFAULT 0,
  `phrase` tinyint(1) unsigned NOT NULL DEFAULT 0,
  `term_weight` float unsigned NOT NULL,
  `context` tinyint(1) unsigned NOT NULL DEFAULT 2,
  `context_weight` float unsigned NOT NULL,
  `total_weight` float unsigned NOT NULL,
  KEY `token` (`term`),
  KEY `keyword_id` (`term_id`)
) ENGINE=MEMORY DEFAULT CHARSET=utf8 COLLATE=utf8_general_ci;

--
-- Dumping data for table `zhy_finder_tokens_aggregate`
--


--
-- Table structure for table `zhy_finder_types`
--

CREATE TABLE `zhy_finder_types` (
  `id` int(10) unsigned NOT NULL AUTO_INCREMENT,
  `title` varchar(100) NOT NULL,
  `mime` varchar(100) NOT NULL,
  PRIMARY KEY (`id`),
  UNIQUE KEY `title` (`title`)
) ENGINE=InnoDB DEFAULT CHARSET=utf8 COLLATE=utf8_general_ci;

--
-- Dumping data for table `zhy_finder_types`
--


--
-- Table structure for table `zhy_j2xml_websites`
--

CREATE TABLE `zhy_j2xml_websites` (
  `id` int(11) unsigned NOT NULL AUTO_INCREMENT,
  `title` varchar(255) NOT NULL DEFAULT '',
  `alias` varchar(255) NOT NULL DEFAULT '',
  `remote_url` varchar(255) NOT NULL DEFAULT '',
  `username` varchar(255) NOT NULL DEFAULT '',
  `password` varchar(255) NOT NULL DEFAULT '',
  `state` tinyint(3) NOT NULL DEFAULT 0,
  `checked_out` int(11) NOT NULL DEFAULT 0,
  `checked_out_time` datetime NOT NULL DEFAULT '0000-00-00 00:00:00',
  PRIMARY KEY (`id`)
) ENGINE=MyISAM AUTO_INCREMENT=2 DEFAULT CHARSET=utf8 COLLATE=utf8_general_ci;

--
-- Dumping data for table `zhy_j2xml_websites`
--

INSERT INTO `zhy_j2xml_websites` VALUES (1,'fymx','','www.fymx.org','jgau','watcom',1,0,'0000-00-00 00:00:00');

--
-- Table structure for table `zhy_languages`
--

CREATE TABLE `zhy_languages` (
  `lang_id` int(11) unsigned NOT NULL AUTO_INCREMENT,
  `lang_code` char(7) NOT NULL,
  `title` varchar(50) NOT NULL,
  `title_native` varchar(50) NOT NULL,
  `sef` varchar(50) NOT NULL,
  `image` varchar(50) NOT NULL,
  `description` varchar(512) NOT NULL,
  `metakey` text NOT NULL,
  `metadesc` text NOT NULL,
  `sitename` varchar(1024) NOT NULL DEFAULT '',
  `published` int(11) NOT NULL DEFAULT 0,
  `access` int(10) unsigned NOT NULL DEFAULT 0,
  `ordering` int(11) NOT NULL DEFAULT 0,
  PRIMARY KEY (`lang_id`),
  UNIQUE KEY `idx_sef` (`sef`),
  UNIQUE KEY `idx_image` (`image`),
  UNIQUE KEY `idx_langcode` (`lang_code`),
  KEY `idx_access` (`access`),
  KEY `idx_ordering` (`ordering`)
) ENGINE=InnoDB AUTO_INCREMENT=2 DEFAULT CHARSET=utf8 COLLATE=utf8_general_ci;

--
-- Dumping data for table `zhy_languages`
--

INSERT INTO `zhy_languages` VALUES (1,'en-GB','English (UK)','English (UK)','en','en','','','','',1,0,1);

--
-- Table structure for table `zhy_menu`
--

CREATE TABLE `zhy_menu` (
  `id` int(11) NOT NULL AUTO_INCREMENT,
  `menutype` varchar(24) NOT NULL COMMENT 'The type of menu this item belongs to. FK to #__menu_types.menutype',
  `title` varchar(255) NOT NULL COMMENT 'The display title of the menu item.',
  `alias` varchar(255) CHARACTER SET utf8 COLLATE utf8_bin NOT NULL COMMENT 'The SEF alias of the menu item.',
  `note` varchar(255) NOT NULL DEFAULT '',
  `path` varchar(1024) NOT NULL COMMENT 'The computed path of the menu item based on the alias field.',
  `link` varchar(1024) NOT NULL COMMENT 'The actually link the menu item refers to.',
  `type` varchar(16) NOT NULL COMMENT 'The type of link: Component, URL, Alias, Separator',
  `published` tinyint(4) NOT NULL DEFAULT 0 COMMENT 'The published state of the menu link.',
  `parent_id` int(10) unsigned NOT NULL DEFAULT 1 COMMENT 'The parent menu item in the menu tree.',
  `level` int(10) unsigned NOT NULL DEFAULT 0 COMMENT 'The relative level in the tree.',
  `component_id` int(10) unsigned NOT NULL DEFAULT 0 COMMENT 'FK to #__extensions.id',
  `ordering` int(11) NOT NULL DEFAULT 0 COMMENT 'The relative ordering of the menu item in the tree.',
  `checked_out` int(10) unsigned NOT NULL DEFAULT 0 COMMENT 'FK to #__users.id',
  `checked_out_time` timestamp NOT NULL DEFAULT '0000-00-00 00:00:00' COMMENT 'The time the menu item was checked out.',
  `browserNav` tinyint(4) NOT NULL DEFAULT 0 COMMENT 'The click behaviour of the link.',
  `access` int(10) unsigned NOT NULL DEFAULT 0 COMMENT 'The access level required to view the menu item.',
  `img` varchar(255) NOT NULL COMMENT 'The image of the menu item.',
  `template_style_id` int(10) unsigned NOT NULL DEFAULT 0,
  `params` text NOT NULL COMMENT 'JSON encoded data for the menu item.',
  `lft` int(11) NOT NULL DEFAULT 0 COMMENT 'Nested set lft.',
  `rgt` int(11) NOT NULL DEFAULT 0 COMMENT 'Nested set rgt.',
  `home` tinyint(3) unsigned NOT NULL DEFAULT 0 COMMENT 'Indicates if this menu item is the home or default page.',
  `language` char(7) NOT NULL DEFAULT '',
  `client_id` tinyint(4) NOT NULL DEFAULT 0,
  PRIMARY KEY (`id`),
  UNIQUE KEY `idx_client_id_parent_id_alias_language` (`client_id`,`parent_id`,`alias`,`language`),
  KEY `idx_componentid` (`component_id`,`menutype`,`published`,`access`),
  KEY `idx_menutype` (`menutype`),
  KEY `idx_left_right` (`lft`,`rgt`),
  KEY `idx_alias` (`alias`),
  KEY `idx_path` (`path`(255)),
  KEY `idx_language` (`language`)
) ENGINE=InnoDB AUTO_INCREMENT=106 DEFAULT CHARSET=utf8 COLLATE=utf8_general_ci;

--
-- Dumping data for table `zhy_menu`
--

INSERT INTO `zhy_menu` VALUES (1,'','Menu_Item_Root','root','','','','',1,0,0,0,0,0,'0000-00-00 00:00:00',0,0,'',0,'',0,51,0,'*',0),(2,'menu','com_banners','Banners','','Banners','index.php?option=com_banners','component',0,1,1,4,0,0,'0000-00-00 00:00:00',0,0,'class:banners',0,'',1,10,0,'*',1),(3,'menu','com_banners','Banners','','Banners/Banners','index.php?option=com_banners','component',0,2,2,4,0,0,'0000-00-00 00:00:00',0,0,'class:banners',0,'',2,3,0,'*',1),(4,'menu','com_banners_categories','Categories','','Banners/Categories','index.php?option=com_categories&extension=com_banners','component',0,2,2,6,0,0,'0000-00-00 00:00:00',0,0,'class:banners-cat',0,'',4,5,0,'*',1),(5,'menu','com_banners_clients','Clients','','Banners/Clients','index.php?option=com_banners&view=clients','component',0,2,2,4,0,0,'0000-00-00 00:00:00',0,0,'class:banners-clients',0,'',6,7,0,'*',1),(6,'menu','com_banners_tracks','Tracks','','Banners/Tracks','index.php?option=com_banners&view=tracks','component',0,2,2,4,0,0,'0000-00-00 00:00:00',0,0,'class:banners-tracks',0,'',8,9,0,'*',1),(7,'menu','com_contact','Contacts','','Contacts','index.php?option=com_contact','component',0,1,1,8,0,0,'0000-00-00 00:00:00',0,0,'class:contact',0,'',11,16,0,'*',1),(8,'menu','com_contact','Contacts','','Contacts/Contacts','index.php?option=com_contact','component',0,7,2,8,0,0,'0000-00-00 00:00:00',0,0,'class:contact',0,'',12,13,0,'*',1),(9,'menu','com_contact_categories','Categories','','Contacts/Categories','index.php?option=com_categories&extension=com_contact','component',0,7,2,6,0,0,'0000-00-00 00:00:00',0,0,'class:contact-cat',0,'',14,15,0,'*',1),(10,'menu','com_messages','Messaging','','Messaging','index.php?option=com_messages','component',0,1,1,15,0,0,'0000-00-00 00:00:00',0,0,'class:messages',0,'',17,22,0,'*',1),(11,'menu','com_messages_add','New Private Message','','Messaging/New Private Message','index.php?option=com_messages&task=message.add','component',0,10,2,15,0,0,'0000-00-00 00:00:00',0,0,'class:messages-add',0,'',18,19,0,'*',1),(12,'menu','com_messages_read','Read Private Message','','Messaging/Read Private Message','index.php?option=com_messages','component',0,10,2,15,0,0,'0000-00-00 00:00:00',0,0,'class:messages-read',0,'',20,21,0,'*',1),(13,'menu','com_newsfeeds','News Feeds','','News Feeds','index.php?option=com_newsfeeds','component',0,1,1,17,0,0,'0000-00-00 00:00:00',0,0,'class:newsfeeds',0,'',23,28,0,'*',1),(14,'menu','com_newsfeeds_feeds','Feeds','','News Feeds/Feeds','index.php?option=com_newsfeeds','component',0,13,2,17,0,0,'0000-00-00 00:00:00',0,0,'class:newsfeeds',0,'',24,25,0,'*',1),(15,'menu','com_newsfeeds_categories','Categories','','News Feeds/Categories','index.php?option=com_categories&extension=com_newsfeeds','component',0,13,2,6,0,0,'0000-00-00 00:00:00',0,0,'class:newsfeeds-cat',0,'',26,27,0,'*',1),(16,'menu','com_redirect','Redirect','','Redirect','index.php?option=com_redirect','component',0,1,1,24,0,0,'0000-00-00 00:00:00',0,0,'class:redirect',0,'',41,42,0,'*',1),(17,'menu','com_search','Basic Search','','Basic Search','index.php?option=com_search','component',0,1,1,19,0,0,'0000-00-00 00:00:00',0,0,'class:search',0,'',33,34,0,'*',1),(18,'menu','com_weblinks','Weblinks','','Weblinks','index.php?option=com_weblinks','component',0,1,1,21,0,0,'0000-00-00 00:00:00',0,0,'class:weblinks',0,'',35,40,0,'*',1),(19,'menu','com_weblinks_links','Links','','Weblinks/Links','index.php?option=com_weblinks','component',0,18,2,21,0,0,'0000-00-00 00:00:00',0,0,'class:weblinks',0,'',36,37,0,'*',1),(20,'menu','com_weblinks_categories','Categories','','Weblinks/Categories','index.php?option=com_categories&extension=com_weblinks','component',0,18,2,6,0,0,'0000-00-00 00:00:00',0,0,'class:weblinks-cat',0,'',38,39,0,'*',1),(21,'menu','com_finder','Smart Search','','Smart Search','index.php?option=com_finder','component',0,1,1,27,0,0,'0000-00-00 00:00:00',0,0,'class:finder',0,'',31,32,0,'*',1),(22,'menu','com_joomlaupdate','Joomla! Update','','Joomla! Update','index.php?option=com_joomlaupdate','component',0,1,1,28,0,0,'0000-00-00 00:00:00',0,0,'class:joomlaupdate',0,'',41,42,0,'*',1),(101,'mainmenu','Home','home','','home','index.php?option=com_content&view=featured','component',1,1,1,22,0,0,'0000-00-00 00:00:00',0,1,'',0,'{\"featured_categories\":[\"\"],\"num_leading_articles\":\"1\",\"num_intro_articles\":\"3\",\"num_columns\":\"3\",\"num_links\":\"0\",\"orderby_pri\":\"\",\"orderby_sec\":\"front\",\"order_date\":\"\",\"multi_column_order\":\"1\",\"show_pagination\":\"2\",\"show_pagination_results\":\"1\",\"show_noauth\":\"\",\"article-allow_ratings\":\"\",\"article-allow_comments\":\"\",\"show_feed_link\":\"1\",\"feed_summary\":\"\",\"show_title\":\"\",\"link_titles\":\"\",\"show_intro\":\"\",\"show_category\":\"\",\"link_category\":\"\",\"show_parent_category\":\"\",\"link_parent_category\":\"\",\"show_author\":\"\",\"show_create_date\":\"\",\"show_modify_date\":\"\",\"show_publish_date\":\"\",\"show_item_navigation\":\"\",\"show_readmore\":\"\",\"show_icons\":\"\",\"show_print_icon\":\"\",\"show_email_icon\":\"\",\"show_hits\":\"\",\"menu-anchor_title\":\"\",\"menu-anchor_css\":\"\",\"menu_image\":\"\",\"show_page_heading\":1,\"page_title\":\"\",\"page_heading\":\"\",\"pageclass_sfx\":\"\",\"menu-meta_description\":\"\",\"menu-meta_keywords\":\"\",\"robots\":\"\",\"secure\":0}',29,30,1,'*',0),(102,'main','J2XML','j2xml','','j2xml','index.php?option=com_j2xml','component',0,1,1,10003,0,0,'0000-00-00 00:00:00',0,1,'../media/com_j2xml/images/icon-16-j2xml.png',0,'',43,44,0,'',1),(103,'main','COM_AKEEBA','com-akeeba','','com-akeeba','index.php?option=com_akeeba','component',0,1,1,10006,0,0,'0000-00-00 00:00:00',0,1,'../media/com_akeeba/icons/akeeba-16.png',0,'',45,46,0,'',1),(104,'mainmenu','福音默想','2013-08-01-02-33-15','','2013-08-01-02-33-15','index.php?option=com_content&view=article&id=18','component',1,1,1,22,0,0,'0000-00-00 00:00:00',0,1,'',0,'{\"show_title\":\"\",\"link_titles\":\"\",\"show_intro\":\"\",\"show_category\":\"\",\"link_category\":\"\",\"show_parent_category\":\"\",\"link_parent_category\":\"\",\"show_author\":\"\",\"link_author\":\"\",\"show_create_date\":\"\",\"show_modify_date\":\"\",\"show_publish_date\":\"\",\"show_item_navigation\":\"\",\"show_vote\":\"\",\"show_icons\":\"\",\"show_print_icon\":\"\",\"show_email_icon\":\"\",\"show_hits\":\"\",\"show_noauth\":\"\",\"urls_position\":\"\",\"menu-anchor_title\":\"\",\"menu-anchor_css\":\"\",\"menu_image\":\"\",\"menu_text\":1,\"page_title\":\"\",\"show_page_heading\":0,\"page_heading\":\"\",\"pageclass_sfx\":\"\",\"menu-meta_description\":\"\",\"menu-meta_keywords\":\"\",\"robots\":\"\",\"secure\":0}',47,50,0,'*',0),(105,'mainmenu','繁体','2013-08-01-02-34-19','','2013-08-01-02-33-15/2013-08-01-02-34-19','index.php?option=com_content&view=category&id=46','component',1,104,2,22,0,0,'0000-00-00 00:00:00',0,1,'',0,'{\"show_category_heading_title_text\":\"\",\"show_category_title\":\"\",\"show_description\":\"\",\"show_description_image\":\"\",\"maxLevel\":\"\",\"show_empty_categories\":\"\",\"show_no_articles\":\"\",\"show_subcat_desc\":\"\",\"show_cat_num_articles\":\"\",\"page_subheading\":\"\",\"show_pagination_limit\":\"\",\"filter_field\":\"\",\"show_headings\":\"\",\"list_show_date\":\"\",\"date_format\":\"\",\"list_show_hits\":\"\",\"list_show_author\":\"\",\"orderby_pri\":\"\",\"orderby_sec\":\"order\",\"order_date\":\"\",\"show_pagination\":\"\",\"show_pagination_results\":\"\",\"display_num\":\"10\",\"show_title\":\"\",\"link_titles\":\"\",\"show_intro\":\"\",\"show_category\":\"\",\"link_category\":\"\",\"show_parent_category\":\"\",\"link_parent_category\":\"\",\"show_author\":\"\",\"link_author\":\"\",\"show_create_date\":\"\",\"show_modify_date\":\"\",\"show_publish_date\":\"\",\"show_item_navigation\":\"\",\"show_vote\":\"\",\"show_readmore\":\"\",\"show_readmore_title\":\"\",\"show_icons\":\"\",\"show_print_icon\":\"\",\"show_email_icon\":\"\",\"show_hits\":\"\",\"show_noauth\":\"\",\"show_feed_link\":\"\",\"feed_summary\":\"\",\"menu-anchor_title\":\"\",\"menu-anchor_css\":\"\",\"menu_image\":\"\",\"menu_text\":1,\"page_title\":\"\",\"show_page_heading\":0,\"page_heading\":\"\",\"pageclass_sfx\":\"\",\"menu-meta_description\":\"\",\"menu-meta_keywords\":\"\",\"robots\":\"\",\"secure\":0}',48,49,0,'*',0);

--
-- Table structure for table `zhy_menu_types`
--

CREATE TABLE `zhy_menu_types` (
  `id` int(10) unsigned NOT NULL AUTO_INCREMENT,
  `menutype` varchar(24) NOT NULL,
  `title` varchar(48) NOT NULL,
  `description` varchar(255) NOT NULL DEFAULT '',
  PRIMARY KEY (`id`),
  UNIQUE KEY `idx_menutype` (`menutype`)
) ENGINE=InnoDB AUTO_INCREMENT=2 DEFAULT CHARSET=utf8 COLLATE=utf8_general_ci;

--
-- Dumping data for table `zhy_menu_types`
--

INSERT INTO `zhy_menu_types` VALUES (1,'mainmenu','Main Menu','The main menu for the site');

--
-- Table structure for table `zhy_messages`
--

CREATE TABLE `zhy_messages` (
  `message_id` int(10) unsigned NOT NULL AUTO_INCREMENT,
  `user_id_from` int(10) unsigned NOT NULL DEFAULT 0,
  `user_id_to` int(10) unsigned NOT NULL DEFAULT 0,
  `folder_id` tinyint(3) unsigned NOT NULL DEFAULT 0,
  `date_time` datetime NOT NULL DEFAULT '0000-00-00 00:00:00',
  `state` tinyint(1) NOT NULL DEFAULT 0,
  `priority` tinyint(1) unsigned NOT NULL DEFAULT 0,
  `subject` varchar(255) NOT NULL DEFAULT '',
  `message` text NOT NULL,
  PRIMARY KEY (`message_id`),
  KEY `useridto_state` (`user_id_to`,`state`)
) ENGINE=InnoDB DEFAULT CHARSET=utf8 COLLATE=utf8_general_ci;

--
-- Dumping data for table `zhy_messages`
--


--
-- Table structure for table `zhy_messages_cfg`
--

CREATE TABLE `zhy_messages_cfg` (
  `user_id` int(10) unsigned NOT NULL DEFAULT 0,
  `cfg_name` varchar(100) NOT NULL DEFAULT '',
  `cfg_value` varchar(255) NOT NULL DEFAULT '',
  UNIQUE KEY `idx_user_var_name` (`user_id`,`cfg_name`)
) ENGINE=InnoDB DEFAULT CHARSET=utf8 COLLATE=utf8_general_ci;

--
-- Dumping data for table `zhy_messages_cfg`
--


--
-- Table structure for table `zhy_modules`
--

CREATE TABLE `zhy_modules` (
  `id` int(11) NOT NULL AUTO_INCREMENT,
  `title` varchar(100) NOT NULL DEFAULT '',
  `note` varchar(255) NOT NULL DEFAULT '',
  `content` text NOT NULL,
  `ordering` int(11) NOT NULL DEFAULT 0,
  `position` varchar(50) NOT NULL DEFAULT '',
  `checked_out` int(10) unsigned NOT NULL DEFAULT 0,
  `checked_out_time` datetime NOT NULL DEFAULT '0000-00-00 00:00:00',
  `publish_up` datetime NOT NULL DEFAULT '0000-00-00 00:00:00',
  `publish_down` datetime NOT NULL DEFAULT '0000-00-00 00:00:00',
  `published` tinyint(1) NOT NULL DEFAULT 0,
  `module` varchar(50) DEFAULT NULL,
  `access` int(10) unsigned NOT NULL DEFAULT 0,
  `showtitle` tinyint(3) unsigned NOT NULL DEFAULT 1,
  `params` text NOT NULL,
  `client_id` tinyint(4) NOT NULL DEFAULT 0,
  `language` char(7) NOT NULL,
  PRIMARY KEY (`id`),
  KEY `published` (`published`,`access`),
  KEY `newsfeeds` (`module`,`published`),
  KEY `idx_language` (`language`)
) ENGINE=InnoDB AUTO_INCREMENT=87 DEFAULT CHARSET=utf8 COLLATE=utf8_general_ci;

--
-- Dumping data for table `zhy_modules`
--

INSERT INTO `zhy_modules` VALUES (1,'Main Menu','','',1,'position-7',0,'0000-00-00 00:00:00','0000-00-00 00:00:00','0000-00-00 00:00:00',1,'mod_menu',1,1,'{\"menutype\":\"mainmenu\",\"startLevel\":\"0\",\"endLevel\":\"0\",\"showAllChildren\":\"0\",\"tag_id\":\"\",\"class_sfx\":\"\",\"window_open\":\"\",\"layout\":\"\",\"moduleclass_sfx\":\"_menu\",\"cache\":\"1\",\"cache_time\":\"900\",\"cachemode\":\"itemid\"}',0,'*'),(2,'Login','','',1,'login',0,'0000-00-00 00:00:00','0000-00-00 00:00:00','0000-00-00 00:00:00',1,'mod_login',1,1,'',1,'*'),(3,'Popular Articles','','',3,'cpanel',0,'0000-00-00 00:00:00','0000-00-00 00:00:00','0000-00-00 00:00:00',1,'mod_popular',3,1,'{\"count\":\"5\",\"catid\":\"\",\"user_id\":\"0\",\"layout\":\"_:default\",\"moduleclass_sfx\":\"\",\"cache\":\"0\",\"automatic_title\":\"1\"}',1,'*'),(4,'Recently Added Articles','','',4,'cpanel',0,'0000-00-00 00:00:00','0000-00-00 00:00:00','0000-00-00 00:00:00',1,'mod_latest',3,1,'{\"count\":\"5\",\"ordering\":\"c_dsc\",\"catid\":\"\",\"user_id\":\"0\",\"layout\":\"_:default\",\"moduleclass_sfx\":\"\",\"cache\":\"0\",\"automatic_title\":\"1\"}',1,'*'),(8,'Toolbar','','',1,'toolbar',0,'0000-00-00 00:00:00','0000-00-00 00:00:00','0000-00-00 00:00:00',1,'mod_toolbar',3,1,'',1,'*'),(9,'Quick Icons','','',1,'icon',0,'0000-00-00 00:00:00','0000-00-00 00:00:00','0000-00-00 00:00:00',1,'mod_quickicon',3,1,'',1,'*'),(10,'Logged-in Users','','',2,'cpanel',0,'0000-00-00 00:00:00','0000-00-00 00:00:00','0000-00-00 00:00:00',1,'mod_logged',3,1,'{\"count\":\"5\",\"name\":\"1\",\"layout\":\"_:default\",\"moduleclass_sfx\":\"\",\"cache\":\"0\",\"automatic_title\":\"1\"}',1,'*'),(12,'Admin Menu','','',1,'menu',0,'0000-00-00 00:00:00','0000-00-00 00:00:00','0000-00-00 00:00:00',1,'mod_menu',3,1,'{\"layout\":\"\",\"moduleclass_sfx\":\"\",\"shownew\":\"1\",\"showhelp\":\"1\",\"cache\":\"0\"}',1,'*'),(13,'Admin Submenu','','',1,'submenu',0,'0000-00-00 00:00:00','0000-00-00 00:00:00','0000-00-00 00:00:00',1,'mod_submenu',3,1,'',1,'*'),(14,'User Status','','',2,'status',0,'0000-00-00 00:00:00','0000-00-00 00:00:00','0000-00-00 00:00:00',1,'mod_status',3,1,'',1,'*'),(15,'Title','','',1,'title',0,'0000-00-00 00:00:00','0000-00-00 00:00:00','0000-00-00 00:00:00',1,'mod_title',3,1,'',1,'*'),(16,'Login Form','','',7,'position-7',0,'0000-00-00 00:00:00','0000-00-00 00:00:00','0000-00-00 00:00:00',1,'mod_login',1,1,'{\"greeting\":\"1\",\"name\":\"0\"}',0,'*'),(17,'Breadcrumbs','','',1,'position-2',0,'0000-00-00 00:00:00','0000-00-00 00:00:00','0000-00-00 00:00:00',1,'mod_breadcrumbs',1,1,'{\"moduleclass_sfx\":\"\",\"showHome\":\"1\",\"homeText\":\"Home\",\"showComponent\":\"1\",\"separator\":\"\",\"cache\":\"1\",\"cache_time\":\"900\",\"cachemode\":\"itemid\"}',0,'*'),(79,'Multilanguage status','','',1,'status',0,'0000-00-00 00:00:00','0000-00-00 00:00:00','0000-00-00 00:00:00',0,'mod_multilangstatus',3,1,'{\"layout\":\"_:default\",\"moduleclass_sfx\":\"\",\"cache\":\"0\"}',1,'*'),(86,'Joomla Version','','',1,'footer',0,'0000-00-00 00:00:00','0000-00-00 00:00:00','0000-00-00 00:00:00',1,'mod_version',3,1,'{\"format\":\"short\",\"product\":\"1\",\"layout\":\"_:default\",\"moduleclass_sfx\":\"\",\"cache\":\"0\"}',1,'*');

--
-- Table structure for table `zhy_modules_menu`
--

CREATE TABLE `zhy_modules_menu` (
  `moduleid` int(11) NOT NULL DEFAULT 0,
  `menuid` int(11) NOT NULL DEFAULT 0,
  PRIMARY KEY (`moduleid`,`menuid`)
) ENGINE=InnoDB DEFAULT CHARSET=utf8 COLLATE=utf8_general_ci;

--
-- Dumping data for table `zhy_modules_menu`
--

INSERT INTO `zhy_modules_menu` VALUES (1,0),(2,0),(3,0),(4,0),(6,0),(7,0),(8,0),(9,0),(10,0),(12,0),(13,0),(14,0),(15,0),(16,0),(17,0),(79,0),(86,0);

--
-- Table structure for table `zhy_newsfeeds`
--

CREATE TABLE `zhy_newsfeeds` (
  `catid` int(11) NOT NULL DEFAULT 0,
  `id` int(10) unsigned NOT NULL AUTO_INCREMENT,
  `name` varchar(100) NOT NULL DEFAULT '',
  `alias` varchar(255) CHARACTER SET utf8 COLLATE utf8_bin NOT NULL DEFAULT '',
  `link` varchar(200) NOT NULL DEFAULT '',
  `filename` varchar(200) DEFAULT NULL,
  `published` tinyint(1) NOT NULL DEFAULT 0,
  `numarticles` int(10) unsigned NOT NULL DEFAULT 1,
  `cache_time` int(10) unsigned NOT NULL DEFAULT 3600,
  `checked_out` int(10) unsigned NOT NULL DEFAULT 0,
  `checked_out_time` datetime NOT NULL DEFAULT '0000-00-00 00:00:00',
  `ordering` int(11) NOT NULL DEFAULT 0,
  `rtl` tinyint(4) NOT NULL DEFAULT 0,
  `access` int(10) unsigned NOT NULL DEFAULT 0,
  `language` char(7) NOT NULL DEFAULT '',
  `params` text NOT NULL,
  `created` datetime NOT NULL DEFAULT '0000-00-00 00:00:00',
  `created_by` int(10) unsigned NOT NULL DEFAULT 0,
  `created_by_alias` varchar(255) NOT NULL DEFAULT '',
  `modified` datetime NOT NULL DEFAULT '0000-00-00 00:00:00',
  `modified_by` int(10) unsigned NOT NULL DEFAULT 0,
  `metakey` text NOT NULL,
  `metadesc` text NOT NULL,
  `metadata` text NOT NULL,
  `xreference` varchar(50) NOT NULL COMMENT 'A reference to enable linkages to external data sets.',
  `publish_up` datetime NOT NULL DEFAULT '0000-00-00 00:00:00',
  `publish_down` datetime NOT NULL DEFAULT '0000-00-00 00:00:00',
  PRIMARY KEY (`id`),
  KEY `idx_access` (`access`),
  KEY `idx_checkout` (`checked_out`),
  KEY `idx_state` (`published`),
  KEY `idx_catid` (`catid`),
  KEY `idx_createdby` (`created_by`),
  KEY `idx_language` (`language`),
  KEY `idx_xreference` (`xreference`)
) ENGINE=InnoDB DEFAULT CHARSET=utf8 COLLATE=utf8_general_ci;

--
-- Dumping data for table `zhy_newsfeeds`
--


--
-- Table structure for table `zhy_overrider`
--

CREATE TABLE `zhy_overrider` (
  `id` int(10) NOT NULL AUTO_INCREMENT COMMENT 'Primary Key',
  `constant` varchar(255) NOT NULL,
  `string` text NOT NULL,
  `file` varchar(255) NOT NULL,
  PRIMARY KEY (`id`)
) ENGINE=InnoDB DEFAULT CHARSET=utf8 COLLATE=utf8_general_ci;

--
-- Dumping data for table `zhy_overrider`
--


--
-- Table structure for table `zhy_redirect_links`
--

CREATE TABLE `zhy_redirect_links` (
  `id` int(10) unsigned NOT NULL AUTO_INCREMENT,
  `old_url` varchar(255) NOT NULL,
  `new_url` varchar(255) NOT NULL,
  `referer` varchar(150) NOT NULL,
  `comment` varchar(255) NOT NULL,
  `hits` int(10) unsigned NOT NULL DEFAULT 0,
  `published` tinyint(4) NOT NULL,
  `created_date` datetime NOT NULL DEFAULT '0000-00-00 00:00:00',
  `modified_date` datetime NOT NULL DEFAULT '0000-00-00 00:00:00',
  PRIMARY KEY (`id`),
  UNIQUE KEY `idx_link_old` (`old_url`),
  KEY `idx_link_modifed` (`modified_date`)
) ENGINE=InnoDB AUTO_INCREMENT=15 DEFAULT CHARSET=utf8 COLLATE=utf8_general_ci;

--
-- Dumping data for table `zhy_redirect_links`
--

INSERT INTO `zhy_redirect_links` VALUES (1,'http://www.zhyesu.org/index.php?option=com_gcalendar&view=gcalendar&Itemid=64&gcalendarview=month&year=1970&month=11&day=9','','','',1,0,'2013-10-05 06:52:29','0000-00-00 00:00:00'),(2,'http://www.zhyesu.org/index.php?option=com_gcalendar&view=gcalendar&Itemid=64&gcalendarview=month&year=2035&month=11&day=1','','','',1,0,'2013-10-05 06:52:40','0000-00-00 00:00:00'),(3,'http://www.zhyesu.org/index.php?option=com_gcalendar&view=gcalendar&Itemid=64&gcalendarview=month&year=2035&month=8&day=3','','','',1,0,'2013-10-05 06:52:52','0000-00-00 00:00:00'),(4,'http://www.zhyesu.org/index.php?option=com_gcalendar&view=gcalendar&Itemid=64&gcalendarview=month&year=1963&month=4&day=1','','','',1,0,'2013-10-05 06:53:04','0000-00-00 00:00:00'),(5,'http://www.zhyesu.org/index.php?option=com_gcalendar&view=gcalendar&Itemid=0&gcalendarview=month&year=1970&month=2&day=17','','','',1,0,'2013-10-05 06:53:15','0000-00-00 00:00:00'),(6,'http://www.zhyesu.org/index.php?option=com_gcalendar&view=gcalendar&Itemid=64&gcalendarview=month&year=1968&month=4&day=29','','','',1,0,'2013-10-05 06:53:30','0000-00-00 00:00:00'),(7,'http://www.zhyesu.org/index.php?option=com_gcalendar&view=gcalendar&Itemid=64&gcalendarview=month&year=2032&month=11&day=26','','','',1,0,'2013-10-05 06:53:41','0000-00-00 00:00:00'),(8,'http://www.zhyesu.org/index.php?option=com_gcalendar&tmpl=component&view=event&eventID=XzY4bzMwZTlnNjhvamNsMWc2MHAzaWNoZ2I4bWpnZDFpYzlqM2VlOW81a3AzYWM4IGZ5bXgub3JnQG0&start=1283983200&end=1284069600&gcid=1&Itemid=64','','','',1,0,'2013-10-05 06:53:52','0000-00-00 00:00:00'),(9,'http://www.zhyesu.org/index.php?option=com_gcalendar&view=gcalendar&Itemid=64&gcalendarview=week&year=2010&month=9&day=14','','','',1,0,'2013-10-05 06:54:06','0000-00-00 00:00:00'),(10,'http://www.zhyesu.org/index.php?option=com_gcalendar&view=gcalendar&Itemid=64&gcalendarview=month&year=1964&month=2&day=28','','','',1,0,'2013-10-05 06:54:18','0000-00-00 00:00:00'),(11,'http://www.zhyesu.org/index.php?option=com_gcalendar&view=gcalendar&Itemid=64&gcalendarview=month&year=2036&month=2&day=20','','','',1,0,'2013-10-05 06:54:29','0000-00-00 00:00:00'),(12,'http://www.zhyesu.org/index.php?option=com_gcalendar&view=gcalendar&Itemid=64&gcalendarview=month&year=1965&month=4&day=6','','','',1,0,'2013-10-05 06:54:41','0000-00-00 00:00:00'),(13,'http://www.zhyesu.org/index.php?option=com_gcalendar&view=gcalendar&Itemid=64&gcalendarview=month&year=1985&month=7&day=15','','','',1,0,'2013-10-05 06:54:53','0000-00-00 00:00:00'),(14,'http://www.zhyesu.org/index.php?option=com_gcalendar&view=gcalendar&Itemid=64&gcalendarview=month&year=1994&month=5&day=1','','','',1,0,'2013-10-05 06:55:03','0000-00-00 00:00:00');

--
-- Table structure for table `zhy_schemas`
--

CREATE TABLE `zhy_schemas` (
  `extension_id` int(11) NOT NULL,
  `version_id` varchar(20) NOT NULL,
  PRIMARY KEY (`extension_id`,`version_id`)
) ENGINE=InnoDB DEFAULT CHARSET=utf8 COLLATE=utf8_general_ci;

--
-- Dumping data for table `zhy_schemas`
--

INSERT INTO `zhy_schemas` VALUES (700,'2.5.13'),(10006,'3.6.0-2012-07-31');

--
-- Table structure for table `zhy_session`
--

CREATE TABLE `zhy_session` (
  `session_id` varchar(200) NOT NULL DEFAULT '',
  `client_id` tinyint(3) unsigned NOT NULL DEFAULT 0,
  `guest` tinyint(4) unsigned DEFAULT 1,
  `time` varchar(14) DEFAULT '',
  `data` mediumtext DEFAULT NULL,
  `userid` int(11) DEFAULT 0,
  `username` varchar(150) DEFAULT '',
  `usertype` varchar(50) DEFAULT '',
  PRIMARY KEY (`session_id`),
  KEY `whosonline` (`guest`,`usertype`),
  KEY `userid` (`userid`),
  KEY `time` (`time`)
) ENGINE=InnoDB DEFAULT CHARSET=utf8 COLLATE=utf8_general_ci;

--
-- Dumping data for table `zhy_session`
--

INSERT INTO `zhy_session` VALUES ('0vpqg7mg7hk9b7mulugb8p98t5',0,1,'1380956104','__default|a:7:{s:15:\"session.counter\";i:1;s:19:\"session.timer.start\";i:1380956103;s:18:\"session.timer.last\";i:1380956103;s:17:\"session.timer.now\";i:1380956103;s:22:\"session.client.browser\";s:71:\"Sogou web spider/4.0(+http://www.sogou.com/docs/help/webmasters.htm#07)\";s:8:\"registry\";O:9:\"JRegistry\":1:{s:7:\"\0*\0data\";O:8:\"stdClass\":0:{}}s:4:\"user\";O:5:\"JUser\":25:{s:9:\"\0*\0isRoot\";N;s:2:\"id\";i:0;s:4:\"name\";N;s:8:\"username\";N;s:5:\"email\";N;s:8:\"password\";N;s:14:\"password_clear\";s:0:\"\";s:8:\"usertype\";N;s:5:\"block\";N;s:9:\"sendEmail\";i:0;s:12:\"registerDate\";N;s:13:\"lastvisitDate\";N;s:10:\"activation\";N;s:6:\"params\";N;s:6:\"groups\";a:0:{}s:5:\"guest\";i:1;s:13:\"lastResetTime\";N;s:10:\"resetCount\";N;s:10:\"\0*\0_params\";O:9:\"JRegistry\":1:{s:7:\"\0*\0data\";O:8:\"stdClass\":0:{}}s:14:\"\0*\0_authGroups\";N;s:14:\"\0*\0_authLevels\";a:2:{i:0;i:1;i:1;i:1;}s:15:\"\0*\0_authActions\";N;s:12:\"\0*\0_errorMsg\";N;s:10:\"\0*\0_errors\";a:0:{}s:3:\"aid\";i:0;}}',0,'',''),('3410sdb8lo1hakamfcesqn0jd2',0,1,'1380955960','__default|a:7:{s:15:\"session.counter\";i:1;s:19:\"session.timer.start\";i:1380955960;s:18:\"session.timer.last\";i:1380955960;s:17:\"session.timer.now\";i:1380955960;s:22:\"session.client.browser\";s:71:\"Sogou web spider/4.0(+http://www.sogou.com/docs/help/webmasters.htm#07)\";s:8:\"registry\";O:9:\"JRegistry\":1:{s:7:\"\0*\0data\";O:8:\"stdClass\":0:{}}s:4:\"user\";O:5:\"JUser\":25:{s:9:\"\0*\0isRoot\";N;s:2:\"id\";i:0;s:4:\"name\";N;s:8:\"username\";N;s:5:\"email\";N;s:8:\"password\";N;s:14:\"password_clear\";s:0:\"\";s:8:\"usertype\";N;s:5:\"block\";N;s:9:\"sendEmail\";i:0;s:12:\"registerDate\";N;s:13:\"lastvisitDate\";N;s:10:\"activation\";N;s:6:\"params\";N;s:6:\"groups\";a:0:{}s:5:\"guest\";i:1;s:13:\"lastResetTime\";N;s:10:\"resetCount\";N;s:10:\"\0*\0_params\";O:9:\"JRegistry\":1:{s:7:\"\0*\0data\";O:8:\"stdClass\":0:{}}s:14:\"\0*\0_authGroups\";N;s:14:\"\0*\0_authLevels\";a:2:{i:0;i:1;i:1;i:1;}s:15:\"\0*\0_authActions\";N;s:12:\"\0*\0_errorMsg\";N;s:10:\"\0*\0_errors\";a:0:{}s:3:\"aid\";i:0;}}',0,'',''),('3ch9isp54i4enkodlbnusd7pf0',1,0,'1380956024','__default|a:8:{s:15:\"session.counter\";i:5;s:19:\"session.timer.start\";i:1380955967;s:18:\"session.timer.last\";i:1380956006;s:17:\"session.timer.now\";i:1380956023;s:22:\"session.client.browser\";s:72:\"Mozilla/5.0 (Windows NT 6.1; WOW64; rv:17.0) Gecko/20100101 Firefox/17.0\";s:8:\"registry\";O:9:\"JRegistry\":1:{s:7:\"\0*\0data\";O:8:\"stdClass\":2:{s:11:\"application\";O:8:\"stdClass\":1:{s:4:\"lang\";s:0:\"\";}s:13:\"com_installer\";O:8:\"stdClass\":2:{s:7:\"message\";s:0:\"\";s:17:\"extension_message\";s:0:\"\";}}}s:4:\"user\";O:5:\"JUser\":25:{s:9:\"\0*\0isRoot\";b:1;s:2:\"id\";s:3:\"605\";s:4:\"name\";s:4:\"jgau\";s:8:\"username\";s:4:\"jgau\";s:5:\"email\";s:20:\"johnny.gau@gmail.com\";s:8:\"password\";s:65:\"6bc61ad2ce534ee816bccffdacd75609:ttJCFnYgxYVNsHjUkmHZZzjNZdOsdJdK\";s:14:\"password_clear\";s:0:\"\";s:8:\"usertype\";s:10:\"deprecated\";s:5:\"block\";s:1:\"0\";s:9:\"sendEmail\";s:1:\"0\";s:12:\"registerDate\";s:19:\"2009-08-11 04:33:32\";s:13:\"lastvisitDate\";s:19:\"2013-08-14 16:34:29\";s:10:\"activation\";s:0:\"\";s:6:\"params\";s:15:\"{\"timezone\":\"\"}\";s:6:\"groups\";a:1:{i:8;s:1:\"8\";}s:5:\"guest\";i:0;s:13:\"lastResetTime\";s:19:\"0000-00-00 00:00:00\";s:10:\"resetCount\";s:1:\"0\";s:10:\"\0*\0_params\";O:9:\"JRegistry\":1:{s:7:\"\0*\0data\";O:8:\"stdClass\":1:{s:8:\"timezone\";s:0:\"\";}}s:14:\"\0*\0_authGroups\";a:2:{i:0;i:1;i:1;i:8;}s:14:\"\0*\0_authLevels\";a:4:{i:0;i:1;i:1;i:1;i:2;i:2;i:3;i:3;}s:15:\"\0*\0_authActions\";N;s:12:\"\0*\0_errorMsg\";N;s:10:\"\0*\0_errors\";a:0:{}s:3:\"aid\";i:0;}s:13:\"session.token\";s:32:\"913295fc530965e6ea834d062cde3304\";}',605,'jgau',''),('5im1uko33dhahlcjo02u9ha4s4',0,1,'1380956069','__default|a:7:{s:15:\"session.counter\";i:1;s:19:\"session.timer.start\";i:1380956069;s:18:\"session.timer.last\";i:1380956069;s:17:\"session.timer.now\";i:1380956069;s:22:\"session.client.browser\";s:71:\"Sogou web spider/4.0(+http://www.sogou.com/docs/help/webmasters.htm#07)\";s:8:\"registry\";O:9:\"JRegistry\":1:{s:7:\"\0*\0data\";O:8:\"stdClass\":0:{}}s:4:\"user\";O:5:\"JUser\":25:{s:9:\"\0*\0isRoot\";N;s:2:\"id\";i:0;s:4:\"name\";N;s:8:\"username\";N;s:5:\"email\";N;s:8:\"password\";N;s:14:\"password_clear\";s:0:\"\";s:8:\"usertype\";N;s:5:\"block\";N;s:9:\"sendEmail\";i:0;s:12:\"registerDate\";N;s:13:\"lastvisitDate\";N;s:10:\"activation\";N;s:6:\"params\";N;s:6:\"groups\";a:0:{}s:5:\"guest\";i:1;s:13:\"lastResetTime\";N;s:10:\"resetCount\";N;s:10:\"\0*\0_params\";O:9:\"JRegistry\":1:{s:7:\"\0*\0data\";O:8:\"stdClass\":0:{}}s:14:\"\0*\0_authGroups\";N;s:14:\"\0*\0_authLevels\";a:2:{i:0;i:1;i:1;i:1;}s:15:\"\0*\0_authActions\";N;s:12:\"\0*\0_errorMsg\";N;s:10:\"\0*\0_errors\";a:0:{}s:3:\"aid\";i:0;}}',0,'',''),('7j6um6pngknaf9avv9psasva41',0,1,'1380955984','__default|a:7:{s:15:\"session.counter\";i:1;s:19:\"session.timer.start\";i:1380955984;s:18:\"session.timer.last\";i:1380955984;s:17:\"session.timer.now\";i:1380955984;s:22:\"session.client.browser\";s:71:\"Sogou web spider/4.0(+http://www.sogou.com/docs/help/webmasters.htm#07)\";s:8:\"registry\";O:9:\"JRegistry\":1:{s:7:\"\0*\0data\";O:8:\"stdClass\":0:{}}s:4:\"user\";O:5:\"JUser\":25:{s:9:\"\0*\0isRoot\";N;s:2:\"id\";i:0;s:4:\"name\";N;s:8:\"username\";N;s:5:\"email\";N;s:8:\"password\";N;s:14:\"password_clear\";s:0:\"\";s:8:\"usertype\";N;s:5:\"block\";N;s:9:\"sendEmail\";i:0;s:12:\"registerDate\";N;s:13:\"lastvisitDate\";N;s:10:\"activation\";N;s:6:\"params\";N;s:6:\"groups\";a:0:{}s:5:\"guest\";i:1;s:13:\"lastResetTime\";N;s:10:\"resetCount\";N;s:10:\"\0*\0_params\";O:9:\"JRegistry\":1:{s:7:\"\0*\0data\";O:8:\"stdClass\":0:{}}s:14:\"\0*\0_authGroups\";N;s:14:\"\0*\0_authLevels\";a:2:{i:0;i:1;i:1;i:1;}s:15:\"\0*\0_authActions\";N;s:12:\"\0*\0_errorMsg\";N;s:10:\"\0*\0_errors\";a:0:{}s:3:\"aid\";i:0;}}',0,'',''),('8pvieuv0ccrh2tb42a1flomp33',0,1,'1380955949','__default|a:7:{s:15:\"session.counter\";i:1;s:19:\"session.timer.start\";i:1380955949;s:18:\"session.timer.last\";i:1380955949;s:17:\"session.timer.now\";i:1380955949;s:22:\"session.client.browser\";s:71:\"Sogou web spider/4.0(+http://www.sogou.com/docs/help/webmasters.htm#07)\";s:8:\"registry\";O:9:\"JRegistry\":1:{s:7:\"\0*\0data\";O:8:\"stdClass\":0:{}}s:4:\"user\";O:5:\"JUser\":25:{s:9:\"\0*\0isRoot\";N;s:2:\"id\";i:0;s:4:\"name\";N;s:8:\"username\";N;s:5:\"email\";N;s:8:\"password\";N;s:14:\"password_clear\";s:0:\"\";s:8:\"usertype\";N;s:5:\"block\";N;s:9:\"sendEmail\";i:0;s:12:\"registerDate\";N;s:13:\"lastvisitDate\";N;s:10:\"activation\";N;s:6:\"params\";N;s:6:\"groups\";a:0:{}s:5:\"guest\";i:1;s:13:\"lastResetTime\";N;s:10:\"resetCount\";N;s:10:\"\0*\0_params\";O:9:\"JRegistry\":1:{s:7:\"\0*\0data\";O:8:\"stdClass\":0:{}}s:14:\"\0*\0_authGroups\";N;s:14:\"\0*\0_authLevels\";a:2:{i:0;i:1;i:1;i:1;}s:15:\"\0*\0_authActions\";N;s:12:\"\0*\0_errorMsg\";N;s:10:\"\0*\0_errors\";a:0:{}s:3:\"aid\";i:0;}}',0,'',''),('9alh0aq379d565178nn7mn09c4',0,1,'1380955995','__default|a:7:{s:15:\"session.counter\";i:1;s:19:\"session.timer.start\";i:1380955995;s:18:\"session.timer.last\";i:1380955995;s:17:\"session.timer.now\";i:1380955995;s:22:\"session.client.browser\";s:71:\"Sogou web spider/4.0(+http://www.sogou.com/docs/help/webmasters.htm#07)\";s:8:\"registry\";O:9:\"JRegistry\":1:{s:7:\"\0*\0data\";O:8:\"stdClass\":0:{}}s:4:\"user\";O:5:\"JUser\":25:{s:9:\"\0*\0isRoot\";N;s:2:\"id\";i:0;s:4:\"name\";N;s:8:\"username\";N;s:5:\"email\";N;s:8:\"password\";N;s:14:\"password_clear\";s:0:\"\";s:8:\"usertype\";N;s:5:\"block\";N;s:9:\"sendEmail\";i:0;s:12:\"registerDate\";N;s:13:\"lastvisitDate\";N;s:10:\"activation\";N;s:6:\"params\";N;s:6:\"groups\";a:0:{}s:5:\"guest\";i:1;s:13:\"lastResetTime\";N;s:10:\"resetCount\";N;s:10:\"\0*\0_params\";O:9:\"JRegistry\":1:{s:7:\"\0*\0data\";O:8:\"stdClass\":0:{}}s:14:\"\0*\0_authGroups\";N;s:14:\"\0*\0_authLevels\";a:2:{i:0;i:1;i:1;i:1;}s:15:\"\0*\0_authActions\";N;s:12:\"\0*\0_errorMsg\";N;s:10:\"\0*\0_errors\";a:0:{}s:3:\"aid\";i:0;}}',0,'',''),('d1o7rmhgrmqnnp9e96g2dv5dr3',0,1,'1380956032','__default|a:7:{s:15:\"session.counter\";i:1;s:19:\"session.timer.start\";i:1380956032;s:18:\"session.timer.last\";i:1380956032;s:17:\"session.timer.now\";i:1380956032;s:22:\"session.client.browser\";s:71:\"Sogou web spider/4.0(+http://www.sogou.com/docs/help/webmasters.htm#07)\";s:8:\"registry\";O:9:\"JRegistry\":1:{s:7:\"\0*\0data\";O:8:\"stdClass\":0:{}}s:4:\"user\";O:5:\"JUser\":25:{s:9:\"\0*\0isRoot\";N;s:2:\"id\";i:0;s:4:\"name\";N;s:8:\"username\";N;s:5:\"email\";N;s:8:\"password\";N;s:14:\"password_clear\";s:0:\"\";s:8:\"usertype\";N;s:5:\"block\";N;s:9:\"sendEmail\";i:0;s:12:\"registerDate\";N;s:13:\"lastvisitDate\";N;s:10:\"activation\";N;s:6:\"params\";N;s:6:\"groups\";a:0:{}s:5:\"guest\";i:1;s:13:\"lastResetTime\";N;s:10:\"resetCount\";N;s:10:\"\0*\0_params\";O:9:\"JRegistry\":1:{s:7:\"\0*\0data\";O:8:\"stdClass\":0:{}}s:14:\"\0*\0_authGroups\";N;s:14:\"\0*\0_authLevels\";a:2:{i:0;i:1;i:1;i:1;}s:15:\"\0*\0_authActions\";N;s:12:\"\0*\0_errorMsg\";N;s:10:\"\0*\0_errors\";a:0:{}s:3:\"aid\";i:0;}}',0,'',''),('fbmin4i6652fc165gfdadipn10',0,1,'1380956081','__default|a:7:{s:15:\"session.counter\";i:1;s:19:\"session.timer.start\";i:1380956081;s:18:\"session.timer.last\";i:1380956081;s:17:\"session.timer.now\";i:1380956081;s:22:\"session.client.browser\";s:71:\"Sogou web spider/4.0(+http://www.sogou.com/docs/help/webmasters.htm#07)\";s:8:\"registry\";O:9:\"JRegistry\":1:{s:7:\"\0*\0data\";O:8:\"stdClass\":0:{}}s:4:\"user\";O:5:\"JUser\":25:{s:9:\"\0*\0isRoot\";N;s:2:\"id\";i:0;s:4:\"name\";N;s:8:\"username\";N;s:5:\"email\";N;s:8:\"password\";N;s:14:\"password_clear\";s:0:\"\";s:8:\"usertype\";N;s:5:\"block\";N;s:9:\"sendEmail\";i:0;s:12:\"registerDate\";N;s:13:\"lastvisitDate\";N;s:10:\"activation\";N;s:6:\"params\";N;s:6:\"groups\";a:0:{}s:5:\"guest\";i:1;s:13:\"lastResetTime\";N;s:10:\"resetCount\";N;s:10:\"\0*\0_params\";O:9:\"JRegistry\":1:{s:7:\"\0*\0data\";O:8:\"stdClass\":0:{}}s:14:\"\0*\0_authGroups\";N;s:14:\"\0*\0_authLevels\";a:2:{i:0;i:1;i:1;i:1;}s:15:\"\0*\0_authActions\";N;s:12:\"\0*\0_errorMsg\";N;s:10:\"\0*\0_errors\";a:0:{}s:3:\"aid\";i:0;}}',0,'',''),('fg9ta5h4rafb8tf6k6u7cf5281',0,1,'1380956010','__default|a:7:{s:15:\"session.counter\";i:1;s:19:\"session.timer.start\";i:1380956010;s:18:\"session.timer.last\";i:1380956010;s:17:\"session.timer.now\";i:1380956010;s:22:\"session.client.browser\";s:71:\"Sogou web spider/4.0(+http://www.sogou.com/docs/help/webmasters.htm#07)\";s:8:\"registry\";O:9:\"JRegistry\":1:{s:7:\"\0*\0data\";O:8:\"stdClass\":0:{}}s:4:\"user\";O:5:\"JUser\":25:{s:9:\"\0*\0isRoot\";N;s:2:\"id\";i:0;s:4:\"name\";N;s:8:\"username\";N;s:5:\"email\";N;s:8:\"password\";N;s:14:\"password_clear\";s:0:\"\";s:8:\"usertype\";N;s:5:\"block\";N;s:9:\"sendEmail\";i:0;s:12:\"registerDate\";N;s:13:\"lastvisitDate\";N;s:10:\"activation\";N;s:6:\"params\";N;s:6:\"groups\";a:0:{}s:5:\"guest\";i:1;s:13:\"lastResetTime\";N;s:10:\"resetCount\";N;s:10:\"\0*\0_params\";O:9:\"JRegistry\":1:{s:7:\"\0*\0data\";O:8:\"stdClass\":0:{}}s:14:\"\0*\0_authGroups\";N;s:14:\"\0*\0_authLevels\";a:2:{i:0;i:1;i:1;i:1;}s:15:\"\0*\0_authActions\";N;s:12:\"\0*\0_errorMsg\";N;s:10:\"\0*\0_errors\";a:0:{}s:3:\"aid\";i:0;}}',0,'',''),('hk2tknjne6fs4q63plbkhjm931',0,1,'1380956058','__default|a:7:{s:15:\"session.counter\";i:1;s:19:\"session.timer.start\";i:1380956058;s:18:\"session.timer.last\";i:1380956058;s:17:\"session.timer.now\";i:1380956058;s:22:\"session.client.browser\";s:71:\"Sogou web spider/4.0(+http://www.sogou.com/docs/help/webmasters.htm#07)\";s:8:\"registry\";O:9:\"JRegistry\":1:{s:7:\"\0*\0data\";O:8:\"stdClass\":0:{}}s:4:\"user\";O:5:\"JUser\":25:{s:9:\"\0*\0isRoot\";N;s:2:\"id\";i:0;s:4:\"name\";N;s:8:\"username\";N;s:5:\"email\";N;s:8:\"password\";N;s:14:\"password_clear\";s:0:\"\";s:8:\"usertype\";N;s:5:\"block\";N;s:9:\"sendEmail\";i:0;s:12:\"registerDate\";N;s:13:\"lastvisitDate\";N;s:10:\"activation\";N;s:6:\"params\";N;s:6:\"groups\";a:0:{}s:5:\"guest\";i:1;s:13:\"lastResetTime\";N;s:10:\"resetCount\";N;s:10:\"\0*\0_params\";O:9:\"JRegistry\":1:{s:7:\"\0*\0data\";O:8:\"stdClass\":0:{}}s:14:\"\0*\0_authGroups\";N;s:14:\"\0*\0_authLevels\";a:2:{i:0;i:1;i:1;i:1;}s:15:\"\0*\0_authActions\";N;s:12:\"\0*\0_errorMsg\";N;s:10:\"\0*\0_errors\";a:0:{}s:3:\"aid\";i:0;}}',0,'',''),('lfnuvftvln9svttm1pna5gqft6',0,1,'1380956046','__default|a:7:{s:15:\"session.counter\";i:1;s:19:\"session.timer.start\";i:1380956046;s:18:\"session.timer.last\";i:1380956046;s:17:\"session.timer.now\";i:1380956046;s:22:\"session.client.browser\";s:71:\"Sogou web spider/4.0(+http://www.sogou.com/docs/help/webmasters.htm#07)\";s:8:\"registry\";O:9:\"JRegistry\":1:{s:7:\"\0*\0data\";O:8:\"stdClass\":0:{}}s:4:\"user\";O:5:\"JUser\":25:{s:9:\"\0*\0isRoot\";N;s:2:\"id\";i:0;s:4:\"name\";N;s:8:\"username\";N;s:5:\"email\";N;s:8:\"password\";N;s:14:\"password_clear\";s:0:\"\";s:8:\"usertype\";N;s:5:\"block\";N;s:9:\"sendEmail\";i:0;s:12:\"registerDate\";N;s:13:\"lastvisitDate\";N;s:10:\"activation\";N;s:6:\"params\";N;s:6:\"groups\";a:0:{}s:5:\"guest\";i:1;s:13:\"lastResetTime\";N;s:10:\"resetCount\";N;s:10:\"\0*\0_params\";O:9:\"JRegistry\":1:{s:7:\"\0*\0data\";O:8:\"stdClass\":0:{}}s:14:\"\0*\0_authGroups\";N;s:14:\"\0*\0_authLevels\";a:2:{i:0;i:1;i:1;i:1;}s:15:\"\0*\0_authActions\";N;s:12:\"\0*\0_errorMsg\";N;s:10:\"\0*\0_errors\";a:0:{}s:3:\"aid\";i:0;}}',0,'',''),('o2umateqoi9aapee0tqakiu9s1',0,1,'1380956021','__default|a:7:{s:15:\"session.counter\";i:1;s:19:\"session.timer.start\";i:1380956021;s:18:\"session.timer.last\";i:1380956021;s:17:\"session.timer.now\";i:1380956021;s:22:\"session.client.browser\";s:71:\"Sogou web spider/4.0(+http://www.sogou.com/docs/help/webmasters.htm#07)\";s:8:\"registry\";O:9:\"JRegistry\":1:{s:7:\"\0*\0data\";O:8:\"stdClass\":0:{}}s:4:\"user\";O:5:\"JUser\":25:{s:9:\"\0*\0isRoot\";N;s:2:\"id\";i:0;s:4:\"name\";N;s:8:\"username\";N;s:5:\"email\";N;s:8:\"password\";N;s:14:\"password_clear\";s:0:\"\";s:8:\"usertype\";N;s:5:\"block\";N;s:9:\"sendEmail\";i:0;s:12:\"registerDate\";N;s:13:\"lastvisitDate\";N;s:10:\"activation\";N;s:6:\"params\";N;s:6:\"groups\";a:0:{}s:5:\"guest\";i:1;s:13:\"lastResetTime\";N;s:10:\"resetCount\";N;s:10:\"\0*\0_params\";O:9:\"JRegistry\":1:{s:7:\"\0*\0data\";O:8:\"stdClass\":0:{}}s:14:\"\0*\0_authGroups\";N;s:14:\"\0*\0_authLevels\";a:2:{i:0;i:1;i:1;i:1;}s:15:\"\0*\0_authActions\";N;s:12:\"\0*\0_errorMsg\";N;s:10:\"\0*\0_errors\";a:0:{}s:3:\"aid\";i:0;}}',0,'',''),('pm5ete4238fvmra33b5e3gsrq3',0,1,'1380956093','__default|a:7:{s:15:\"session.counter\";i:1;s:19:\"session.timer.start\";i:1380956093;s:18:\"session.timer.last\";i:1380956093;s:17:\"session.timer.now\";i:1380956093;s:22:\"session.client.browser\";s:71:\"Sogou web spider/4.0(+http://www.sogou.com/docs/help/webmasters.htm#07)\";s:8:\"registry\";O:9:\"JRegistry\":1:{s:7:\"\0*\0data\";O:8:\"stdClass\":0:{}}s:4:\"user\";O:5:\"JUser\":25:{s:9:\"\0*\0isRoot\";N;s:2:\"id\";i:0;s:4:\"name\";N;s:8:\"username\";N;s:5:\"email\";N;s:8:\"password\";N;s:14:\"password_clear\";s:0:\"\";s:8:\"usertype\";N;s:5:\"block\";N;s:9:\"sendEmail\";i:0;s:12:\"registerDate\";N;s:13:\"lastvisitDate\";N;s:10:\"activation\";N;s:6:\"params\";N;s:6:\"groups\";a:0:{}s:5:\"guest\";i:1;s:13:\"lastResetTime\";N;s:10:\"resetCount\";N;s:10:\"\0*\0_params\";O:9:\"JRegistry\":1:{s:7:\"\0*\0data\";O:8:\"stdClass\":0:{}}s:14:\"\0*\0_authGroups\";N;s:14:\"\0*\0_authLevels\";a:2:{i:0;i:1;i:1;i:1;}s:15:\"\0*\0_authActions\";N;s:12:\"\0*\0_errorMsg\";N;s:10:\"\0*\0_errors\";a:0:{}s:3:\"aid\";i:0;}}',0,'',''),('umnmlncj86epq6nndb1tvsqmr7',0,1,'1380955972','__default|a:7:{s:15:\"session.counter\";i:1;s:19:\"session.timer.start\";i:1380955972;s:18:\"session.timer.last\";i:1380955972;s:17:\"session.timer.now\";i:1380955972;s:22:\"session.client.browser\";s:71:\"Sogou web spider/4.0(+http://www.sogou.com/docs/help/webmasters.htm#07)\";s:8:\"registry\";O:9:\"JRegistry\":1:{s:7:\"\0*\0data\";O:8:\"stdClass\":0:{}}s:4:\"user\";O:5:\"JUser\":25:{s:9:\"\0*\0isRoot\";N;s:2:\"id\";i:0;s:4:\"name\";N;s:8:\"username\";N;s:5:\"email\";N;s:8:\"password\";N;s:14:\"password_clear\";s:0:\"\";s:8:\"usertype\";N;s:5:\"block\";N;s:9:\"sendEmail\";i:0;s:12:\"registerDate\";N;s:13:\"lastvisitDate\";N;s:10:\"activation\";N;s:6:\"params\";N;s:6:\"groups\";a:0:{}s:5:\"guest\";i:1;s:13:\"lastResetTime\";N;s:10:\"resetCount\";N;s:10:\"\0*\0_params\";O:9:\"JRegistry\":1:{s:7:\"\0*\0data\";O:8:\"stdClass\":0:{}}s:14:\"\0*\0_authGroups\";N;s:14:\"\0*\0_authLevels\";a:2:{i:0;i:1;i:1;i:1;}s:15:\"\0*\0_authActions\";N;s:12:\"\0*\0_errorMsg\";N;s:10:\"\0*\0_errors\";a:0:{}s:3:\"aid\";i:0;}}',0,'','');

--
-- Table structure for table `zhy_template_styles`
--

CREATE TABLE `zhy_template_styles` (
  `id` int(10) unsigned NOT NULL AUTO_INCREMENT,
  `template` varchar(50) NOT NULL DEFAULT '',
  `client_id` tinyint(1) unsigned NOT NULL DEFAULT 0,
  `home` char(7) NOT NULL DEFAULT '0',
  `title` varchar(255) NOT NULL DEFAULT '',
  `params` text NOT NULL,
  PRIMARY KEY (`id`),
  KEY `idx_template` (`template`),
  KEY `idx_home` (`home`)
) ENGINE=InnoDB AUTO_INCREMENT=7 DEFAULT CHARSET=utf8 COLLATE=utf8_general_ci;

--
-- Dumping data for table `zhy_template_styles`
--

INSERT INTO `zhy_template_styles` VALUES (2,'bluestork',1,'1','Bluestork - Default','{\"useRoundedCorners\":\"1\",\"showSiteName\":\"0\"}'),(3,'atomic',0,'0','Atomic - Default','{}'),(4,'beez_20',0,'1','Beez2 - Default','{\"wrapperSmall\":\"53\",\"wrapperLarge\":\"72\",\"logo\":\"images\\/joomla_black.gif\",\"sitetitle\":\"Joomla!\",\"sitedescription\":\"Open Source Content Management\",\"navposition\":\"left\",\"templatecolor\":\"personal\",\"html5\":\"0\"}'),(5,'hathor',1,'0','Hathor - Default','{\"showSiteName\":\"0\",\"colourChoice\":\"\",\"boldText\":\"0\"}'),(6,'beez5',0,'0','Beez5 - Default','{\"wrapperSmall\":\"53\",\"wrapperLarge\":\"72\",\"logo\":\"images\\/sampledata\\/fruitshop\\/fruits.gif\",\"sitetitle\":\"Joomla!\",\"sitedescription\":\"Open Source Content Management\",\"navposition\":\"left\",\"html5\":\"0\"}');

--
-- Table structure for table `zhy_update_categories`
--

CREATE TABLE `zhy_update_categories` (
  `categoryid` int(11) NOT NULL AUTO_INCREMENT,
  `name` varchar(20) DEFAULT '',
  `description` text NOT NULL,
  `parent` int(11) DEFAULT 0,
  `updatesite` int(11) DEFAULT 0,
  PRIMARY KEY (`categoryid`)
) ENGINE=InnoDB DEFAULT CHARSET=utf8 COLLATE=utf8_general_ci COMMENT='Update Categories';

--
-- Dumping data for table `zhy_update_categories`
--


--
-- Table structure for table `zhy_update_sites`
--

CREATE TABLE `zhy_update_sites` (
  `update_site_id` int(11) NOT NULL AUTO_INCREMENT,
  `name` varchar(100) DEFAULT '',
  `type` varchar(20) DEFAULT '',
  `location` text NOT NULL,
  `enabled` int(11) DEFAULT 0,
  `last_check_timestamp` bigint(20) DEFAULT 0,
  PRIMARY KEY (`update_site_id`)
) ENGINE=InnoDB AUTO_INCREMENT=7 DEFAULT CHARSET=utf8 COLLATE=utf8_general_ci COMMENT='Update Sites';

--
-- Dumping data for table `zhy_update_sites`
--

INSERT INTO `zhy_update_sites` VALUES (1,'Joomla Core','collection','http://update.joomla.org/core/list.xml',1,1380956008),(2,'Joomla Extension Directory','collection','http://update.joomla.org/jed/list.xml',1,1380956008),(3,'Accredited Joomla! Translations','collection','http://update.joomla.org/language/translationlist.xml',1,1380956008),(4,'FOF Updates (official releases)','extension','http://cdn.akeebabackup.com/updates/fof.xml',1,1380956008),(5,'Accredited Joomla! Translations','collection','http://update.joomla.org/language/translationlist_3.xml',1,1380956008),(6,'AllVideos','extension','http://www.joomlaworks.net/updates/jw_allvideos.xml',1,1380956006);

--
-- Table structure for table `zhy_update_sites_extensions`
--

CREATE TABLE `zhy_update_sites_extensions` (
  `update_site_id` int(11) NOT NULL DEFAULT 0,
  `extension_id` int(11) NOT NULL DEFAULT 0,
  PRIMARY KEY (`update_site_id`,`extension_id`)
) ENGINE=InnoDB DEFAULT CHARSET=utf8 COLLATE=utf8_general_ci COMMENT='Links extensions to update sites';

--
-- Dumping data for table `zhy_update_sites_extensions`
--

INSERT INTO `zhy_update_sites_extensions` VALUES (1,700),(2,700),(3,600),(3,10012),(3,10017),(4,10008),(5,10012),(6,10013);

--
-- Table structure for table `zhy_updates`
--

CREATE TABLE `zhy_updates` (
  `update_id` int(11) NOT NULL AUTO_INCREMENT,
  `update_site_id` int(11) DEFAULT 0,
  `extension_id` int(11) DEFAULT 0,
  `categoryid` int(11) DEFAULT 0,
  `name` varchar(100) DEFAULT '',
  `description` text NOT NULL,
  `element` varchar(100) DEFAULT '',
  `type` varchar(20) DEFAULT '',
  `folder` varchar(20) DEFAULT '',
  `client_id` tinyint(3) DEFAULT 0,
  `version` varchar(10) DEFAULT '',
  `data` text NOT NULL,
  `detailsurl` text NOT NULL,
  `infourl` text NOT NULL,
  PRIMARY KEY (`update_id`)
) ENGINE=InnoDB AUTO_INCREMENT=268 DEFAULT CHARSET=utf8 COLLATE=utf8_general_ci COMMENT='Available Updates';

--
-- Dumping data for table `zhy_updates`
--

INSERT INTO `zhy_updates` VALUES (1,3,0,0,'Armenian','','pkg_hy-AM','package','',0,'2.5.8.1','','http://update.joomla.org/language/details/hy-AM_details.xml',''),(2,3,0,0,'Bahasa Indonesia','','pkg_id-ID','package','',0,'2.5.13.1','','http://update.joomla.org/language/details/id-ID_details.xml',''),(3,3,0,0,'Danish','','pkg_da-DK','package','',0,'2.5.14.1','','http://update.joomla.org/language/details/da-DK_details.xml',''),(4,3,0,0,'Khmer','','pkg_km-KH','package','',0,'2.5.7.1','','http://update.joomla.org/language/details/km-KH_details.xml',''),(5,3,0,0,'Swedish','','pkg_sv-SE','package','',0,'2.5.10.1','','http://update.joomla.org/language/details/sv-SE_details.xml',''),(6,3,0,0,'Hungarian','','pkg_hu-HU','package','',0,'2.5.8.1','','http://update.joomla.org/language/details/hu-HU_details.xml',''),(7,3,0,0,'Bulgarian','','pkg_bg-BG','package','',0,'2.5.7.1','','http://update.joomla.org/language/details/bg-BG_details.xml',''),(8,3,0,0,'French','','pkg_fr-FR','package','',0,'2.5.13.1','','http://update.joomla.org/language/details/fr-FR_details.xml',''),(9,3,0,0,'Italian','','pkg_it-IT','package','',0,'2.5.14.1','','http://update.joomla.org/language/details/it-IT_details.xml',''),(10,3,0,0,'Spanish','','pkg_es-ES','package','',0,'2.5.14.1','','http://update.joomla.org/language/details/es-ES_details.xml',''),(11,3,0,0,'Dutch','','pkg_nl-NL','package','',0,'2.5.13.1','','http://update.joomla.org/language/details/nl-NL_details.xml',''),(12,3,0,0,'Turkish','','pkg_tr-TR','package','',0,'2.5.13.1','','http://update.joomla.org/language/details/tr-TR_details.xml',''),(13,3,0,0,'Ukrainian','','pkg_uk-UA','package','',0,'2.5.13.11','','http://update.joomla.org/language/details/uk-UA_details.xml',''),(14,3,0,0,'Slovak','','pkg_sk-SK','package','',0,'2.5.14.2','','http://update.joomla.org/language/details/sk-SK_details.xml',''),(15,3,0,0,'Belarusian','','pkg_be-BY','package','',0,'2.5.8.1','','http://update.joomla.org/language/details/be-BY_details.xml',''),(16,3,0,0,'Latvian','','pkg_lv-LV','package','',0,'2.5.13.1','','http://update.joomla.org/language/details/lv-LV_details.xml',''),(17,3,0,0,'Estonian','','pkg_et-EE','package','',0,'2.5.7.1','','http://update.joomla.org/language/details/et-EE_details.xml',''),(18,3,0,0,'Romanian','','pkg_ro-RO','package','',0,'2.5.11.1','','http://update.joomla.org/language/details/ro-RO_details.xml',''),(19,3,0,0,'Flemish','','pkg_nl-BE','package','',0,'2.5.14.1','','http://update.joomla.org/language/details/nl-BE_details.xml',''),(20,3,0,0,'Macedonian','','pkg_mk-MK','package','',0,'2.5.13.1','','http://update.joomla.org/language/details/mk-MK_details.xml',''),(21,3,0,0,'Japanese','','pkg_ja-JP','package','',0,'2.5.14.1','','http://update.joomla.org/language/details/ja-JP_details.xml',''),(22,3,0,0,'Serbian Latin','','pkg_sr-YU','package','',0,'2.5.13.1','','http://update.joomla.org/language/details/sr-YU_details.xml',''),(23,3,0,0,'Arabic Unitag','','pkg_ar-AA','package','',0,'2.5.13.1','','http://update.joomla.org/language/details/ar-AA_details.xml',''),(24,3,0,0,'German','','pkg_de-DE','package','',0,'2.5.14.1','','http://update.joomla.org/language/details/de-DE_details.xml',''),(25,3,0,0,'Norwegian Bokmal','','pkg_nb-NO','package','',0,'2.5.11.1','','http://update.joomla.org/language/details/nb-NO_details.xml',''),(26,3,0,0,'English AU','','pkg_en-AU','package','',0,'2.5.10.1','','http://update.joomla.org/language/details/en-AU_details.xml',''),(27,3,0,0,'English US','','pkg_en-US','package','',0,'2.5.10.1','','http://update.joomla.org/language/details/en-US_details.xml',''),(28,3,0,0,'Serbian Cyrillic','','pkg_sr-RS','package','',0,'2.5.13.1','','http://update.joomla.org/language/details/sr-RS_details.xml',''),(29,3,0,0,'Lithuanian','','pkg_lt-LT','package','',0,'2.5.7.1','','http://update.joomla.org/language/details/lt-LT_details.xml',''),(30,3,0,0,'Albanian','','pkg_sq-AL','package','',0,'2.5.1.5','','http://update.joomla.org/language/details/sq-AL_details.xml',''),(31,3,0,0,'Czech','','pkg_cs-CZ','package','',0,'2.5.13.1','','http://update.joomla.org/language/details/cs-CZ_details.xml',''),(32,3,0,0,'Persian','','pkg_fa-IR','package','',0,'2.5.13.1','','http://update.joomla.org/language/details/fa-IR_details.xml',''),(33,3,0,0,'Galician','','pkg_gl-ES','package','',0,'2.5.7.4','','http://update.joomla.org/language/details/gl-ES_details.xml',''),(34,3,0,0,'Polish','','pkg_pl-PL','package','',0,'2.5.14.1','','http://update.joomla.org/language/details/pl-PL_details.xml',''),(35,3,0,0,'Syriac','','pkg_sy-IQ','package','',0,'2.5.10.1','','http://update.joomla.org/language/details/sy-IQ_details.xml',''),(36,3,0,0,'Portuguese','','pkg_pt-PT','package','',0,'2.5.8.1','','http://update.joomla.org/language/details/pt-PT_details.xml',''),(37,3,0,0,'Russian','','pkg_ru-RU','package','',0,'2.5.13.1','','http://update.joomla.org/language/details/ru-RU_details.xml',''),(38,3,0,0,'Hebrew','','pkg_he-IL','package','',0,'2.5.7.1','','http://update.joomla.org/language/details/he-IL_details.xml',''),(39,3,0,0,'Catalan','','pkg_ca-ES','package','',0,'2.5.13.1','','http://update.joomla.org/language/details/ca-ES_details.xml',''),(40,3,0,0,'Laotian','','pkg_lo-LA','package','',0,'2.5.6.1','','http://update.joomla.org/language/details/lo-LA_details.xml',''),(41,3,0,0,'Afrikaans','','pkg_af-ZA','package','',0,'2.5.14.1','','http://update.joomla.org/language/details/af-ZA_details.xml',''),(42,3,0,0,'Greek','','pkg_el-GR','package','',0,'2.5.6.1','','http://update.joomla.org/language/details/el-GR_details.xml',''),(43,3,0,0,'Esperanto','','pkg_eo-XX','package','',0,'2.5.6.1','','http://update.joomla.org/language/details/eo-XX_details.xml',''),(44,3,0,0,'Finnish','','pkg_fi-FI','package','',0,'2.5.13.1','','http://update.joomla.org/language/details/fi-FI_details.xml',''),(45,3,0,0,'Portuguese Brazil','','pkg_pt-BR','package','',0,'2.5.9.1','','http://update.joomla.org/language/details/pt-BR_details.xml',''),(46,3,0,0,'Vietnamese','','pkg_vi-VN','package','',0,'2.5.8.1','','http://update.joomla.org/language/details/vi-VN_details.xml',''),(47,3,0,0,'Kurdish Sorani','','pkg_ckb-IQ','package','',0,'2.5.9.1','','http://update.joomla.org/language/details/ckb-IQ_details.xml',''),(48,3,0,0,'Bosnian','','pkg_bs-BA','package','',0,'2.5.11.1','','http://update.joomla.org/language/details/bs-BA_details.xml',''),(49,3,0,0,'Croatian','','pkg_hr-HR','package','',0,'2.5.13.1','','http://update.joomla.org/language/details/hr-HR_details.xml',''),(50,3,0,0,'Azeri','','pkg_az-AZ','package','',0,'2.5.7.1','','http://update.joomla.org/language/details/az-AZ_details.xml',''),(51,3,0,0,'Norwegian Nynorsk','','pkg_nn-NO','package','',0,'2.5.8.1','','http://update.joomla.org/language/details/nn-NO_details.xml',''),(52,3,0,0,'Tamil India','','pkg_ta-IN','package','',0,'2.5.14.1','','http://update.joomla.org/language/details/ta-IN_details.xml',''),(53,3,0,0,'Scottish Gaelic','','pkg_gd-GB','package','',0,'2.5.7.1','','http://update.joomla.org/language/details/gd-GB_details.xml',''),(54,3,0,0,'Thai','','pkg_th-TH','package','',0,'2.5.13.1','','http://update.joomla.org/language/details/th-TH_details.xml',''),(55,3,0,0,'Basque','','pkg_eu-ES','package','',0,'1.7.0.1','','http://update.joomla.org/language/details/eu-ES_details.xml',''),(56,3,0,0,'Uyghur','','pkg_ug-CN','package','',0,'2.5.7.2','','http://update.joomla.org/language/details/ug-CN_details.xml',''),(57,3,0,0,'Korean','','pkg_ko-KR','package','',0,'2.5.11.1','','http://update.joomla.org/language/details/ko-KR_details.xml',''),(58,3,0,0,'Hindi','','pkg_hi-IN','package','',0,'2.5.6.1','','http://update.joomla.org/language/details/hi-IN_details.xml',''),(59,3,0,0,'Welsh','','pkg_cy-GB','package','',0,'2.5.6.1','','http://update.joomla.org/language/details/cy-GB_details.xml',''),(60,3,0,0,'Swahili','','pkg_sw-KE','package','',0,'2.5.14.1','','http://update.joomla.org/language/details/sw-KE_details.xml',''),(61,1,700,0,'Joomla','','joomla','file','',0,'2.5.14','','http://update.joomla.org/core/extension.xml',''),(62,4,0,0,'fof','FOF Stable','lib_fof','library','',1,'2.1.rc1','','http://cdn.akeebabackup.com/updates/fof.xml','https://www.akeebabackup.com/download/fof/2-1-rc1.html'),(63,5,0,0,'Romanian','','pkg_ro-RO','package','',0,'3.1.1.2','','http://update.joomla.org/language/details3/ro-RO_details.xml',''),(64,5,0,0,'Flemish','','pkg_nl-BE','package','',0,'3.1.5.1','','http://update.joomla.org/language/details3/nl-BE_details.xml',''),(65,5,10017,0,'Chinese Traditional','','pkg_zh-TW','package','',0,'3.1.4.1','','http://update.joomla.org/language/details3/zh-TW_details.xml',''),(66,5,0,0,'French','','pkg_fr-FR','package','',0,'3.1.5.1','','http://update.joomla.org/language/details3/fr-FR_details.xml',''),(67,5,0,0,'Galician','','pkg_gl-ES','package','',0,'3.0.2.2','','http://update.joomla.org/language/details3/gl-ES_details.xml',''),(68,5,0,0,'German','','pkg_de-DE','package','',0,'3.1.5.1','','http://update.joomla.org/language/details3/de-DE_details.xml',''),(69,5,0,0,'Hebrew','','pkg_he-IL','package','',0,'3.1.1.1','','http://update.joomla.org/language/details3/he-IL_details.xml',''),(70,5,0,0,'Hungarian','','pkg_hu-HU','package','',0,'3.1.4.1','','http://update.joomla.org/language/details3/hu-HU_details.xml',''),(71,5,0,0,'Afrikaans','','pkg_af-ZA','package','',0,'3.1.5.1','','http://update.joomla.org/language/details3/af-ZA_details.xml',''),(72,5,0,0,'Arabic Unitag','','pkg_ar-AA','package','',0,'3.1.5.1','','http://update.joomla.org/language/details3/ar-AA_details.xml',''),(73,5,0,0,'Belarusian','','pkg_be-BY','package','',0,'3.0.2.1','','http://update.joomla.org/language/details3/be-BY_details.xml',''),(74,5,0,0,'Bulgarian','','pkg_bg-BG','package','',0,'3.0.3.1','','http://update.joomla.org/language/details3/bg-BG_details.xml',''),(75,5,0,0,'Catalan','','pkg_ca-ES','package','',0,'3.1.4.1','','http://update.joomla.org/language/details3/ca-ES_details.xml',''),(76,5,0,0,'Romanian','','pkg_ro-RO','package','',0,'3.1.1.2','','http://update.joomla.org/language/details3/ro-RO_details.xml',''),(77,5,10012,0,'Chinese Simplified','','pkg_zh-CN','package','',0,'3.1.5.1','','http://update.joomla.org/language/details3/zh-CN_details.xml',''),(78,5,0,0,'Flemish','','pkg_nl-BE','package','',0,'3.1.5.1','','http://update.joomla.org/language/details3/nl-BE_details.xml',''),(79,5,0,0,'Croatian','','pkg_hr-HR','package','',0,'3.1.5.1','','http://update.joomla.org/language/details3/hr-HR_details.xml',''),(80,5,0,0,'French','','pkg_fr-FR','package','',0,'3.1.5.1','','http://update.joomla.org/language/details3/fr-FR_details.xml',''),(81,5,0,0,'Czech','','pkg_cs-CZ','package','',0,'3.1.5.1','','http://update.joomla.org/language/details3/cs-CZ_details.xml',''),(82,5,0,0,'Galician','','pkg_gl-ES','package','',0,'3.0.2.2','','http://update.joomla.org/language/details3/gl-ES_details.xml',''),(83,5,0,0,'Danish','','pkg_da-DK','package','',0,'3.1.5.1','','http://update.joomla.org/language/details3/da-DK_details.xml',''),(84,5,0,0,'German','','pkg_de-DE','package','',0,'3.1.5.1','','http://update.joomla.org/language/details3/de-DE_details.xml',''),(85,5,0,0,'Dutch','','pkg_nl-NL','package','',0,'3.1.4.1','','http://update.joomla.org/language/details3/nl-NL_details.xml',''),(86,5,0,0,'Hebrew','','pkg_he-IL','package','',0,'3.1.1.1','','http://update.joomla.org/language/details3/he-IL_details.xml',''),(87,5,0,0,'English AU','','pkg_en-AU','package','',0,'3.1.0.1','','http://update.joomla.org/language/details3/en-AU_details.xml',''),(88,5,0,0,'Hungarian','','pkg_hu-HU','package','',0,'3.1.4.1','','http://update.joomla.org/language/details3/hu-HU_details.xml',''),(89,5,0,0,'English US','','pkg_en-US','package','',0,'3.1.0.1','','http://update.joomla.org/language/details3/en-US_details.xml',''),(90,5,0,0,'Afrikaans','','pkg_af-ZA','package','',0,'3.1.5.1','','http://update.joomla.org/language/details3/af-ZA_details.xml',''),(91,5,0,0,'Estonian','','pkg_et-EE','package','',0,'3.0.2.1','','http://update.joomla.org/language/details3/et-EE_details.xml',''),(92,5,0,0,'Arabic Unitag','','pkg_ar-AA','package','',0,'3.1.5.1','','http://update.joomla.org/language/details3/ar-AA_details.xml',''),(93,5,0,0,'Italian','','pkg_it-IT','package','',0,'3.1.5.1','','http://update.joomla.org/language/details3/it-IT_details.xml',''),(94,5,0,0,'Belarusian','','pkg_be-BY','package','',0,'3.0.2.1','','http://update.joomla.org/language/details3/be-BY_details.xml',''),(95,5,0,0,'Japanese','','pkg_ja-JP','package','',0,'3.1.5.1','','http://update.joomla.org/language/details3/ja-JP_details.xml',''),(96,5,0,0,'Bulgarian','','pkg_bg-BG','package','',0,'3.0.3.1','','http://update.joomla.org/language/details3/bg-BG_details.xml',''),(97,5,0,0,'Korean','','pkg_ko-KR','package','',0,'3.1.5.1','','http://update.joomla.org/language/details3/ko-KR_details.xml',''),(98,5,0,0,'Catalan','','pkg_ca-ES','package','',0,'3.1.4.1','','http://update.joomla.org/language/details3/ca-ES_details.xml',''),(99,5,0,0,'Kurdish Sorani','','pkg_ckb-IQ','package','',0,'3.0.2.1','','http://update.joomla.org/language/details3/ckb-IQ_details.xml',''),(100,5,0,0,'Croatian','','pkg_hr-HR','package','',0,'3.1.5.1','','http://update.joomla.org/language/details3/hr-HR_details.xml',''),(101,5,0,0,'Latvian','','pkg_lv-LV','package','',0,'3.1.4.1','','http://update.joomla.org/language/details3/lv-LV_details.xml',''),(102,5,0,0,'Czech','','pkg_cs-CZ','package','',0,'3.1.5.1','','http://update.joomla.org/language/details3/cs-CZ_details.xml',''),(103,5,0,0,'Macedonian','','pkg_mk-MK','package','',0,'3.1.4.1','','http://update.joomla.org/language/details3/mk-MK_details.xml',''),(104,5,0,0,'Danish','','pkg_da-DK','package','',0,'3.1.5.1','','http://update.joomla.org/language/details3/da-DK_details.xml',''),(105,5,0,0,'Norwegian Bokmal','','pkg_nb-NO','package','',0,'3.1.1.1','','http://update.joomla.org/language/details3/nb-NO_details.xml',''),(106,5,0,0,'Dutch','','pkg_nl-NL','package','',0,'3.1.4.1','','http://update.joomla.org/language/details3/nl-NL_details.xml',''),(107,5,0,0,'Persian','','pkg_fa-IR','package','',0,'3.1.4.1','','http://update.joomla.org/language/details3/fa-IR_details.xml',''),(108,5,0,0,'English AU','','pkg_en-AU','package','',0,'3.1.0.1','','http://update.joomla.org/language/details3/en-AU_details.xml',''),(109,5,0,0,'Polish','','pkg_pl-PL','package','',0,'3.1.4.2','','http://update.joomla.org/language/details3/pl-PL_details.xml',''),(110,5,0,0,'English US','','pkg_en-US','package','',0,'3.1.0.1','','http://update.joomla.org/language/details3/en-US_details.xml',''),(111,5,0,0,'Portuguese','','pkg_pt-PT','package','',0,'3.0.2.2','','http://update.joomla.org/language/details3/pt-PT_details.xml',''),(112,5,0,0,'Estonian','','pkg_et-EE','package','',0,'3.0.2.1','','http://update.joomla.org/language/details3/et-EE_details.xml',''),(113,5,0,0,'Russian','','pkg_ru-RU','package','',0,'3.1.4.1','','http://update.joomla.org/language/details3/ru-RU_details.xml',''),(114,5,0,0,'Italian','','pkg_it-IT','package','',0,'3.1.5.1','','http://update.joomla.org/language/details3/it-IT_details.xml',''),(115,5,0,0,'Scottish Gaelic','','pkg_gd-GB','package','',0,'3.1.0.1','','http://update.joomla.org/language/details3/gd-GB_details.xml',''),(116,5,0,0,'Japanese','','pkg_ja-JP','package','',0,'3.1.5.1','','http://update.joomla.org/language/details3/ja-JP_details.xml',''),(117,5,0,0,'Slovak','','pkg_sk-SK','package','',0,'3.1.5.2','','http://update.joomla.org/language/details3/sk-SK_details.xml',''),(118,5,0,0,'Korean','','pkg_ko-KR','package','',0,'3.1.5.1','','http://update.joomla.org/language/details3/ko-KR_details.xml',''),(119,5,0,0,'Swedish','','pkg_sv-SE','package','',0,'3.1.5.1','','http://update.joomla.org/language/details3/sv-SE_details.xml',''),(120,5,0,0,'Kurdish Sorani','','pkg_ckb-IQ','package','',0,'3.0.2.1','','http://update.joomla.org/language/details3/ckb-IQ_details.xml',''),(121,5,0,0,'Syriac','','pkg_sy-IQ','package','',0,'3.1.2.1','','http://update.joomla.org/language/details3/sy-IQ_details.xml',''),(122,5,0,0,'Latvian','','pkg_lv-LV','package','',0,'3.1.4.1','','http://update.joomla.org/language/details3/lv-LV_details.xml',''),(123,5,0,0,'Tamil','','pkg_ta-IN','package','',0,'3.1.5.1','','http://update.joomla.org/language/details3/ta-IN_details.xml',''),(124,5,0,0,'Macedonian','','pkg_mk-MK','package','',0,'3.1.4.1','','http://update.joomla.org/language/details3/mk-MK_details.xml',''),(125,5,0,0,'Thai','','pkg_th-TH','package','',0,'3.1.4.2','','http://update.joomla.org/language/details3/th-TH_details.xml',''),(126,5,0,0,'Norwegian Bokmal','','pkg_nb-NO','package','',0,'3.1.1.1','','http://update.joomla.org/language/details3/nb-NO_details.xml',''),(127,5,0,0,'Turkish','','pkg_tr-TR','package','',0,'3.1.4.1','','http://update.joomla.org/language/details3/tr-TR_details.xml',''),(128,5,0,0,'Persian','','pkg_fa-IR','package','',0,'3.1.4.1','','http://update.joomla.org/language/details3/fa-IR_details.xml',''),(129,5,0,0,'Ukrainian','','pkg_uk-UA','package','',0,'3.1.4.4','','http://update.joomla.org/language/details3/uk-UA_details.xml',''),(130,5,0,0,'Polish','','pkg_pl-PL','package','',0,'3.1.4.2','','http://update.joomla.org/language/details3/pl-PL_details.xml',''),(131,5,0,0,'Uyghur','','pkg_ug-CN','package','',0,'3.1.1.1','','http://update.joomla.org/language/details3/ug-CN_details.xml',''),(132,5,0,0,'Portuguese','','pkg_pt-PT','package','',0,'3.0.2.2','','http://update.joomla.org/language/details3/pt-PT_details.xml',''),(133,5,0,0,'Albanian','','pkg_sq-AL','package','',0,'3.1.1.1','','http://update.joomla.org/language/details3/sq-AL_details.xml',''),(134,5,0,0,'Russian','','pkg_ru-RU','package','',0,'3.1.4.1','','http://update.joomla.org/language/details3/ru-RU_details.xml',''),(135,5,0,0,'Portuguese Brazil','','pkg_pt-BR','package','',0,'3.0.3.1','','http://update.joomla.org/language/details3/pt-BR_details.xml',''),(136,5,0,0,'Scottish Gaelic','','pkg_gd-GB','package','',0,'3.1.0.1','','http://update.joomla.org/language/details3/gd-GB_details.xml',''),(137,5,0,0,'Serbian Latin','','pkg_sr-YU','package','',0,'3.1.5.1','','http://update.joomla.org/language/details3/sr-YU_details.xml',''),(138,5,0,0,'Slovak','','pkg_sk-SK','package','',0,'3.1.5.2','','http://update.joomla.org/language/details3/sk-SK_details.xml',''),(139,5,0,0,'Spanish','','pkg_es-ES','package','',0,'3.1.5.1','','http://update.joomla.org/language/details3/es-ES_details.xml',''),(140,5,0,0,'Swedish','','pkg_sv-SE','package','',0,'3.1.5.1','','http://update.joomla.org/language/details3/sv-SE_details.xml',''),(141,5,0,0,'Bosnian','','pkg_bs-BA','package','',0,'3.1.1.1','','http://update.joomla.org/language/details3/bs-BA_details.xml',''),(142,5,0,0,'Syriac','','pkg_sy-IQ','package','',0,'3.1.2.1','','http://update.joomla.org/language/details3/sy-IQ_details.xml',''),(143,5,0,0,'Serbian Cyrillic','','pkg_sr-RS','package','',0,'3.1.5.1','','http://update.joomla.org/language/details3/sr-RS_details.xml',''),(144,5,0,0,'Tamil','','pkg_ta-IN','package','',0,'3.1.5.1','','http://update.joomla.org/language/details3/ta-IN_details.xml',''),(145,5,0,0,'Vietnamese','','pkg_vi-VN','package','',0,'3.0.3.1','','http://update.joomla.org/language/details3/vi-VN_details.xml',''),(146,5,0,0,'Thai','','pkg_th-TH','package','',0,'3.1.4.2','','http://update.joomla.org/language/details3/th-TH_details.xml',''),(147,5,0,0,'Bahasa Indonesia','','pkg_id-ID','package','',0,'3.1.4.1','','http://update.joomla.org/language/details3/id-ID_details.xml',''),(148,5,0,0,'Turkish','','pkg_tr-TR','package','',0,'3.1.4.1','','http://update.joomla.org/language/details3/tr-TR_details.xml',''),(149,5,0,0,'Finnish','','pkg_fi-FI','package','',0,'3.1.4.1','','http://update.joomla.org/language/details3/fi-FI_details.xml',''),(150,5,0,0,'Ukrainian','','pkg_uk-UA','package','',0,'3.1.4.4','','http://update.joomla.org/language/details3/uk-UA_details.xml',''),(151,5,0,0,'Swahili','','pkg_sw-KE','package','',0,'3.1.5.1','','http://update.joomla.org/language/details3/sw-KE_details.xml',''),(152,5,0,0,'Uyghur','','pkg_ug-CN','package','',0,'3.1.1.1','','http://update.joomla.org/language/details3/ug-CN_details.xml',''),(153,5,0,0,'Albanian','','pkg_sq-AL','package','',0,'3.1.1.1','','http://update.joomla.org/language/details3/sq-AL_details.xml',''),(154,5,0,0,'Portuguese Brazil','','pkg_pt-BR','package','',0,'3.0.3.1','','http://update.joomla.org/language/details3/pt-BR_details.xml',''),(155,5,0,0,'Serbian Latin','','pkg_sr-YU','package','',0,'3.1.5.1','','http://update.joomla.org/language/details3/sr-YU_details.xml',''),(156,5,0,0,'Spanish','','pkg_es-ES','package','',0,'3.1.5.1','','http://update.joomla.org/language/details3/es-ES_details.xml',''),(157,5,0,0,'Bosnian','','pkg_bs-BA','package','',0,'3.1.1.1','','http://update.joomla.org/language/details3/bs-BA_details.xml',''),(158,5,0,0,'Serbian Cyrillic','','pkg_sr-RS','package','',0,'3.1.5.1','','http://update.joomla.org/language/details3/sr-RS_details.xml',''),(159,5,0,0,'Vietnamese','','pkg_vi-VN','package','',0,'3.0.3.1','','http://update.joomla.org/language/details3/vi-VN_details.xml',''),(160,5,0,0,'Bahasa Indonesia','','pkg_id-ID','package','',0,'3.1.4.1','','http://update.joomla.org/language/details3/id-ID_details.xml',''),(161,5,0,0,'Finnish','','pkg_fi-FI','package','',0,'3.1.4.1','','http://update.joomla.org/language/details3/fi-FI_details.xml',''),(162,5,0,0,'Swahili','','pkg_sw-KE','package','',0,'3.1.5.1','','http://update.joomla.org/language/details3/sw-KE_details.xml',''),(163,3,0,0,'Dutch','','pkg_nl-NL','package','',0,'2.5.14.1','','http://update.joomla.org/language/details/nl-NL_details.xml',''),(164,3,0,0,'Tamil India','','pkg_ta-IN','package','',0,'2.5.14.2','','http://update.joomla.org/language/details/ta-IN_details.xml',''),(165,3,0,0,'Dutch','','pkg_nl-NL','package','',0,'2.5.14.1','','http://update.joomla.org/language/details/nl-NL_details.xml',''),(166,3,0,0,'Tamil India','','pkg_ta-IN','package','',0,'2.5.14.2','','http://update.joomla.org/language/details/ta-IN_details.xml',''),(167,5,0,0,'Malay','','pkg_ms-MY','package','',0,'3.1.5.2','','http://update.joomla.org/language/details3/ms-MY_details.xml',''),(168,5,0,0,'Romanian','','pkg_ro-RO','package','',0,'3.1.1.2','','http://update.joomla.org/language/details3/ro-RO_details.xml',''),(169,5,0,0,'Flemish','','pkg_nl-BE','package','',0,'3.1.5.1','','http://update.joomla.org/language/details3/nl-BE_details.xml',''),(170,5,0,0,'French','','pkg_fr-FR','package','',0,'3.1.5.1','','http://update.joomla.org/language/details3/fr-FR_details.xml',''),(171,5,0,0,'Galician','','pkg_gl-ES','package','',0,'3.0.2.2','','http://update.joomla.org/language/details3/gl-ES_details.xml',''),(172,5,0,0,'German','','pkg_de-DE','package','',0,'3.1.5.1','','http://update.joomla.org/language/details3/de-DE_details.xml',''),(173,5,0,0,'Greek','','pkg_el-GR','package','',0,'3.1.5.1','','http://update.joomla.org/language/details3/el-GR_details.xml',''),(174,5,0,0,'Hebrew','','pkg_he-IL','package','',0,'3.1.1.1','','http://update.joomla.org/language/details3/he-IL_details.xml',''),(175,5,0,0,'Hungarian','','pkg_hu-HU','package','',0,'3.1.4.1','','http://update.joomla.org/language/details3/hu-HU_details.xml',''),(176,5,0,0,'Afrikaans','','pkg_af-ZA','package','',0,'3.1.5.1','','http://update.joomla.org/language/details3/af-ZA_details.xml',''),(177,5,0,0,'Arabic Unitag','','pkg_ar-AA','package','',0,'3.1.5.1','','http://update.joomla.org/language/details3/ar-AA_details.xml',''),(178,5,0,0,'Belarusian','','pkg_be-BY','package','',0,'3.0.2.1','','http://update.joomla.org/language/details3/be-BY_details.xml',''),(179,5,0,0,'Bulgarian','','pkg_bg-BG','package','',0,'3.0.3.1','','http://update.joomla.org/language/details3/bg-BG_details.xml',''),(180,5,0,0,'Catalan','','pkg_ca-ES','package','',0,'3.1.4.1','','http://update.joomla.org/language/details3/ca-ES_details.xml',''),(181,5,0,0,'Croatian','','pkg_hr-HR','package','',0,'3.1.5.1','','http://update.joomla.org/language/details3/hr-HR_details.xml',''),(182,5,0,0,'Czech','','pkg_cs-CZ','package','',0,'3.1.5.1','','http://update.joomla.org/language/details3/cs-CZ_details.xml',''),(183,5,0,0,'Danish','','pkg_da-DK','package','',0,'3.1.5.1','','http://update.joomla.org/language/details3/da-DK_details.xml',''),(184,5,0,0,'Dutch','','pkg_nl-NL','package','',0,'3.1.5.1','','http://update.joomla.org/language/details3/nl-NL_details.xml',''),(185,5,0,0,'English AU','','pkg_en-AU','package','',0,'3.1.0.1','','http://update.joomla.org/language/details3/en-AU_details.xml',''),(186,5,0,0,'Romanian','','pkg_ro-RO','package','',0,'3.1.1.2','','http://update.joomla.org/language/details3/ro-RO_details.xml',''),(187,5,0,0,'English US','','pkg_en-US','package','',0,'3.1.0.1','','http://update.joomla.org/language/details3/en-US_details.xml',''),(188,5,0,0,'Flemish','','pkg_nl-BE','package','',0,'3.1.5.1','','http://update.joomla.org/language/details3/nl-BE_details.xml',''),(189,5,0,0,'Estonian','','pkg_et-EE','package','',0,'3.1.2.1','','http://update.joomla.org/language/details3/et-EE_details.xml',''),(190,5,0,0,'French','','pkg_fr-FR','package','',0,'3.1.5.1','','http://update.joomla.org/language/details3/fr-FR_details.xml',''),(191,5,0,0,'Italian','','pkg_it-IT','package','',0,'3.1.5.1','','http://update.joomla.org/language/details3/it-IT_details.xml',''),(192,5,0,0,'Galician','','pkg_gl-ES','package','',0,'3.0.2.2','','http://update.joomla.org/language/details3/gl-ES_details.xml',''),(193,5,0,0,'Japanese','','pkg_ja-JP','package','',0,'3.1.5.1','','http://update.joomla.org/language/details3/ja-JP_details.xml',''),(194,5,0,0,'German','','pkg_de-DE','package','',0,'3.1.5.1','','http://update.joomla.org/language/details3/de-DE_details.xml',''),(195,5,0,0,'Korean','','pkg_ko-KR','package','',0,'3.1.5.1','','http://update.joomla.org/language/details3/ko-KR_details.xml',''),(196,5,0,0,'Greek','','pkg_el-GR','package','',0,'3.1.5.1','','http://update.joomla.org/language/details3/el-GR_details.xml',''),(197,5,0,0,'Kurdish Sorani','','pkg_ckb-IQ','package','',0,'3.0.2.1','','http://update.joomla.org/language/details3/ckb-IQ_details.xml',''),(198,5,0,0,'Hebrew','','pkg_he-IL','package','',0,'3.1.1.1','','http://update.joomla.org/language/details3/he-IL_details.xml',''),(199,5,0,0,'Latvian','','pkg_lv-LV','package','',0,'3.1.5.1','','http://update.joomla.org/language/details3/lv-LV_details.xml',''),(200,5,0,0,'Hungarian','','pkg_hu-HU','package','',0,'3.1.4.1','','http://update.joomla.org/language/details3/hu-HU_details.xml',''),(201,5,0,0,'Macedonian','','pkg_mk-MK','package','',0,'3.1.4.1','','http://update.joomla.org/language/details3/mk-MK_details.xml',''),(202,5,0,0,'Afrikaans','','pkg_af-ZA','package','',0,'3.1.5.1','','http://update.joomla.org/language/details3/af-ZA_details.xml',''),(203,5,0,0,'Norwegian Bokmal','','pkg_nb-NO','package','',0,'3.1.1.1','','http://update.joomla.org/language/details3/nb-NO_details.xml',''),(204,5,0,0,'Arabic Unitag','','pkg_ar-AA','package','',0,'3.1.5.1','','http://update.joomla.org/language/details3/ar-AA_details.xml',''),(205,5,0,0,'Persian','','pkg_fa-IR','package','',0,'3.1.4.1','','http://update.joomla.org/language/details3/fa-IR_details.xml',''),(206,5,0,0,'Belarusian','','pkg_be-BY','package','',0,'3.0.2.1','','http://update.joomla.org/language/details3/be-BY_details.xml',''),(207,5,0,0,'Polish','','pkg_pl-PL','package','',0,'3.1.4.2','','http://update.joomla.org/language/details3/pl-PL_details.xml',''),(208,5,0,0,'Bulgarian','','pkg_bg-BG','package','',0,'3.0.3.1','','http://update.joomla.org/language/details3/bg-BG_details.xml',''),(209,5,0,0,'Portuguese','','pkg_pt-PT','package','',0,'3.0.2.2','','http://update.joomla.org/language/details3/pt-PT_details.xml',''),(210,5,0,0,'Catalan','','pkg_ca-ES','package','',0,'3.1.4.1','','http://update.joomla.org/language/details3/ca-ES_details.xml',''),(211,5,0,0,'Russian','','pkg_ru-RU','package','',0,'3.1.5.1','','http://update.joomla.org/language/details3/ru-RU_details.xml',''),(212,5,0,0,'Croatian','','pkg_hr-HR','package','',0,'3.1.5.1','','http://update.joomla.org/language/details3/hr-HR_details.xml',''),(213,5,0,0,'Scottish Gaelic','','pkg_gd-GB','package','',0,'3.1.0.1','','http://update.joomla.org/language/details3/gd-GB_details.xml',''),(214,5,0,0,'Czech','','pkg_cs-CZ','package','',0,'3.1.5.1','','http://update.joomla.org/language/details3/cs-CZ_details.xml',''),(215,5,0,0,'Slovak','','pkg_sk-SK','package','',0,'3.1.5.2','','http://update.joomla.org/language/details3/sk-SK_details.xml',''),(216,5,0,0,'Danish','','pkg_da-DK','package','',0,'3.1.5.1','','http://update.joomla.org/language/details3/da-DK_details.xml',''),(217,5,0,0,'Swedish','','pkg_sv-SE','package','',0,'3.1.5.1','','http://update.joomla.org/language/details3/sv-SE_details.xml',''),(218,5,0,0,'Dutch','','pkg_nl-NL','package','',0,'3.1.5.1','','http://update.joomla.org/language/details3/nl-NL_details.xml',''),(219,5,0,0,'Syriac','','pkg_sy-IQ','package','',0,'3.1.2.1','','http://update.joomla.org/language/details3/sy-IQ_details.xml',''),(220,5,0,0,'English AU','','pkg_en-AU','package','',0,'3.1.0.1','','http://update.joomla.org/language/details3/en-AU_details.xml',''),(221,5,0,0,'Tamil','','pkg_ta-IN','package','',0,'3.1.5.2','','http://update.joomla.org/language/details3/ta-IN_details.xml',''),(222,5,0,0,'English US','','pkg_en-US','package','',0,'3.1.0.1','','http://update.joomla.org/language/details3/en-US_details.xml',''),(223,5,0,0,'Thai','','pkg_th-TH','package','',0,'3.1.4.2','','http://update.joomla.org/language/details3/th-TH_details.xml',''),(224,5,0,0,'Estonian','','pkg_et-EE','package','',0,'3.1.2.1','','http://update.joomla.org/language/details3/et-EE_details.xml',''),(225,5,0,0,'Turkish','','pkg_tr-TR','package','',0,'3.1.4.1','','http://update.joomla.org/language/details3/tr-TR_details.xml',''),(226,5,0,0,'Italian','','pkg_it-IT','package','',0,'3.1.5.1','','http://update.joomla.org/language/details3/it-IT_details.xml',''),(227,5,0,0,'Ukrainian','','pkg_uk-UA','package','',0,'3.1.4.4','','http://update.joomla.org/language/details3/uk-UA_details.xml',''),(228,5,0,0,'Japanese','','pkg_ja-JP','package','',0,'3.1.5.1','','http://update.joomla.org/language/details3/ja-JP_details.xml',''),(229,5,0,0,'Uyghur','','pkg_ug-CN','package','',0,'3.1.1.1','','http://update.joomla.org/language/details3/ug-CN_details.xml',''),(230,5,0,0,'Korean','','pkg_ko-KR','package','',0,'3.1.5.1','','http://update.joomla.org/language/details3/ko-KR_details.xml',''),(231,5,0,0,'Albanian','','pkg_sq-AL','package','',0,'3.1.1.1','','http://update.joomla.org/language/details3/sq-AL_details.xml',''),(232,5,0,0,'Kurdish Sorani','','pkg_ckb-IQ','package','',0,'3.0.2.1','','http://update.joomla.org/language/details3/ckb-IQ_details.xml',''),(233,5,0,0,'Portuguese Brazil','','pkg_pt-BR','package','',0,'3.0.3.1','','http://update.joomla.org/language/details3/pt-BR_details.xml',''),(234,5,0,0,'Latvian','','pkg_lv-LV','package','',0,'3.1.5.1','','http://update.joomla.org/language/details3/lv-LV_details.xml',''),(235,5,0,0,'Serbian Latin','','pkg_sr-YU','package','',0,'3.1.5.1','','http://update.joomla.org/language/details3/sr-YU_details.xml',''),(236,5,0,0,'Macedonian','','pkg_mk-MK','package','',0,'3.1.4.1','','http://update.joomla.org/language/details3/mk-MK_details.xml',''),(237,5,0,0,'Spanish','','pkg_es-ES','package','',0,'3.1.5.1','','http://update.joomla.org/language/details3/es-ES_details.xml',''),(238,5,0,0,'Norwegian Bokmal','','pkg_nb-NO','package','',0,'3.1.1.1','','http://update.joomla.org/language/details3/nb-NO_details.xml',''),(239,5,0,0,'Bosnian','','pkg_bs-BA','package','',0,'3.1.1.1','','http://update.joomla.org/language/details3/bs-BA_details.xml',''),(240,5,0,0,'Persian','','pkg_fa-IR','package','',0,'3.1.4.1','','http://update.joomla.org/language/details3/fa-IR_details.xml',''),(241,5,0,0,'Serbian Cyrillic','','pkg_sr-RS','package','',0,'3.1.5.1','','http://update.joomla.org/language/details3/sr-RS_details.xml',''),(242,5,0,0,'Polish','','pkg_pl-PL','package','',0,'3.1.4.2','','http://update.joomla.org/language/details3/pl-PL_details.xml',''),(243,5,0,0,'Vietnamese','','pkg_vi-VN','package','',0,'3.0.3.1','','http://update.joomla.org/language/details3/vi-VN_details.xml',''),(244,5,0,0,'Portuguese','','pkg_pt-PT','package','',0,'3.0.2.2','','http://update.joomla.org/language/details3/pt-PT_details.xml',''),(245,5,0,0,'Bahasa Indonesia','','pkg_id-ID','package','',0,'3.1.4.1','','http://update.joomla.org/language/details3/id-ID_details.xml',''),(246,5,0,0,'Russian','','pkg_ru-RU','package','',0,'3.1.5.1','','http://update.joomla.org/language/details3/ru-RU_details.xml',''),(247,5,0,0,'Finnish','','pkg_fi-FI','package','',0,'3.1.4.1','','http://update.joomla.org/language/details3/fi-FI_details.xml',''),(248,5,0,0,'Scottish Gaelic','','pkg_gd-GB','package','',0,'3.1.0.1','','http://update.joomla.org/language/details3/gd-GB_details.xml',''),(249,5,0,0,'Swahili','','pkg_sw-KE','package','',0,'3.1.5.1','','http://update.joomla.org/language/details3/sw-KE_details.xml',''),(250,5,0,0,'Slovak','','pkg_sk-SK','package','',0,'3.1.5.2','','http://update.joomla.org/language/details3/sk-SK_details.xml',''),(251,5,0,0,'Swedish','','pkg_sv-SE','package','',0,'3.1.5.1','','http://update.joomla.org/language/details3/sv-SE_details.xml',''),(252,5,0,0,'Syriac','','pkg_sy-IQ','package','',0,'3.1.2.1','','http://update.joomla.org/language/details3/sy-IQ_details.xml',''),(253,5,0,0,'Tamil','','pkg_ta-IN','package','',0,'3.1.5.2','','http://update.joomla.org/language/details3/ta-IN_details.xml',''),(254,5,0,0,'Thai','','pkg_th-TH','package','',0,'3.1.4.2','','http://update.joomla.org/language/details3/th-TH_details.xml',''),(255,5,0,0,'Turkish','','pkg_tr-TR','package','',0,'3.1.4.1','','http://update.joomla.org/language/details3/tr-TR_details.xml',''),(256,5,0,0,'Ukrainian','','pkg_uk-UA','package','',0,'3.1.4.4','','http://update.joomla.org/language/details3/uk-UA_details.xml',''),(257,5,0,0,'Uyghur','','pkg_ug-CN','package','',0,'3.1.1.1','','http://update.joomla.org/language/details3/ug-CN_details.xml',''),(258,5,0,0,'Albanian','','pkg_sq-AL','package','',0,'3.1.1.1','','http://update.joomla.org/language/details3/sq-AL_details.xml',''),(259,5,0,0,'Portuguese Brazil','','pkg_pt-BR','package','',0,'3.0.3.1','','http://update.joomla.org/language/details3/pt-BR_details.xml',''),(260,5,0,0,'Serbian Latin','','pkg_sr-YU','package','',0,'3.1.5.1','','http://update.joomla.org/language/details3/sr-YU_details.xml',''),(261,5,0,0,'Spanish','','pkg_es-ES','package','',0,'3.1.5.1','','http://update.joomla.org/language/details3/es-ES_details.xml',''),(262,5,0,0,'Bosnian','','pkg_bs-BA','package','',0,'3.1.1.1','','http://update.joomla.org/language/details3/bs-BA_details.xml',''),(263,5,0,0,'Serbian Cyrillic','','pkg_sr-RS','package','',0,'3.1.5.1','','http://update.joomla.org/language/details3/sr-RS_details.xml',''),(264,5,0,0,'Vietnamese','','pkg_vi-VN','package','',0,'3.0.3.1','','http://update.joomla.org/language/details3/vi-VN_details.xml',''),(265,5,0,0,'Bahasa Indonesia','','pkg_id-ID','package','',0,'3.1.4.1','','http://update.joomla.org/language/details3/id-ID_details.xml',''),(266,5,0,0,'Finnish','','pkg_fi-FI','package','',0,'3.1.4.1','','http://update.joomla.org/language/details3/fi-FI_details.xml',''),(267,5,0,0,'Swahili','','pkg_sw-KE','package','',0,'3.1.5.1','','http://update.joomla.org/language/details3/sw-KE_details.xml','');

--
-- Table structure for table `zhy_user_notes`
--

CREATE TABLE `zhy_user_notes` (
  `id` int(10) unsigned NOT NULL AUTO_INCREMENT,
  `user_id` int(10) unsigned NOT NULL DEFAULT 0,
  `catid` int(10) unsigned NOT NULL DEFAULT 0,
  `subject` varchar(100) NOT NULL DEFAULT '',
  `body` text NOT NULL,
  `state` tinyint(3) NOT NULL DEFAULT 0,
  `checked_out` int(10) unsigned NOT NULL DEFAULT 0,
  `checked_out_time` datetime NOT NULL DEFAULT '0000-00-00 00:00:00',
  `created_user_id` int(10) unsigned NOT NULL DEFAULT 0,
  `created_time` datetime NOT NULL DEFAULT '0000-00-00 00:00:00',
  `modified_user_id` int(10) unsigned NOT NULL,
  `modified_time` datetime NOT NULL DEFAULT '0000-00-00 00:00:00',
  `review_time` datetime NOT NULL DEFAULT '0000-00-00 00:00:00',
  `publish_up` datetime NOT NULL DEFAULT '0000-00-00 00:00:00',
  `publish_down` datetime NOT NULL DEFAULT '0000-00-00 00:00:00',
  PRIMARY KEY (`id`),
  KEY `idx_user_id` (`user_id`),
  KEY `idx_category_id` (`catid`)
) ENGINE=InnoDB DEFAULT CHARSET=utf8 COLLATE=utf8_general_ci;

--
-- Dumping data for table `zhy_user_notes`
--


--
-- Table structure for table `zhy_user_profiles`
--

CREATE TABLE `zhy_user_profiles` (
  `user_id` int(11) NOT NULL,
  `profile_key` varchar(100) NOT NULL,
  `profile_value` varchar(255) NOT NULL,
  `ordering` int(11) NOT NULL DEFAULT 0,
  UNIQUE KEY `idx_user_id_profile_key` (`user_id`,`profile_key`)
) ENGINE=InnoDB DEFAULT CHARSET=utf8 COLLATE=utf8_general_ci COMMENT='Simple user profile storage table';

--
-- Dumping data for table `zhy_user_profiles`
--


--
-- Table structure for table `zhy_user_usergroup_map`
--

CREATE TABLE `zhy_user_usergroup_map` (
  `user_id` int(10) unsigned NOT NULL DEFAULT 0 COMMENT 'Foreign Key to #__users.id',
  `group_id` int(10) unsigned NOT NULL DEFAULT 0 COMMENT 'Foreign Key to #__usergroups.id',
  PRIMARY KEY (`user_id`,`group_id`)
) ENGINE=InnoDB DEFAULT CHARSET=utf8 COLLATE=utf8_general_ci;

--
-- Dumping data for table `zhy_user_usergroup_map`
--

INSERT INTO `zhy_user_usergroup_map` VALUES (603,8),(604,8),(605,8),(606,7),(607,7),(608,8),(609,8),(610,7);

--
-- Table structure for table `zhy_usergroups`
--

CREATE TABLE `zhy_usergroups` (
  `id` int(10) unsigned NOT NULL AUTO_INCREMENT COMMENT 'Primary Key',
  `parent_id` int(10) unsigned NOT NULL DEFAULT 0 COMMENT 'Adjacency List Reference Id',
  `lft` int(11) NOT NULL DEFAULT 0 COMMENT 'Nested set lft.',
  `rgt` int(11) NOT NULL DEFAULT 0 COMMENT 'Nested set rgt.',
  `title` varchar(100) NOT NULL DEFAULT '',
  PRIMARY KEY (`id`),
  UNIQUE KEY `idx_usergroup_parent_title_lookup` (`parent_id`,`title`),
  KEY `idx_usergroup_title_lookup` (`title`),
  KEY `idx_usergroup_adjacency_lookup` (`parent_id`),
  KEY `idx_usergroup_nested_set_lookup` (`lft`,`rgt`)
) ENGINE=InnoDB AUTO_INCREMENT=9 DEFAULT CHARSET=utf8 COLLATE=utf8_general_ci;

--
-- Dumping data for table `zhy_usergroups`
--

INSERT INTO `zhy_usergroups` VALUES (1,0,1,20,'Public'),(2,1,6,17,'Registered'),(3,2,7,14,'Author'),(4,3,8,11,'Editor'),(5,4,9,10,'Publisher'),(6,1,2,5,'Manager'),(7,6,3,4,'Administrator'),(8,1,18,19,'Super Users');

--
-- Table structure for table `zhy_users`
--

CREATE TABLE `zhy_users` (
  `id` int(11) NOT NULL AUTO_INCREMENT,
  `name` varchar(255) NOT NULL DEFAULT '',
  `username` varchar(150) NOT NULL DEFAULT '',
  `email` varchar(100) NOT NULL DEFAULT '',
  `password` varchar(100) NOT NULL DEFAULT '',
  `usertype` varchar(25) NOT NULL DEFAULT '',
  `block` tinyint(4) NOT NULL DEFAULT 0,
  `sendEmail` tinyint(4) DEFAULT 0,
  `registerDate` datetime NOT NULL DEFAULT '0000-00-00 00:00:00',
  `lastvisitDate` datetime NOT NULL DEFAULT '0000-00-00 00:00:00',
  `activation` varchar(100) NOT NULL DEFAULT '',
  `params` text NOT NULL,
  `lastResetTime` datetime NOT NULL DEFAULT '0000-00-00 00:00:00' COMMENT 'Date of last password reset',
  `resetCount` int(11) NOT NULL DEFAULT 0 COMMENT 'Count of password resets since lastResetTime',
  PRIMARY KEY (`id`),
  KEY `usertype` (`usertype`),
  KEY `idx_name` (`name`),
  KEY `idx_block` (`block`),
  KEY `username` (`username`),
  KEY `email` (`email`)
) ENGINE=InnoDB AUTO_INCREMENT=611 DEFAULT CHARSET=utf8 COLLATE=utf8_general_ci;

--
-- Dumping data for table `zhy_users`
--

INSERT INTO `zhy_users` VALUES (603,'Super User','johnny','info@biblevision.org','c15f1982646e183cb6fab2bc5218125b:NGUsrrIg65XeNrWO4XDdCHFWbnRKwgfD','deprecated',0,1,'2013-07-28 02:48:11','2013-07-28 08:05:09','0','','0000-00-00 00:00:00',0),(604,'Administrator','admin','jgau@yahoo.com','664396f53656abf4e1d8d098339d9d23:RzmhVEtYPy0bYy0YRGPTjpXjdqInA38N','deprecated',0,1,'2009-08-06 23:06:41','2009-08-16 06:42:06','','{\"timezone\":\"\"}','0000-00-00 00:00:00',0),(605,'jgau','jgau','johnny.gau@gmail.com','6bc61ad2ce534ee816bccffdacd75609:ttJCFnYgxYVNsHjUkmHZZzjNZdOsdJdK','deprecated',0,0,'2009-08-11 04:33:32','2013-10-05 06:53:11','','{\"timezone\":\"\"}','0000-00-00 00:00:00',0),(606,'Irene','Irene','i.chou@comcast.net','7d31d5f624c2365b8b97c57953b6bb91:G01Kci70wrC7C8Lqg141I8BTEZ9Y88Jc','deprecated',0,0,'2009-08-12 06:27:24','0000-00-00 00:00:00','','{\"timezone\":\"\"}','0000-00-00 00:00:00',0),(607,'jane','jane','janeshu3@yahoo.com','985333295e3741b9301346ef1b5e7a8f:7fDOMRqRM8EyTsqwyviqi9CzWd1oseND','deprecated',0,0,'2009-08-12 06:28:36','2009-09-16 02:11:03','','{\"timezone\":\"\"}','0000-00-00 00:00:00',0),(608,'Amy','Amy','achangdesign@yahoo.com','c7515f7625fb4e2b1c63681043bd3ad1:g0R2kXyPt33d6Jv9TQc4Q8q0HzKaMlpC','deprecated',0,0,'2009-12-21 17:52:24','2009-12-21 23:56:38','','{\"timezone\":\"\"}','0000-00-00 00:00:00',0),(609,'Tzyh-Chyang Cherng','tccherng','tccherng@rubyarc.com','2d0034599f31c560689d79ad83fd1d16:nuyHFOaFCfXJ71ZCoh00MZTSZnVDn2SM','deprecated',0,1,'2010-01-11 14:05:04','2013-08-01 02:31:03','','{\"timezone\":\"\"}','0000-00-00 00:00:00',0),(610,'ChuanDao Mao','johnfrank','maik4314@hotmail.com','c4af72e9779a58daa8532cde0418f2c3:apXFWlXnwfNyh9paKYXosjmCWlrrOaT1','deprecated',0,0,'2012-05-29 01:25:01','2013-07-25 01:24:36','','{\"timezone\":\"\"}','0000-00-00 00:00:00',0);

--
-- Table structure for table `zhy_viewlevels`
--

CREATE TABLE `zhy_viewlevels` (
  `id` int(10) unsigned NOT NULL AUTO_INCREMENT COMMENT 'Primary Key',
  `title` varchar(100) NOT NULL DEFAULT '',
  `ordering` int(11) NOT NULL DEFAULT 0,
  `rules` varchar(5120) NOT NULL COMMENT 'JSON encoded access control.',
  PRIMARY KEY (`id`),
  UNIQUE KEY `idx_assetgroup_title_lookup` (`title`)
) ENGINE=InnoDB AUTO_INCREMENT=4 DEFAULT CHARSET=utf8 COLLATE=utf8_general_ci;

--
-- Dumping data for table `zhy_viewlevels`
--

INSERT INTO `zhy_viewlevels` VALUES (1,'Public',0,'[1]'),(2,'Registered',1,'[6,2,8]'),(3,'Special',2,'[6,3,8]');

--
-- Table structure for table `zhy_weblinks`
--

CREATE TABLE `zhy_weblinks` (
  `id` int(10) unsigned NOT NULL AUTO_INCREMENT,
  `catid` int(11) NOT NULL DEFAULT 0,
  `sid` int(11) NOT NULL DEFAULT 0,
  `title` varchar(250) NOT NULL DEFAULT '',
  `alias` varchar(255) CHARACTER SET utf8 COLLATE utf8_bin NOT NULL DEFAULT '',
  `url` varchar(250) NOT NULL DEFAULT '',
  `description` text NOT NULL,
  `date` datetime NOT NULL DEFAULT '0000-00-00 00:00:00',
  `hits` int(11) NOT NULL DEFAULT 0,
  `state` tinyint(1) NOT NULL DEFAULT 0,
  `checked_out` int(11) NOT NULL DEFAULT 0,
  `checked_out_time` datetime NOT NULL DEFAULT '0000-00-00 00:00:00',
  `ordering` int(11) NOT NULL DEFAULT 0,
  `archived` tinyint(1) NOT NULL DEFAULT 0,
  `approved` tinyint(1) NOT NULL DEFAULT 1,
  `access` int(11) NOT NULL DEFAULT 1,
  `params` text NOT NULL,
  `language` char(7) NOT NULL DEFAULT '',
  `created` datetime NOT NULL DEFAULT '0000-00-00 00:00:00',
  `created_by` int(10) unsigned NOT NULL DEFAULT 0,
  `created_by_alias` varchar(255) NOT NULL DEFAULT '',
  `modified` datetime NOT NULL DEFAULT '0000-00-00 00:00:00',
  `modified_by` int(10) unsigned NOT NULL DEFAULT 0,
  `metakey` text NOT NULL,
  `metadesc` text NOT NULL,
  `metadata` text NOT NULL,
  `featured` tinyint(3) unsigned NOT NULL DEFAULT 0 COMMENT 'Set if link is featured.',
  `xreference` varchar(50) NOT NULL COMMENT 'A reference to enable linkages to external data sets.',
  `publish_up` datetime NOT NULL DEFAULT '0000-00-00 00:00:00',
  `publish_down` datetime NOT NULL DEFAULT '0000-00-00 00:00:00',
  PRIMARY KEY (`id`),
  KEY `idx_access` (`access`),
  KEY `idx_checkout` (`checked_out`),
  KEY `idx_state` (`state`),
  KEY `idx_catid` (`catid`),
  KEY `idx_createdby` (`created_by`),
  KEY `idx_featured_catid` (`featured`,`catid`),
  KEY `idx_language` (`language`),
  KEY `idx_xreference` (`xreference`)
) ENGINE=InnoDB DEFAULT CHARSET=utf8 COLLATE=utf8_general_ci;

--
-- Dumping data for table `zhy_weblinks`
--



